{"id":259,"date":"2015-12-17T08:45:30","date_gmt":"2015-12-17T11:45:30","guid":{"rendered":"https:\/\/www.facet.unt.edu.ar\/eiti\/?page_id=259"},"modified":"2023-02-06T11:12:42","modified_gmt":"2023-02-06T14:12:42","slug":"docentes","status":"publish","type":"page","link":"https:\/\/www.facet.unt.edu.ar\/eiti\/docentes\/","title":{"rendered":"Docentes"},"content":{"rendered":"<p>M.Sc. Ing. <a href=\"https:\/\/www.facet.unt.edu.ar\/eiti\/sergio-daniel-saade\/\" target=\"_blank\" rel=\"noopener noreferrer\">Sergio D. Saade<\/a> (UNT)<br \/>\nEmail: <a href=\"mailto:ssaade@herrera.unt.edu.ar\" target=\"_blank\" rel=\"noopener noreferrer\">ssaade@herrera.unt.edu.ar<\/a><\/p>\n<p>M.Sc. Ing. <a href=\"https:\/\/www.facet.unt.edu.ar\/eiti\/eduardo-daniel-cohen\/\" target=\"_blank\" rel=\"noopener noreferrer\">Eduardo D. Cohen<\/a>\u00a0(UNT)<br \/>\nEmail: <a href=\"mailto:dcohen@herrera.unt.edu.ar\" target=\"_blank\" rel=\"noopener noreferrer\">dcohen@herrera.unt.edu.ar<\/a><\/p>\n<p>Mag. Lic. <a href=\"https:\/\/www.facet.unt.edu.ar\/eiti\/pablo-javier-thomas\/\" target=\"_blank\" rel=\"noopener noreferrer\">Pablo J. Thomas<\/a>\u00a0(UNLP)<br \/>\nEmail: <a href=\"mailto:pthomas@lidi.info.unlp.edu.ar\">pthomas@lidi.info.unlp.edu.ar<\/a><\/p>\n<p>Mag. Ing. <a href=\"https:\/\/www.facet.unt.edu.ar\/eiti\/luis-eduardo-nieto-penalver\/\" target=\"_blank\" rel=\"noopener noreferrer\">Luis E. Nieto Pe\u00f1alver<\/a> (UNT)<br \/>\nEmail: <a href=\"mailto:lnieto@herrera.unt.edu.ar\" target=\"_blank\" rel=\"noopener noreferrer\">lnieto@herrera.unt.edu.ar<\/a><\/p>\n<p>Mag. Ing. <a href=\"https:\/\/www.facet.unt.edu.ar\/eiti\/raul-osvaldo-saade\/\" target=\"_blank\" rel=\"noopener noreferrer\">Ra\u00fal O. Saade<\/a> (UNT)<br \/>\nEmail: <a href=\"mailto:rosaade@gmail.com\" target=\"_blank\" rel=\"noopener noreferrer\">rosaade@gmail.com<\/a><\/p>\n<p>Mag. Ing. <a href=\"https:\/\/www.facet.unt.edu.ar\/eiti\/carlos-albaca-paravan\/\" target=\"_blank\" rel=\"noopener noreferrer\">Carlos Albaca Parav\u00e1n<\/a> (UNT)<br \/>\nEmail: <a href=\"mailto:calbaca@herrera.unt.edu.ar\" target=\"_blank\" rel=\"noopener noreferrer\">calbaca@herrera.unt.edu.ar<\/a><\/p>\n<p>Mag. Ing. <a href=\"https:\/\/www.facet.unt.edu.ar\/eiti\/alberto-nunez\/\">Alberto Emilio N\u00fa\u00f1ez<\/a> (UNT)<br \/>\nEmail: <a href=\"mailto:nunezalb@gmail.com\" target=\"_blank\" rel=\"noopener noreferrer\">nunezalb@gmail.com<\/a><\/p>\n<p>Esp. Ing. <a href=\"https:\/\/www.facet.unt.edu.ar\/eiti\/esteban-daniel-volentini\/\">Esteban D. Volentini <\/a>(UNT)<br \/>\nEmail: <a href=\"mailto:evolentini@gmail.com\" target=\"_blank\" rel=\"noopener noreferrer\">evolentini@gmail.com<\/a><\/p>\n","protected":false},"excerpt":{"rendered":"<p>M.Sc. Ing. Sergio D. Saade (UNT) Email: ssaade@herrera.unt.edu.ar M.Sc. Ing. Eduardo D. Cohen\u00a0(UNT) Email: dcohen@herrera.unt.edu.ar Mag. Lic. Pablo J. Thomas\u00a0(UNLP) Email: pthomas@lidi.info.unlp.edu.ar Mag. Ing. Luis E. Nieto Pe\u00f1alver (UNT) Email: lnieto@herrera.unt.edu.ar Mag. Ing. Ra\u00fal O. Saade (UNT) Email: rosaade@gmail.com Mag. Ing. Carlos Albaca Parav\u00e1n (UNT) Email: calbaca@herrera.unt.edu.ar Mag. Ing. Alberto Emilio N\u00fa\u00f1ez (UNT) Email: nunezalb@gmail.com [&hellip;]<\/p>\n","protected":false},"author":101015,"featured_media":0,"parent":0,"menu_order":0,"comment_status":"closed","ping_status":"closed","template":"templates\/template-full.php","meta":[],"_links":{"self":[{"href":"https:\/\/www.facet.unt.edu.ar\/eiti\/wp-json\/wp\/v2\/pages\/259"}],"collection":[{"href":"https:\/\/www.facet.unt.edu.ar\/eiti\/wp-json\/wp\/v2\/pages"}],"about":[{"href":"https:\/\/www.facet.unt.edu.ar\/eiti\/wp-json\/wp\/v2\/types\/page"}],"author":[{"embeddable":true,"href":"https:\/\/www.facet.unt.edu.ar\/eiti\/wp-json\/wp\/v2\/users\/101015"}],"replies":[{"embeddable":true,"href":"https:\/\/www.facet.unt.edu.ar\/eiti\/wp-json\/wp\/v2\/comments?post=259"}],"version-history":[{"count":13,"href":"https:\/\/www.facet.unt.edu.ar\/eiti\/wp-json\/wp\/v2\/pages\/259\/revisions"}],"predecessor-version":[{"id":1786,"href":"https:\/\/www.facet.unt.edu.ar\/eiti\/wp-json\/wp\/v2\/pages\/259\/revisions\/1786"}],"wp:attachment":[{"href":"https:\/\/www.facet.unt.edu.ar\/eiti\/wp-json\/wp\/v2\/media?parent=259"}],"curies":[{"name":"wp","href":"https:\/\/api.w.org\/{rel}","templated":true}]}}