{"id":65,"date":"2014-08-04T09:14:33","date_gmt":"2014-08-04T12:14:33","guid":{"rendered":"https:\/\/www.facet.unt.edu.ar\/eiti\/home\/"},"modified":"2021-02-11T11:52:04","modified_gmt":"2021-02-11T14:52:04","slug":"home","status":"publish","type":"page","link":"https:\/\/www.facet.unt.edu.ar\/eiti\/","title":{"rendered":"Home"},"content":{"rendered":"<div id=\"pl-65\"  class=\"panel-layout\" ><div id=\"pg-65-0\"  class=\"panel-grid panel-no-style\" ><div id=\"pgc-65-0-0\"  class=\"panel-grid-cell\" ><div id=\"panel-65-0-0-0\" class=\"so-panel widget widget_black-studio-tinymce widget_black_studio_tinymce panel-first-child panel-last-child\" data-index=\"0\" ><h3 class=\"widget-title\">Presentaci\u00f3n<\/h3><div class=\"textwidget\"><p>En el contexto de un mundo que se define como VICA (Vol\u00e1til, Incierto, Complejo y Ambiguo) atravesado fuertemente por cambios tecnol\u00f3gicos exponenciales, surge como una oportunidad y un desaf\u00edo para los profesionales en Ingenier\u00eda de Computaci\u00f3n y Sistemas, formarse para poder generar valor mediante el uso integrado de las tecnolog\u00edas inform\u00e1ticas: <strong>Hardware<\/strong>, <strong>Software<\/strong> y <strong>Comunicaciones<\/strong>.<\/p>\n<p>Las posibilidades para los graduados son m\u00faltiples, tanto en empresas existentes como en la creaci\u00f3n de nuevos emprendimientos, ya que con dicha integraci\u00f3n se genera gran cantidad de nuevos productos y servicios.<\/p>\n<h2>Objetivo<\/h2>\n<p>El Objetivo principal del Posgrado es desarrollar en los participantes la capacidad de dise\u00f1o, desarrollo y puesta en funcionamiento de sistemas que integren t\u00e9cnicas de Software, Hardware y Redes de Comunicaciones pero tambi\u00e9n darles la base para poder generar y gestionar una empresa convirtiendo en negocio la producci\u00f3n y comercializaci\u00f3n de dichos sistemas.<\/p>\n<p><img class=\"size-full wp-image-1576 aligncenter\" src=\"https:\/\/www.facet.unt.edu.ar\/eiti\/wp-content\/uploads\/sites\/34\/2021\/02\/Imagen-Web-Integracion.png\" alt=\"\" width=\"773\" height=\"314\" \/><\/p>\n<p>&nbsp;<\/p>\n<p style=\"text-align: center;\"><a href=\"https:\/\/www.facet.unt.edu.ar\/eiti\/admision\/\"><img class=\"alignnone size-full wp-image-1594\" src=\"https:\/\/www.facet.unt.edu.ar\/eiti\/wp-content\/uploads\/sites\/34\/2021\/02\/Requisitos.png\" alt=\"\" width=\"233\" height=\"110\" \/><\/a>   <a href=\"https:\/\/www.facet.unt.edu.ar\/eiti\/plandeestudios\/\"><img class=\"alignnone size-full wp-image-1593\" src=\"https:\/\/www.facet.unt.edu.ar\/eiti\/wp-content\/uploads\/sites\/34\/2021\/02\/Plan-de-estudios.png\" alt=\"\" width=\"233\" height=\"110\" \/><\/a>   <a href=\"https:\/\/www.facet.unt.edu.ar\/eiti\/docentes\/\"><img class=\"alignnone size-full wp-image-1611\" src=\"https:\/\/www.facet.unt.edu.ar\/eiti\/wp-content\/uploads\/sites\/34\/2021\/02\/Docentes.png\" alt=\"\" width=\"233\" height=\"110\" \/><\/a><br \/>\n<a href=\"https:\/\/www.facet.unt.edu.ar\/eiti\/opiniones-de-egresados\/\"><img class=\"alignnone size-full wp-image-1592\" src=\"https:\/\/www.facet.unt.edu.ar\/eiti\/wp-content\/uploads\/sites\/34\/2021\/02\/Opiniones-de-egresados.png\" alt=\"\" width=\"233\" height=\"110\" \/><\/a>   <a href=\" https:\/\/www.facet.unt.edu.ar\/eiti\/costos\/\"><img class=\"alignnone size-full wp-image-1591\" src=\"https:\/\/www.facet.unt.edu.ar\/eiti\/wp-content\/uploads\/sites\/34\/2021\/02\/Costos.png\" alt=\"\" width=\"233\" height=\"110\" \/><\/a><\/p>\n<p><!-- Se ofrece un programa de Formaci\u00f3n de Especialistas en Integraci\u00f3n de Tecnolog\u00edas Inform\u00e1ticas que permite profundizar la formaci\u00f3n de los profesionales para capacitarlos a integrar tecnolog\u00edas en respuesta a los r\u00e1pidos cambios que se producen en la especialidad en la actualidad.\n\nDentro de la gran cantidad de cambios tecnol\u00f3gicos que caracterizan a la era de la informaci\u00f3n, es posible distinguir una clara direcci\u00f3n: la mayor\u00eda de los nuevos productos y servicios se basan en la <strong>convergencia mediante la integraci\u00f3n<\/strong> de distintas tecnolog\u00edas de la informaci\u00f3n. La especializaci\u00f3n capacitar\u00e1 a sus alumnos para contribuir a generar valor mediante el uso integrado de las tecnolog\u00edas inform\u00e1ticas.\n\nLa carrera es la primera especializaci\u00f3n de posgrado de Ingenier\u00eda en Computaci\u00f3n en todo el pa\u00eds, y la \u00fanica que tiene por objeto la integraci\u00f3n de tecnolog\u00edas inform\u00e1ticas \u2013 con lo cual representa una oportunidad muy importante para que sus graduados puedan beneficiarse por las diferencias competitivas que esta formaci\u00f3n les brindar\u00e1.\n\n<a href=\"https:\/\/www.facet.unt.edu.ar\/eiti\/wp-content\/uploads\/sites\/34\/2017\/06\/Acreditaci\u00f3n.pdf\" target=\"_blank\" rel=\"noopener\"><strong>Resoluci\u00f3n CONEAU<\/strong><\/a>\n\n<a href=\"https:\/\/www.facet.unt.edu.ar\/eiti\/wp-content\/uploads\/sites\/34\/2018\/08\/RES-2159-18-ESP.-EN-INTEGRACI\u00d3N-DE-TECNOLOG\u00cdAS-INFORM\u00c1TICAS.pdf\" target=\"_blank\" rel=\"noopener\"><strong>Reconocimiento oficial (Res. 2159\/2018)<\/strong><\/a> --><\/p>\n<\/div><\/div><\/div><\/div><\/div>","protected":false},"excerpt":{"rendered":"<p>En el contexto de un mundo que se define como VICA (Vol\u00e1til, Incierto, Complejo y Ambiguo) atravesado fuertemente por cambios tecnol\u00f3gicos exponenciales, surge como una oportunidad y un desaf\u00edo para los profesionales en Ingenier\u00eda de Computaci\u00f3n y Sistemas, formarse para poder generar valor mediante el uso integrado de las tecnolog\u00edas inform\u00e1ticas: Hardware, Software y Comunicaciones. [&hellip;]<\/p>\n","protected":false},"author":1,"featured_media":0,"parent":0,"menu_order":0,"comment_status":"closed","ping_status":"closed","template":"home-panels.php","meta":[],"_links":{"self":[{"href":"https:\/\/www.facet.unt.edu.ar\/eiti\/wp-json\/wp\/v2\/pages\/65"}],"collection":[{"href":"https:\/\/www.facet.unt.edu.ar\/eiti\/wp-json\/wp\/v2\/pages"}],"about":[{"href":"https:\/\/www.facet.unt.edu.ar\/eiti\/wp-json\/wp\/v2\/types\/page"}],"author":[{"embeddable":true,"href":"https:\/\/www.facet.unt.edu.ar\/eiti\/wp-json\/wp\/v2\/users\/1"}],"replies":[{"embeddable":true,"href":"https:\/\/www.facet.unt.edu.ar\/eiti\/wp-json\/wp\/v2\/comments?post=65"}],"version-history":[{"count":33,"href":"https:\/\/www.facet.unt.edu.ar\/eiti\/wp-json\/wp\/v2\/pages\/65\/revisions"}],"predecessor-version":[{"id":1615,"href":"https:\/\/www.facet.unt.edu.ar\/eiti\/wp-json\/wp\/v2\/pages\/65\/revisions\/1615"}],"wp:attachment":[{"href":"https:\/\/www.facet.unt.edu.ar\/eiti\/wp-json\/wp\/v2\/media?parent=65"}],"curies":[{"name":"wp","href":"https:\/\/api.w.org\/{rel}","templated":true}]}}