{"id":26050,"date":"2023-10-31T17:35:10","date_gmt":"2023-10-31T20:35:10","guid":{"rendered":"https:\/\/www.facet.unt.edu.ar\/facetinforma\/?post_type=tribe_events&#038;p=26050"},"modified":"2023-11-09T18:25:15","modified_gmt":"2023-11-09T21:25:15","slug":"primeras-jornadas-azucareras-2023","status":"publish","type":"tribe_events","link":"https:\/\/www.facet.unt.edu.ar\/facetinforma\/event\/primeras-jornadas-azucareras-2023\/","title":{"rendered":"Primeras Jornadas Azucareras 2023"},"content":{"rendered":"<p style=\"text-align: justify;\">El objetivo general de las jornadas es generar competitividad de los participantes; y de sus roles desempe\u00f1ados dentro y fuera de la industria azucarera, mediante estas capacitaciones espec\u00edficas, fundamentadas en la creaci\u00f3n de valor para la producci\u00f3n de az\u00facar y alcohol. Todo esto en un marco de sostenibilidad ambiental y social.<\/p>\n<p style=\"text-align: justify;\">Las mismas se llevar\u00e1n a cabo del 22 al 24 de noviembre, en la Sala de Audiovisuales, Block 3, 1er Piso, de la FACET.<\/p>\n<p>Temas que se abordar\u00e1n:<\/p>\n<ul>\n<li>Introducci\u00f3n a la Industria Sucro-alcoholera<\/li>\n<li>Procedimientos auxiliares de la clarificaci\u00f3n<\/li>\n<li>Principios y Tendencias en la Producci\u00f3n de Az\u00facar Org\u00e1nico<\/li>\n<li>Control, Operaci\u00f3n y Mantenimiento de Molinos y Difusores<\/li>\n<li>Control de Trapiche (Balance de \u201cPol\u201d)<\/li>\n<li>Evaluaci\u00f3n de Par\u00e1metros Ambientales y Tratamiento de los Principales Residuos Sucro-alcoholeros<\/li>\n<li>Microbiolog\u00eda en Industria Sucro-Alcoholera<\/li>\n<li>Formulaci\u00f3n de Proyectos<\/li>\n<li>Producci\u00f3n de Levadura<\/li>\n<li>Evaporaci\u00f3n y Cocimiento para Az\u00facar Blanco Com\u00fan Tipo \u201cA\u201d<\/li>\n<li>Producci\u00f3n de papel a partir del bagazo<\/li>\n<li>Producci\u00f3n de Az\u00facar Mascabo<\/li>\n<li>Gesti\u00f3n de Calidad e inocuidad aplicado a la industria Sucro-Alcoholera<\/li>\n<li>Tecnolog\u00eda Azucarera &#8211; 4.0<\/li>\n<li>Seaboard Energ\u00edas Renovables y Alimentos. Un Modelo de Industria sostenible<\/li>\n<\/ul>\n<p>Aranceles:<\/p>\n<blockquote><p>Alumnos de la FACET: $5.000<br \/>\nGraduados y Docentes de la FACET: $7.000<br \/>\nP\u00fablico en General: $10.000<\/p><\/blockquote>\n","protected":false},"excerpt":{"rendered":"<p>El objetivo general de las jornadas es generar competitividad de los participantes; y de sus roles desempe\u00f1ados dentro y fuera de la industria azucarera, mediante estas capacitaciones espec\u00edficas, fundamentadas en la creaci\u00f3n de valor para la producci\u00f3n de az\u00facar y alcohol. Todo esto en un marco de sostenibilidad ambiental y social. Las mismas se llevar\u00e1n [&hellip;]<\/p>\n","protected":false},"author":6,"featured_media":0,"comment_status":"closed","ping_status":"closed","template":"","meta":{"_tribe_events_status":"","_tribe_events_status_reason":""},"tags":[],"tribe_events_cat":[],"_links":{"self":[{"href":"https:\/\/www.facet.unt.edu.ar\/facetinforma\/wp-json\/wp\/v2\/tribe_events\/26050"}],"collection":[{"href":"https:\/\/www.facet.unt.edu.ar\/facetinforma\/wp-json\/wp\/v2\/tribe_events"}],"about":[{"href":"https:\/\/www.facet.unt.edu.ar\/facetinforma\/wp-json\/wp\/v2\/types\/tribe_events"}],"author":[{"embeddable":true,"href":"https:\/\/www.facet.unt.edu.ar\/facetinforma\/wp-json\/wp\/v2\/users\/6"}],"replies":[{"embeddable":true,"href":"https:\/\/www.facet.unt.edu.ar\/facetinforma\/wp-json\/wp\/v2\/comments?post=26050"}],"version-history":[{"count":3,"href":"https:\/\/www.facet.unt.edu.ar\/facetinforma\/wp-json\/wp\/v2\/tribe_events\/26050\/revisions"}],"predecessor-version":[{"id":26093,"href":"https:\/\/www.facet.unt.edu.ar\/facetinforma\/wp-json\/wp\/v2\/tribe_events\/26050\/revisions\/26093"}],"wp:attachment":[{"href":"https:\/\/www.facet.unt.edu.ar\/facetinforma\/wp-json\/wp\/v2\/media?parent=26050"}],"wp:term":[{"taxonomy":"post_tag","embeddable":true,"href":"https:\/\/www.facet.unt.edu.ar\/facetinforma\/wp-json\/wp\/v2\/tags?post=26050"},{"taxonomy":"tribe_events_cat","embeddable":true,"href":"https:\/\/www.facet.unt.edu.ar\/facetinforma\/wp-json\/wp\/v2\/tribe_events_cat?post=26050"}],"curies":[{"name":"wp","href":"https:\/\/api.w.org\/{rel}","templated":true}]}}

<p style="text-align: justify;">El objetivo general de las jornadas es generar competitividad de los participantes; y de sus roles desempeñados dentro y fuera de la industria azucarera, mediante estas capacitaciones específicas, fundamentadas en la creación de valor para la producción de azúcar y alcohol. Todo esto en un marco de sostenibilidad ambiental y social.</p>
<p style="text-align: justify;">Las mismas se llevarán a cabo del 22 al 24 de noviembre, en la Sala de Audiovisuales, Block 3, 1er Piso, de la FACET.</p>
<p>Temas que se abordarán:</p>
<ul>
<li>Introducción a la Industria Sucro-alcoholera</li>
<li>Procedimientos auxiliares de la clarificación</li>
<li>Principios y Tendencias en la Producción de Azúcar Orgánico</li>
<li>Control, Operación y Mantenimiento de Molinos y Difusores</li>
<li>Control de Trapiche (Balance de “Pol”)</li>
<li>Evaluación de Parámetros Ambientales y Tratamiento de los Principales Residuos Sucro-alcoholeros</li>
<li>Microbiología en Industria Sucro-Alcoholera</li>
<li>Formulación de Proyectos</li>
<li>Producción de Levadura</li>
<li>Evaporación y Cocimiento para Azúcar Blanco Común Tipo “A”</li>
<li>Producción de papel a partir del bagazo</li>
<li>Producción de Azúcar Mascabo</li>
<li>Gestión de Calidad e inocuidad aplicado a la industria Sucro-Alcoholera</li>
<li>Tecnología Azucarera &#8211; 4.0</li>
<li>Seaboard Energías Renovables y Alimentos. Un Modelo de Industria sostenible</li>
</ul>
<p>Aranceles:</p>
<blockquote><p>Alumnos de la FACET: $5.000<br />
Graduados y Docentes de la FACET: $7.000<br />
Público en General: $10.000</p></blockquote>

<p>El objetivo general de las jornadas es generar competitividad de los participantes; y de sus roles desempeñados dentro y fuera de la industria azucarera, mediante estas capacitaciones específicas, fundamentadas en la creación de valor para la producción de azúcar y alcohol. Todo esto en un marco de sostenibilidad ambiental y social. Las mismas se llevarán [&hellip;]</p>
