{"id":505,"date":"2022-10-10T17:14:53","date_gmt":"2022-10-10T20:14:53","guid":{"rendered":"https:\/\/www.facet.unt.edu.ar\/geodesia-geofisica\/?page_id=505"},"modified":"2022-11-13T21:59:11","modified_gmt":"2022-11-14T00:59:11","slug":"investigacion-y-divulgacion","status":"publish","type":"page","link":"https:\/\/www.facet.unt.edu.ar\/geodesia-geofisica\/investigacion-y-divulgacion\/","title":{"rendered":"Investigaci\u00f3n"},"content":{"rendered":"<p>En construcci\u00f3n.<\/p>\n<p>Aqu\u00ed encontrar\u00e1 informaci\u00f3n de proyectos de investigaci\u00f3n en los que est\u00e1 involucrado el departamento o docentes del departamento.<\/p>\n","protected":false},"excerpt":{"rendered":"<p>En construcci\u00f3n. Aqu\u00ed encontrar\u00e1 informaci\u00f3n de proyectos de investigaci\u00f3n en los que est\u00e1 involucrado el departamento o docentes del departamento.<\/p>\n","protected":false},"author":123491,"featured_media":0,"parent":0,"menu_order":0,"comment_status":"closed","ping_status":"closed","template":"home-panels.php","meta":[],"_links":{"self":[{"href":"https:\/\/www.facet.unt.edu.ar\/geodesia-geofisica\/wp-json\/wp\/v2\/pages\/505"}],"collection":[{"href":"https:\/\/www.facet.unt.edu.ar\/geodesia-geofisica\/wp-json\/wp\/v2\/pages"}],"about":[{"href":"https:\/\/www.facet.unt.edu.ar\/geodesia-geofisica\/wp-json\/wp\/v2\/types\/page"}],"author":[{"embeddable":true,"href":"https:\/\/www.facet.unt.edu.ar\/geodesia-geofisica\/wp-json\/wp\/v2\/users\/123491"}],"replies":[{"embeddable":true,"href":"https:\/\/www.facet.unt.edu.ar\/geodesia-geofisica\/wp-json\/wp\/v2\/comments?post=505"}],"version-history":[{"count":5,"href":"https:\/\/www.facet.unt.edu.ar\/geodesia-geofisica\/wp-json\/wp\/v2\/pages\/505\/revisions"}],"predecessor-version":[{"id":579,"href":"https:\/\/www.facet.unt.edu.ar\/geodesia-geofisica\/wp-json\/wp\/v2\/pages\/505\/revisions\/579"}],"wp:attachment":[{"href":"https:\/\/www.facet.unt.edu.ar\/geodesia-geofisica\/wp-json\/wp\/v2\/media?parent=505"}],"curies":[{"name":"wp","href":"https:\/\/api.w.org\/{rel}","templated":true}]}}