{"id":95,"date":"2014-08-23T21:08:42","date_gmt":"2014-08-24T00:08:42","guid":{"rendered":"https:\/\/www.facet.unt.edu.ar\/geodesia-geofisica\/?page_id=95"},"modified":"2022-10-10T17:13:38","modified_gmt":"2022-10-10T20:13:38","slug":"sitios-interes","status":"publish","type":"page","link":"https:\/\/www.facet.unt.edu.ar\/geodesia-geofisica\/sitios-interes\/","title":{"rendered":"Sitios de Inter\u00e9s"},"content":{"rendered":"<div id=\"pl-95\"  class=\"panel-layout\" ><div id=\"pg-95-0\"  class=\"panel-grid panel-no-style\" ><div id=\"pgc-95-0-0\"  class=\"panel-grid-cell\" ><div id=\"panel-95-0-0-0\" class=\"so-panel widget widget_media_video panel-first-child\" data-index=\"0\" ><h3 class=\"widget-title\">Descubre el Sistema Global de Observaci\u00f3n Geod\u00e9sica (GGOS) y la Geodesia<\/h3><div style=\"width:100%;\" class=\"wp-video\"><!--[if lt IE 9]><script>document.createElement('video');<\/script><![endif]-->\n<video class=\"wp-video-shortcode\" id=\"video-95-1\" preload=\"metadata\" controls=\"controls\"><source type=\"video\/youtube\" src=\"https:\/\/youtu.be\/biqkQ8Iy5rI?_=1\" \/><a href=\"https:\/\/youtu.be\/biqkQ8Iy5rI\">https:\/\/youtu.be\/biqkQ8Iy5rI<\/a><\/video><\/div><\/div><div id=\"panel-95-0-0-1\" class=\"so-panel widget widget_text panel-last-child\" data-index=\"1\" ><h3 class=\"widget-title\">P\u00e1ginas relacionadas<\/h3>\t\t\t<div class=\"textwidget\"><p><b>Ingreso e inscripciones<\/b><\/p>\n<p>\n<a href=\"https:\/\/www.facet.unt.edu.ar\/ingreso-facet\/\" target=\"_blank\" rel=\"noopener\">Ingreso<\/a><\/p>\n<p><b>Sitios de la Facultad de Ciencias Exactas y Tecnolog\u00eda &#8211; UNT<\/b><\/p>\n<p>\n<a href=\"https:\/\/www.facet.unt.edu.ar\/dpto-geodesia-topografia\" target=\"_blank\" rel=\"noopener\">Departamento de Geodesia y Topograf\u00eda<\/a><br \/>\n<a href=\"https:\/\/www.facet.unt.edu.ar\/agrimensura\/\" target=\"_blank\" rel=\"noopener\">Ingeniero Agrimensor<\/a><br \/>\n<a href=\"http:\/\/catedras.facet.unt.edu.ar\/geofisica\" target=\"_blank\" rel=\"noopener\">C\u00e1tedra de Geof\u00edsica<\/a><\/p>\n<p><b>Sitios de Inter\u00e9s<\/b><\/p>\n<p>\n<a href=\"https:\/\/ggos.org\/\" target=\"_blank\" rel=\"noopener\">Global Geodetic Observing System (GGOS) of the International Association of Geodesy (IAG)<\/a><br \/>\n<a href=\"https:\/\/www.sirgas.org\/es\/sirgas-definition\/\" target=\"_blank\" rel=\"noopener\">Sistema de Referencia Geoc\u00e9ntrico para las Am\u00e9ricas (SIRGAS)<\/a><br \/>\n<a href=\"https:\/\/www.ign.gob.ar\/\" target=\"_blank\" rel=\"noopener\">Instituto Geogr\u00e1fico Nacional (IGN)<\/a><br \/>\n<a href=\"http:\/\/www.aagg.org.ar\/index.php\" target=\"_blank\" rel=\"noopener\">ASOCIACI\u00d3N ARGENTINA DE GEOF\u00cdSICOS Y GEODESTAS (AAGG)<\/a><br \/>\n<a href=\"https:\/\/seg.org\/\" target=\"_blank\" rel=\"noopener\">Society of Exploration Geophysicists (SEG)<\/a><br \/>\n<a href=\"https:\/\/wiki.seg.org\/wiki\/Cap%C3%ADtulo_estudiantil_de_la_Universidad_Nacional_de_Tucum%C3%A1n\" target=\"_blank\" rel=\"noopener\">The SEG Student Chapter UNT<\/a><br \/>\n<a href=\"https:\/\/es-la.facebook.com\/AsociacionArgentinaDeGeologosYGeofisicosPetroleros\/\" target=\"_blank\" rel=\"noopener\">Asociaci\u00f3n Argentina de Ge\u00f3logos y Geof\u00edsicos Petroleros (AAGGP)<\/a><\/p>\n<\/div>\n\t\t<\/div><\/div><div id=\"pgc-95-0-1\"  class=\"panel-grid-cell\" ><div id=\"panel-95-0-1-0\" class=\"so-panel widget widget_text panel-first-child panel-last-child\" data-index=\"2\" ><h3 class=\"widget-title\">Global Geodetic Observing System<\/h3>\t\t\t<div class=\"textwidget\"><p>GGOS is the Global Geodetic Observing System and was initiated in July 2003. It is a component of the International Association of Geodesy (IAG), which is the organization responsible for the advancement of Geodesy. The IAG and therefore GGOS are parts of the International Union of Geodesy and Geophysics (IUGG).<\/p>\n<p align=\"center\"><a href=\"https:\/\/ggos.org\/\" target=\"_blank\" rel=\"noopener\"><img decoding=\"async\" loading=\"lazy\" src=\"https:\/\/www.facet.unt.edu.ar\/geodesia-geofisica\/wp-content\/uploads\/sites\/12\/2022\/07\/GGOS_Logo_Website_100dpi-1024x273-1.png\" width=\"230\" height=\"230\" \/><\/a><\/p>\n<\/div>\n\t\t<\/div><\/div><\/div><\/div>","protected":false},"excerpt":{"rendered":"<p>Ingreso e inscripciones Ingreso Sitios de la Facultad de Ciencias Exactas y Tecnolog\u00eda &#8211; UNT Departamento de Geodesia y Topograf\u00eda Ingeniero Agrimensor C\u00e1tedra de Geof\u00edsica Sitios de Inter\u00e9s Global Geodetic Observing System (GGOS) of the International Association of Geodesy (IAG) Sistema de Referencia Geoc\u00e9ntrico para las Am\u00e9ricas (SIRGAS) Instituto Geogr\u00e1fico Nacional (IGN) ASOCIACI\u00d3N ARGENTINA DE [&hellip;]<\/p>\n","protected":false},"author":9,"featured_media":0,"parent":0,"menu_order":0,"comment_status":"closed","ping_status":"closed","template":"home-panels.php","meta":[],"_links":{"self":[{"href":"https:\/\/www.facet.unt.edu.ar\/geodesia-geofisica\/wp-json\/wp\/v2\/pages\/95"}],"collection":[{"href":"https:\/\/www.facet.unt.edu.ar\/geodesia-geofisica\/wp-json\/wp\/v2\/pages"}],"about":[{"href":"https:\/\/www.facet.unt.edu.ar\/geodesia-geofisica\/wp-json\/wp\/v2\/types\/page"}],"author":[{"embeddable":true,"href":"https:\/\/www.facet.unt.edu.ar\/geodesia-geofisica\/wp-json\/wp\/v2\/users\/9"}],"replies":[{"embeddable":true,"href":"https:\/\/www.facet.unt.edu.ar\/geodesia-geofisica\/wp-json\/wp\/v2\/comments?post=95"}],"version-history":[{"count":23,"href":"https:\/\/www.facet.unt.edu.ar\/geodesia-geofisica\/wp-json\/wp\/v2\/pages\/95\/revisions"}],"predecessor-version":[{"id":504,"href":"https:\/\/www.facet.unt.edu.ar\/geodesia-geofisica\/wp-json\/wp\/v2\/pages\/95\/revisions\/504"}],"wp:attachment":[{"href":"https:\/\/www.facet.unt.edu.ar\/geodesia-geofisica\/wp-json\/wp\/v2\/media?parent=95"}],"curies":[{"name":"wp","href":"https:\/\/api.w.org\/{rel}","templated":true}]}}