{"id":2,"date":"2013-11-27T14:05:50","date_gmt":"2013-11-27T17:05:50","guid":{"rendered":"https:\/\/\/?page_id=2"},"modified":"2026-03-17T18:15:34","modified_gmt":"2026-03-17T21:15:34","slug":"creditos","status":"publish","type":"page","link":"https:\/\/www.facet.unt.edu.ar\/gipimo\/creditos\/","title":{"rendered":"Cr\u00e9ditos de p\u00e1gina principal y sitios web del grupo"},"content":{"rendered":"<table>\n<tr>\n<th colspan=\"4\" style=\"text-align:center\"><a href=\"https:\/\/www.uaz.edu.mx\/\" target=\"_blank\" rel=\"noopener\">Universidad Aut\u00f3noma de Zacatecas<\/a><\/th>\n<th><a href=\"https:\/\/www.uaz.edu.mx\/\" target=\"_blank\" rel=\"noopener\"><img decoding=\"async\" loading=\"lazy\" src=\"https:\/\/www.facet.unt.edu.ar\/gipimo\/wp-content\/uploads\/sites\/105\/2026\/03\/UAZ_s.png\" alt=\"\" width=\"75\" height=\"58\" class=\"alignnone size-full wp-image-277\" \/><\/a><\/th>\n<\/tr>\n<tr>\n<th>Colaborador<\/th>\n<th>Contacto<\/th>\n<th>Participaci\u00f3n<\/th>\n<th colspan=\"2\">Programas<\/th>\n<tr>\n<td>Dr.(c) Jes\u00fas Iv\u00e1n Santamaria Najar<\/td>\n<td>ivansantamaria@uaz.edu.mx<\/td>\n<td>ETL, Algoritmos de digitalizaci\u00f3n de datos<\/td>\n<td><a href=\"https:\/\/estudiosnucleares.uaz.edu.mx\/\" target=\"_blank\" rel=\"noopener\">Unidad Acad\u00e9mica de Estudios Nucleares<\/a><\/td>\n<td><a href=\"https:\/\/estudiosnucleares.uaz.edu.mx\/\" target=\"_blank\" rel=\"noopener\"><img decoding=\"async\" loading=\"lazy\" src=\"https:\/\/www.facet.unt.edu.ar\/gipimo\/wp-content\/uploads\/sites\/105\/2026\/03\/uaen_s.png\" alt=\"UAEN\" width=\"75\" height=\"75\" class=\"alignnone size-full wp-image-279\" \/><\/a><\/td>\n<\/tr>\n<tr>\n<td>Dr.(c) Carlos Eduardo Acu\u00f1a L\u00f3pez<\/td>\n<td>lalo.acuna@uaz.edu.mx<\/td>\n<td>P\u00e1gina principal, Backend, ETL, Datawarehouse<\/td>\n<td><a href=\"https:\/\/ingsoftware.uaz.edu.mx\/\" target=\"_blank\" rel=\"noopener\">Ingenieria de Software<\/a><\/td>\n<td><a href=\"https:\/\/ingsoftware.uaz.edu.mx\/\" target=\"_blank\" rel=\"noopener\"><img decoding=\"async\" loading=\"lazy\" src=\"https:\/\/www.facet.unt.edu.ar\/gipimo\/wp-content\/uploads\/sites\/105\/2026\/03\/IS_s.jpg\" alt=\"\" width=\"75\" height=\"41\" class=\"alignnone size-medium wp-image-278\" \/><\/a><\/td>\n<\/tr>\n<tr>\n<td>Evan Gustavo Silva Cabello<\/td>\n<td>EvanSilva50@gmail.com<\/td>\n<td>Sitios GIPIMO, mapas, gr\u00e1ficas, Backend<\/td>\n<td><a href=\"https:\/\/ingsoftware.uaz.edu.mx\/\" target=\"_blank\" rel=\"noopener\">Ingenieria de Software<\/a><\/td>\n<td><a href=\"https:\/\/ingsoftware.uaz.edu.mx\/\" target=\"_blank\" rel=\"noopener\"><img decoding=\"async\" loading=\"lazy\" src=\"https:\/\/www.facet.unt.edu.ar\/gipimo\/wp-content\/uploads\/sites\/105\/2026\/03\/IS_s.jpg\" alt=\"\" width=\"75\" height=\"41\" class=\"alignnone size-medium wp-image-278\" \/><\/a><\/td>\n<\/tr>\n<tr>\n<td>Victor Yurefth Mart\u00ednez N\u00fa\u00f1ez<\/td>\n<td>yurefthmartinez@gmail.com <\/td>\n<td>Sitios GIPIMO, mapas, gr\u00e1ficas<\/td>\n<td><a href=\"https:\/\/ingsoftware.uaz.edu.mx\/\" target=\"_blank\" rel=\"noopener\">Ingenieria de Software<\/a><\/td>\n<td><a href=\"https:\/\/ingsoftware.uaz.edu.mx\/\" target=\"_blank\" rel=\"noopener\"><img decoding=\"async\" loading=\"lazy\" src=\"https:\/\/www.facet.unt.edu.ar\/gipimo\/wp-content\/uploads\/sites\/105\/2026\/03\/IS_s.jpg\" alt=\"\" width=\"75\" height=\"41\" class=\"alignnone size-medium wp-image-278\" \/><\/a><\/td>\n<\/tr>\n<tr>\n<td>Eduardo Sebasti\u00e1n Acu\u00f1a Luj\u00e1n<\/td>\n<td>eduardo.sebas.acuna.lujan@gmail.com <\/td>\n<td>Dise\u00f1o p\u00e1gina principal, Backend<\/td>\n<td><a href=\"https:\/\/ingsoftware.uaz.edu.mx\/\" target=\"_blank\" rel=\"noopener\">Ingenieria de Software<\/a><\/td>\n<td><a href=\"https:\/\/ingsoftware.uaz.edu.mx\/\" target=\"_blank\" rel=\"noopener\"><img decoding=\"async\" loading=\"lazy\" src=\"https:\/\/www.facet.unt.edu.ar\/gipimo\/wp-content\/uploads\/sites\/105\/2026\/03\/IS_s.jpg\" alt=\"\" width=\"75\" height=\"41\" class=\"alignnone size-medium wp-image-278\" \/><\/a><\/td>\n<\/tr>\n<tr>\n<td>Luis Arturo Zavala Flores<\/td>\n<td>luisartacas@gmail.com<\/td>\n<td>Mapas<\/td>\n<td><a href=\"https:\/\/ingsoftware.uaz.edu.mx\/\" target=\"_blank\" rel=\"noopener\">Ingenieria de Software<\/a><\/td>\n<td><a href=\"https:\/\/ingsoftware.uaz.edu.mx\/\" target=\"_blank\" rel=\"noopener\"><img decoding=\"async\" loading=\"lazy\" src=\"https:\/\/www.facet.unt.edu.ar\/gipimo\/wp-content\/uploads\/sites\/105\/2026\/03\/IS_s.jpg\" alt=\"\" width=\"75\" height=\"41\" class=\"alignnone size-medium wp-image-278\" \/><\/a><\/td>\n<\/tr>\n<tr>\n<td>Sergio Gonz\u00e1lez Ch\u00e1vez<\/td>\n<td>sergchioz@gmail.com<\/td>\n<td>Mapas<\/td>\n<td><a href=\"https:\/\/ingsoftware.uaz.edu.mx\/\" target=\"_blank\" rel=\"noopener\">Ingenieria de Software<\/a><\/td>\n<td><a href=\"https:\/\/ingsoftware.uaz.edu.mx\/\" target=\"_blank\" rel=\"noopener\"><img decoding=\"async\" loading=\"lazy\" src=\"https:\/\/www.facet.unt.edu.ar\/gipimo\/wp-content\/uploads\/sites\/105\/2026\/03\/IS_s.jpg\" alt=\"\" width=\"75\" height=\"41\" class=\"alignnone size-medium wp-image-278\" \/><\/a><\/td>\n<\/tr>\n<\/table>\n","protected":false},"excerpt":{"rendered":"<p>Universidad Aut\u00f3noma de Zacatecas Colaborador Contacto Participaci\u00f3n Programas Dr.(c) Jes\u00fas Iv\u00e1n Santamaria Najar ivansantamaria@uaz.edu.mx ETL, Algoritmos de digitalizaci\u00f3n de datos Unidad Acad\u00e9mica de Estudios Nucleares Dr.(c) Carlos Eduardo Acu\u00f1a L\u00f3pez lalo.acuna@uaz.edu.mx P\u00e1gina principal, Backend, ETL, Datawarehouse Ingenieria de Software Evan Gustavo Silva Cabello EvanSilva50@gmail.com Sitios GIPIMO, mapas, gr\u00e1ficas, Backend Ingenieria de Software Victor Yurefth Mart\u00ednez [&hellip;]<\/p>\n","protected":false},"author":1,"featured_media":0,"parent":0,"menu_order":0,"comment_status":"closed","ping_status":"closed","template":"","meta":[],"_links":{"self":[{"href":"https:\/\/www.facet.unt.edu.ar\/gipimo\/wp-json\/wp\/v2\/pages\/2"}],"collection":[{"href":"https:\/\/www.facet.unt.edu.ar\/gipimo\/wp-json\/wp\/v2\/pages"}],"about":[{"href":"https:\/\/www.facet.unt.edu.ar\/gipimo\/wp-json\/wp\/v2\/types\/page"}],"author":[{"embeddable":true,"href":"https:\/\/www.facet.unt.edu.ar\/gipimo\/wp-json\/wp\/v2\/users\/1"}],"replies":[{"embeddable":true,"href":"https:\/\/www.facet.unt.edu.ar\/gipimo\/wp-json\/wp\/v2\/comments?post=2"}],"version-history":[{"count":24,"href":"https:\/\/www.facet.unt.edu.ar\/gipimo\/wp-json\/wp\/v2\/pages\/2\/revisions"}],"predecessor-version":[{"id":290,"href":"https:\/\/www.facet.unt.edu.ar\/gipimo\/wp-json\/wp\/v2\/pages\/2\/revisions\/290"}],"wp:attachment":[{"href":"https:\/\/www.facet.unt.edu.ar\/gipimo\/wp-json\/wp\/v2\/media?parent=2"}],"curies":[{"name":"wp","href":"https:\/\/api.w.org\/{rel}","templated":true}]}}