{"id":65,"date":"2014-08-04T09:14:33","date_gmt":"2014-08-04T12:14:33","guid":{"rendered":"https:\/\/\/home\/"},"modified":"2026-03-17T12:55:59","modified_gmt":"2026-03-17T15:55:59","slug":"home","status":"publish","type":"page","link":"https:\/\/www.facet.unt.edu.ar\/gipimo\/","title":{"rendered":"Home"},"content":{"rendered":"<div id=\"pl-65\"  class=\"panel-layout\" ><div id=\"pg-65-0\"  class=\"panel-grid panel-has-style\" ><div class=\"wide-grey panel-row-style panel-row-style-for-65-0\" ><div id=\"pgc-65-0-0\"  class=\"panel-grid-cell\" ><div id=\"panel-65-0-0-0\" class=\"so-panel widget widget_headline-widget panel-first-child panel-last-child\" data-index=\"0\" >\t\t<h1>Grupo de Investigaci\u00f3n de Perturbaciones Ionosf\u00e9ricas Multi-Origen<\/h1>\n\t\t<div class=\"decoration\"><div class=\"decoration-inside\"><\/div><\/div>\n\t\t<h3>GIPIMO<\/h3>\n\t\t<\/div><\/div><\/div><\/div><div id=\"pg-65-1\"  class=\"panel-grid panel-no-style\" ><div id=\"pgc-65-1-0\"  class=\"panel-grid-cell\" ><div id=\"panel-65-1-0-0\" class=\"widget_text so-panel widget widget_custom_html panel-first-child panel-last-child\" data-index=\"1\" ><h3 class=\"widget-title\">\u00bfA qu\u00e9 nos dedicamos?<\/h3><div class=\"textwidget custom-html-widget\"><p align=\"justify\">Los que formamos este grupo de investigaci\u00f3n `nos pensamos` como un\u00a0<i>laboratorio extendido<\/i> que estudia los 365 d\u00edas del a\u00f1o el estado de la ion\u00f3sfera (regi\u00f3n D) ante los efectos de perturbaciones de origen terrestre y extraterrestre. Utilizamos para ello estaciones receptoras de se\u00f1ales electromagn\u00e9ticas en muy baja frecuencia (VLF) distribu\u00eddas en diferentes pa\u00edses de latinoam\u00e9rica (<a href=\"https:\/\/www.facet.unt.edu.ar\/gipimo\/distribucion-de-sitios-gipimo\/\">ver distribuci\u00f3n de estaciones<\/a>).<\/p>\n<p align=\"justify\">La idea es caracterizar las firmas que, diferentes eventos geof\u00edsicos, dejan huella en las se\u00f1ales electromagn\u00e9ticas obtenidas, como son: r\u00e1fagas solares, tormentas geomagn\u00e9ticas, rayos c\u00f3smicos (todas de or\u00edgen extraterrestre) y aquellas provenientes de la litosfera: descargas el\u00e9ctricas, huracanes, tsunamis y explosiones volc\u00e1nicas.<\/p>\n<p align=\"justify\">Al entender las firmas que dejan estos diferentes eventos geof\u00edsicos es posible aislar aquellas que corresponden a los denominados precursores s\u00edsmicos electromagn\u00e9ticos, que son de especial inter\u00e9s ya que a trav\u00e9s de ellos es posible estudiar el comportamiento de la zona de preparaci\u00f3n que rodea al epicentro de un sismo, antes, durante y despu\u00e9s de que ocurren estos eventos.<\/p>\n<p align=\"justify\">Debido a lo extenso de este campo de estudio el grupo cuenta con la participaci\u00f3n de especialistas abocados al estudio del Sol y el Medio Interplanetario (Meteorolog\u00eda Espacial o <i>Space Weather<\/i>) a investigadores especializados en la actividad de la litosfera, as\u00ed como ingenieros enfocados en las diversas estaciones receptoras en muy baja frecuencia en cada uno de los sitios que componen la red de estaciones LAVNet (<i>Latin America Very Low Frequency Network<\/i>).<\/p>\n<p align=\"justify\">Nuestro trabajo comprende b\u00e1sicamente dos l\u00edneas de investigaci\u00f3n:<\/p><br>\n<p align=\"justify\"><strong>1) Estudio del acoplamiento Litosfera-Atm\u00f3sfera-Ion\u00f3sfera-Espacio Exterior, utilizando el sondeo en baja frecuencia.<\/strong><\/p>\n<p align=\"justify\"><strong>2) Estudio de la din\u00e1mica solar y su interrelaci\u00f3n con el Medio Interplanetario y la Tierra: Meteorolog\u00eda del Espacio.<\/strong><\/p>\n<br\/>\n<br\/>\n<i>Contacto: Dra. Andrea Borgazzi - aborgazzi@herrera.unt.edu.ar<\/i>\n<p><a href=\"https:\/\/www.facet.unt.edu.ar\/gipimo\/creditos\/\">Cr\u00e9ditos de p\u00e1gina principal y sitios web del grupo<\/a><\/p>\n\n<\/div><\/div><\/div><div id=\"pgc-65-1-1\"  class=\"panel-grid-cell\" ><div id=\"panel-65-1-1-0\" class=\"so-panel widget widget_media_image panel-first-child panel-last-child\" data-index=\"2\" ><h3 class=\"widget-title\">Conozca los diversos sitios que conforman el grupo distribuidos en Latinoam\u00e9rica<\/h3><a href=\"https:\/\/www.facet.unt.edu.ar\/gipimo\/distribucion-de-sitios-gipimo\/\"><img width=\"384\" height=\"216\" src=\"https:\/\/www.facet.unt.edu.ar\/gipimo\/wp-content\/uploads\/sites\/105\/2025\/10\/Mapa_MINI.jpg\" class=\"image wp-image-187  attachment-full size-full\" alt=\"\" decoding=\"async\" loading=\"lazy\" style=\"max-width: 100%; height: auto;\" title=\"Conozca los diversos sitios que conforman el grupo distribuidos en Latinoam\u00e9rica\" \/><\/a><\/div><\/div><\/div><\/div>","protected":false},"excerpt":{"rendered":"<p>Grupo de Investigaci\u00f3n de Perturbaciones Ionosf\u00e9ricas Multi-Origen GIPIMO \u00bfA qu\u00e9 nos dedicamos?Los que formamos este grupo de investigaci\u00f3n `nos pensamos` como un\u00a0laboratorio extendido que estudia los 365 d\u00edas del a\u00f1o el estado de la ion\u00f3sfera (regi\u00f3n D) ante los efectos de perturbaciones de origen terrestre y extraterrestre. Utilizamos para ello estaciones receptoras de se\u00f1ales electromagn\u00e9ticas [&hellip;]<\/p>\n","protected":false},"author":1,"featured_media":0,"parent":0,"menu_order":0,"comment_status":"closed","ping_status":"closed","template":"home-panels.php","meta":[],"_links":{"self":[{"href":"https:\/\/www.facet.unt.edu.ar\/gipimo\/wp-json\/wp\/v2\/pages\/65"}],"collection":[{"href":"https:\/\/www.facet.unt.edu.ar\/gipimo\/wp-json\/wp\/v2\/pages"}],"about":[{"href":"https:\/\/www.facet.unt.edu.ar\/gipimo\/wp-json\/wp\/v2\/types\/page"}],"author":[{"embeddable":true,"href":"https:\/\/www.facet.unt.edu.ar\/gipimo\/wp-json\/wp\/v2\/users\/1"}],"replies":[{"embeddable":true,"href":"https:\/\/www.facet.unt.edu.ar\/gipimo\/wp-json\/wp\/v2\/comments?post=65"}],"version-history":[{"count":32,"href":"https:\/\/www.facet.unt.edu.ar\/gipimo\/wp-json\/wp\/v2\/pages\/65\/revisions"}],"predecessor-version":[{"id":151,"href":"https:\/\/www.facet.unt.edu.ar\/gipimo\/wp-json\/wp\/v2\/pages\/65\/revisions\/151"}],"wp:attachment":[{"href":"https:\/\/www.facet.unt.edu.ar\/gipimo\/wp-json\/wp\/v2\/media?parent=65"}],"curies":[{"name":"wp","href":"https:\/\/api.w.org\/{rel}","templated":true}]}}