{"id":1274,"date":"2015-03-18T15:43:11","date_gmt":"2015-03-18T18:43:11","guid":{"rendered":"https:\/\/www.facet.unt.edu.ar\/iest\/?page_id=1274"},"modified":"2018-03-09T01:01:53","modified_gmt":"2018-03-09T04:01:53","slug":"modelacion-variacional-de-la-fractura-en-materiales-cuasi-fragiles","status":"publish","type":"page","link":"https:\/\/www.facet.unt.edu.ar\/iest\/proyectos\/modelacion-variacional-de-la-fractura-en-materiales-cuasi-fragiles\/","title":{"rendered":"Modelaci\u00f3n Variacional de la Fractura en Materiales Cuasi-Fr\u00e1giles"},"content":{"rendered":"<h3><strong>MODELACI\u00d3N VARIACIONAL DE LA FRACTURA EN MATERIALES CUASI-FR\u00c1GILES (PICT 2011-0094, 2012\u00a0a 2015 )<br \/>\n<\/strong><\/h3>\n<p><strong>Investigadores Responsables:<\/strong> <a href=\"https:\/\/catedras.facet.unt.edu.ar\/compsci\/mluege\/\" target=\"_blank\" rel=\"noopener noreferrer\">Dra Mariela Luege<\/a> y <a href=\"https:\/\/catedras.facet.unt.edu.ar\/compsci\/aorlando\/\" target=\"_blank\" rel=\"noopener noreferrer\">PhD Antonio Orlando<\/a><\/p>\n<h4>Palabras clave:<\/h4>\n<p>Fractura, Materiales Cuasi-Fr\u00e1giles, Fuerzas Cohesivas, Anisotrop\u00eda, Segmentaci\u00f3n de Im\u00e1genes.<\/p>\n<h4>Resumen<\/h4>\n<p style=\"text-align: justify;\">Recientemente, se ha propuesto un enfoque novedoso para la mec\u00e1nica de fractura basada en la minimizaci\u00f3n global de un funcional tipo Griffith, compuesto por un t\u00e9rmino volum\u00e9trico y otro superficial de energ\u00eda. A diferencia del criterio de Griffith, basado inherentemente en la energ\u00eda, este nuevo criterio enfoca el tratamiento de la fractura estrictamente desde el punto de vista del c\u00e1lculo variacional. Usa ideas de minimizaci\u00f3n de energ\u00eda teniendo en cuenta la naturaleza singular de los campos de fractura y las diversas formas en que la fractura se puede iniciar. La fortaleza de este enfoque radica en que establece un marco de trabajo consistente, tanto desde el punto de vista te\u00f3rico como computacional. M\u00e1s a\u00fan, la iniciaci\u00f3n de la fractura, la ramificaci\u00f3n, la identificaci\u00f3n del camino de la misma y la interacci\u00f3n entre las m\u00faltiples fisuras se obtienen en forma natural de esa formulaci\u00f3n, y son el resultado de la competencia entre el nucleaci\u00f3n de fisuras y la liberaci\u00f3n de energ\u00eda el\u00e1stica del material circundante, modelados por la energ\u00eda volum\u00e9trica y de superficie respectivamente. A partir de estos modelos de fractura, se pueden obtener modelos enriquecidos, incluyendo m\u00e1s informaci\u00f3n proveniente de la f\u00edsica del problema en los dos t\u00e9rminos energ\u00e9ticos. Aunque es prometedor en las premisas, este modelo se ha aplicado en la pr\u00e1ctica solamente a casos simples donde es posible establecer una convergencia variacional del funcional original en t\u00e9rminos del funcional regularizado, m\u00e1s f\u00e1cil de tratar anal\u00edtica y computacionalmente. El principal objetivo de este trabajo es investigar desde un punto de vista num\u00e9rico, la extensi\u00f3n del modelo variacional de la fractura a materiales m\u00e1s realistas como el hormig\u00f3n, la mamposter\u00eda y los materiales compuestos, e incluir energ\u00edas de superficie m\u00e1s realistas. Se espera el desarrollo de nuevos algoritmos num\u00e9ricos, que har\u00e1n posible incluir la simulaci\u00f3n de fractura en una rutina computacional y el desarrollo de un procedimiento basado en tal modelo variacional que permita la evaluaci\u00f3n de estructuras cuya seguridad est\u00e1 gobernada por la aparici\u00f3n y propagaci\u00f3n de fisuras cr\u00edticas.<\/p>\n","protected":false},"excerpt":{"rendered":"<p>MODELACI\u00d3N VARIACIONAL DE LA FRACTURA EN MATERIALES CUASI-FR\u00c1GILES (PICT 2011-0094, 2012\u00a0a 2015 ) Investigadores Responsables: Dra Mariela Luege y PhD Antonio Orlando Palabras clave: Fractura, Materiales Cuasi-Fr\u00e1giles, Fuerzas Cohesivas, Anisotrop\u00eda, Segmentaci\u00f3n de Im\u00e1genes. Resumen Recientemente, se ha propuesto un enfoque novedoso para la mec\u00e1nica de fractura basada en la minimizaci\u00f3n global de un funcional tipo [&hellip;]<\/p>\n","protected":false},"author":20,"featured_media":0,"parent":151,"menu_order":15,"comment_status":"closed","ping_status":"closed","template":"","meta":[],"_links":{"self":[{"href":"https:\/\/www.facet.unt.edu.ar\/iest\/wp-json\/wp\/v2\/pages\/1274"}],"collection":[{"href":"https:\/\/www.facet.unt.edu.ar\/iest\/wp-json\/wp\/v2\/pages"}],"about":[{"href":"https:\/\/www.facet.unt.edu.ar\/iest\/wp-json\/wp\/v2\/types\/page"}],"author":[{"embeddable":true,"href":"https:\/\/www.facet.unt.edu.ar\/iest\/wp-json\/wp\/v2\/users\/20"}],"replies":[{"embeddable":true,"href":"https:\/\/www.facet.unt.edu.ar\/iest\/wp-json\/wp\/v2\/comments?post=1274"}],"version-history":[{"count":5,"href":"https:\/\/www.facet.unt.edu.ar\/iest\/wp-json\/wp\/v2\/pages\/1274\/revisions"}],"predecessor-version":[{"id":2052,"href":"https:\/\/www.facet.unt.edu.ar\/iest\/wp-json\/wp\/v2\/pages\/1274\/revisions\/2052"}],"up":[{"embeddable":true,"href":"https:\/\/www.facet.unt.edu.ar\/iest\/wp-json\/wp\/v2\/pages\/151"}],"wp:attachment":[{"href":"https:\/\/www.facet.unt.edu.ar\/iest\/wp-json\/wp\/v2\/media?parent=1274"}],"curies":[{"name":"wp","href":"https:\/\/api.w.org\/{rel}","templated":true}]}}