{"id":1376,"date":"2015-05-21T01:24:27","date_gmt":"2015-05-21T04:24:27","guid":{"rendered":"https:\/\/www.facet.unt.edu.ar\/iest\/?page_id=1376"},"modified":"2018-03-09T01:02:03","modified_gmt":"2018-03-09T04:02:03","slug":"modelacion-energetica-de-la-fractura-ductil-simulaciones-numericas-y-experimentales-ciunt-26-e527","status":"publish","type":"page","link":"https:\/\/www.facet.unt.edu.ar\/iest\/proyectos\/modelacion-energetica-de-la-fractura-ductil-simulaciones-numericas-y-experimentales-ciunt-26-e527\/","title":{"rendered":"Modelaci\u00f3n energ\u00e9tica de la fractura d\u00factil: simulaciones num\u00e9ricas y experimentales (CIUNT 26\/E527)"},"content":{"rendered":"<h3>MODELACI\u00d3N ENERG\u00c9TICA DE LA FRACTURA D\u00daCTIL: SIMULACIONES NUM\u00c9RICAS Y EXPERIMENTALES (CIUNT 26\/E527)<\/h3>\n<p>Director: <a href=\"https:\/\/catedras.facet.unt.edu.ar\/compsci\/aorlando\/\" target=\"_blank\" rel=\"noopener noreferrer\">ORLANDO, Antonio<\/a><\/p>\n<p>Co-Director: <a href=\"https:\/\/catedras.facet.unt.edu.ar\/compsci\/mluege\/\" target=\"_blank\" rel=\"noopener noreferrer\">LUEGE, Mariela<\/a><\/p>\n<p><strong>Periodo de Ejecuci\u00f3n:<\/strong> Inicio 01\/01\/2014 \u2013 Finalizaci\u00f3n 31\/12\/2017<\/p>\n<h4>Resumen<\/h4>\n<p style=\"text-align: justify;\">La simulaci\u00f3n num\u00e9rica de la fractura d\u00factil es de gran inter\u00e9s en aplicaciones industriales, especialmente cuando los ensayos a escala experimental podr\u00edan ser demasiado caros o impracticables. Diferentes m\u00e9todos num\u00e9ricos han sido propuestos hasta el momento. Sin embargo, la formulaci\u00f3n de un procedimiento coherente y unificado para la modelaci\u00f3n del comportamiento del material que permita la descripci\u00f3n en un \u00fanico marco de la localizaci\u00f3n de las deformaciones, la degradaci\u00f3n del material, la formaci\u00f3n de fisuras y su evoluci\u00f3n, parece hallarse a\u00fan en su infancia. Las observaciones experimentales de los mecanismos que rigen la formaci\u00f3n de bandas de corte, la nucleaci\u00f3n y crecimiento de huecos y su coalescencia en las fisuras macrosc\u00f3picas, sugieren a su vez la adopci\u00f3n de un enfoque energ\u00e9tico global para su interpretaci\u00f3n y modelizaci\u00f3n. La evoluci\u00f3n de la deformaci\u00f3n del material con sus diferentes singulares manifestaciones puede interpretarse como el resultado de una competencia entre dos contribuciones energ\u00e9ticas distintas, la energ\u00eda libre y la distancia de disipaci\u00f3n. Este paradigma en la modelaci\u00f3n, ha sido ya aplicado con \u00e9xito para describir microestructuras en s\u00f3lido cristalino y para la modelaci\u00f3n de la fractura en materiales fr\u00e1giles. En el presente proyecto, se propone la formulaci\u00f3n del modelo de fractura d\u00factil mediante la combinaci\u00f3n de ambos enfoques: la teor\u00eda variacional de microestructuras y la teor\u00eda energ\u00e9tica de fractura. Aspectos importantes como el desarrollo de bandas de cortes, la iniciaci\u00f3n de fisuras y su evoluci\u00f3n, los diferentes patrones y la interacci\u00f3n con otros mecanismos de disipaci\u00f3n se tendr\u00e1n en cuenta de manera natural, a trav\u00e9s de un modelo adecuado a las correspondientes contribuciones energ\u00e9ticas. Aunque vamos a considerar s\u00f3lo las definiciones fenomenol\u00f3gicas de tales t\u00e9rminos, la formulaci\u00f3n misma permite, en principio, tambi\u00e9n otro tipo de paradigmas de modelaci\u00f3n (multiescala, atomista, h\u00edbrida, etc), dependiendo de c\u00f3mo se modelan la energ\u00eda libre y los mecanismos de disipaci\u00f3n. Una vez formulado el modelo, la meta es su aplicaci\u00f3n pr\u00e1ctica, para la cual se proponen tambi\u00e9n la ejecuci\u00f3n de pruebas experimentales para la validaci\u00f3n y luego la aplicaci\u00f3n para la evaluaci\u00f3n de la integridad estructural de componentes o procesos de manufactura locales.<\/p>\n<p style=\"text-align: justify;\"><strong>Palabra clave:<\/strong> Fractura d\u00factil; Formulaci\u00f3n variacional de la fractura;\u00a0Microestructuras; Fuerzas cohesivas; Minimizaci\u00f3n local; M\u00e9todo de\u00a0contornos activos; Segmentaci\u00f3n de im\u00e1genes.<\/p>\n","protected":false},"excerpt":{"rendered":"<p>MODELACI\u00d3N ENERG\u00c9TICA DE LA FRACTURA D\u00daCTIL: SIMULACIONES NUM\u00c9RICAS Y EXPERIMENTALES (CIUNT 26\/E527) Director: ORLANDO, Antonio Co-Director: LUEGE, Mariela Periodo de Ejecuci\u00f3n: Inicio 01\/01\/2014 \u2013 Finalizaci\u00f3n 31\/12\/2017 Resumen La simulaci\u00f3n num\u00e9rica de la fractura d\u00factil es de gran inter\u00e9s en aplicaciones industriales, especialmente cuando los ensayos a escala experimental podr\u00edan ser demasiado caros o impracticables. Diferentes [&hellip;]<\/p>\n","protected":false},"author":20,"featured_media":0,"parent":151,"menu_order":18,"comment_status":"closed","ping_status":"closed","template":"","meta":[],"_links":{"self":[{"href":"https:\/\/www.facet.unt.edu.ar\/iest\/wp-json\/wp\/v2\/pages\/1376"}],"collection":[{"href":"https:\/\/www.facet.unt.edu.ar\/iest\/wp-json\/wp\/v2\/pages"}],"about":[{"href":"https:\/\/www.facet.unt.edu.ar\/iest\/wp-json\/wp\/v2\/types\/page"}],"author":[{"embeddable":true,"href":"https:\/\/www.facet.unt.edu.ar\/iest\/wp-json\/wp\/v2\/users\/20"}],"replies":[{"embeddable":true,"href":"https:\/\/www.facet.unt.edu.ar\/iest\/wp-json\/wp\/v2\/comments?post=1376"}],"version-history":[{"count":6,"href":"https:\/\/www.facet.unt.edu.ar\/iest\/wp-json\/wp\/v2\/pages\/1376\/revisions"}],"predecessor-version":[{"id":2050,"href":"https:\/\/www.facet.unt.edu.ar\/iest\/wp-json\/wp\/v2\/pages\/1376\/revisions\/2050"}],"up":[{"embeddable":true,"href":"https:\/\/www.facet.unt.edu.ar\/iest\/wp-json\/wp\/v2\/pages\/151"}],"wp:attachment":[{"href":"https:\/\/www.facet.unt.edu.ar\/iest\/wp-json\/wp\/v2\/media?parent=1376"}],"curies":[{"name":"wp","href":"https:\/\/api.w.org\/{rel}","templated":true}]}}