{"id":155,"date":"2015-01-18T00:45:44","date_gmt":"2015-01-18T03:45:44","guid":{"rendered":"https:\/\/www.facet.unt.edu.ar\/iest\/?page_id=155"},"modified":"2018-03-09T01:03:07","modified_gmt":"2018-03-09T04:03:07","slug":"servicios-a-terceros","status":"publish","type":"page","link":"https:\/\/www.facet.unt.edu.ar\/iest\/servicios-a-terceros\/","title":{"rendered":"Servicios a Terceros"},"content":{"rendered":"<p style=\"text-align: justify;\">El Instituto de Estructuras presta servicios de consultor\u00eda integral, con enfoque multidisciplinario, destinados a satisfacer problemas de ingenier\u00eda de alta complejidad que se plantean desde empresas e instituciones p\u00fablicas y privadas.<\/p>\n<p style=\"text-align: justify;\">M\u00e1s de cuarenta a\u00f1os de trayectoria permiten a la instituci\u00f3n ser referente calificado en Instrumentaci\u00f3n y Metrolog\u00eda, Patolog\u00eda Estructural, Adecuaci\u00f3n Tecnol\u00f3gica de elementos de sistemas constructivos de acuerdo a normas nacionales (IRAM \u2013 CIRSOC) o extranjeras (ACI \u2013 DIN \u2013 API \u2013 ASME &#8211; EUROCODE) y Control de Calidad en sistemas, procesos o construcciones en ejecuci\u00f3n, mediante aplicaci\u00f3n de normativa\u00a0 ISO.<\/p>\n<p style=\"text-align: justify;\">El Instituto dispone de recursos humanos altamente capacitados en el manejo de programas computacionales destinados al an\u00e1lisis estructural y\/o material mediante t\u00e9cnicas num\u00e9ricas y en particular el m\u00e9todo de los elementos finitos. Esto posibilita la realizaci\u00f3n de trabajos de alta complejidad y asesoramiento en el estudio de problemas no convencionales de ingenier\u00eda.<\/p>\n<p style=\"text-align: justify;\">Amplias instalaciones, equipamientos e instrumental para el an\u00e1lisis experimental, tales como losa reactiva, p\u00f3rticos de carga,\u00a0 gatos hidr\u00e1ulicos de aplicaci\u00f3n de fuerzas, equipos de tesado, puente gr\u00faa, etc., permiten realizar ensayos de modelos a escala real o reducida. Adem\u00e1s, se dispone de los instrumentos de medici\u00f3n m\u00e1s avanzados para realizar estudios in situ sobre estructuras existentes, mediante diversas t\u00e9cnicas de ensayos no destructivos.<\/p>\n<p><strong>SERVICIOS OFRECIDOS<\/strong><\/p>\n<p style=\"text-align: justify;\">Consultor\u00eda, asesoramiento, capacitaci\u00f3n, ensayos de laboratorio y otras actividades especializadas de extensi\u00f3n hacia la sociedad<\/p>\n<table class=\" aligncenter\" style=\"width: 620px;\" cellspacing=\"0\" cellpadding=\"0\">\n<tbody>\n<tr>\n<td style=\"width: 310px; border-color: #ffffff; text-align: center; vertical-align: middle; background-color: #e0e0e0;\" width=\"324\"><strong>Ensayos Est\u00e1ticos y Din\u00e1micos sobre elementos estructurales y de estructuras<\/strong><\/td>\n<td style=\"width: 310px; border-color: #ffffff; vertical-align: middle; background-color: #e0e0e0;\" valign=\"top\" width=\"260\"><img decoding=\"async\" loading=\"lazy\" class=\" wp-image-123 aligncenter\" src=\"https:\/\/www.facet.unt.edu.ar\/iest\/wp-content\/uploads\/sites\/22\/2014\/12\/lab_004.jpg\" alt=\"lab_004\" width=\"300\" height=\"205\" \/><\/td>\n<\/tr>\n<tr>\n<td style=\"width: 310px; border-color: #ffffff; text-align: center; vertical-align: middle; background-color: #e0e0e0;\" width=\"324\"><strong>Modelaci\u00f3n Num\u00e9rica Computacional<\/strong><\/td>\n<td style=\"width: 310px; border-color: #ffffff; vertical-align: middle; background-color: #e0e0e0;\" valign=\"top\" width=\"260\"><img decoding=\"async\" loading=\"lazy\" class=\" size-medium wp-image-879 aligncenter\" src=\"https:\/\/www.facet.unt.edu.ar\/iest\/wp-content\/uploads\/sites\/22\/2015\/01\/benito-proyecto-1-04-300x191.jpg\" alt=\"benito-proyecto 1 04\" width=\"300\" height=\"191\" srcset=\"https:\/\/www.facet.unt.edu.ar\/iest\/wp-content\/uploads\/sites\/22\/2015\/01\/benito-proyecto-1-04-300x191.jpg 300w, https:\/\/www.facet.unt.edu.ar\/iest\/wp-content\/uploads\/sites\/22\/2015\/01\/benito-proyecto-1-04.jpg 448w\" sizes=\"(max-width: 300px) 100vw, 300px\" \/><\/td>\n<\/tr>\n<tr>\n<td style=\"width: 310px; border-color: #ffffff; text-align: center; vertical-align: middle; background-color: #e0e0e0;\" width=\"324\"><strong>Reparaci\u00f3n y Refuerzo de Estructuras<\/strong><\/td>\n<td style=\"width: 310px; border-color: #ffffff; vertical-align: middle; background-color: #e0e0e0;\" valign=\"top\" width=\"260\"><img decoding=\"async\" loading=\"lazy\" class=\" wp-image-784 aligncenter\" src=\"https:\/\/www.facet.unt.edu.ar\/iest\/wp-content\/uploads\/sites\/22\/2015\/01\/sat_03.jpg\" alt=\"sat_03\" width=\"300\" height=\"198\" \/><\/td>\n<\/tr>\n<tr>\n<td style=\"width: 310px; border-color: #ffffff; text-align: center; vertical-align: middle; background-color: #e0e0e0;\" width=\"324\"><strong>Patolog\u00eda de las Construcciones<\/strong><\/td>\n<td style=\"width: 310px; border-color: #ffffff; vertical-align: middle; background-color: #e0e0e0;\" valign=\"top\" width=\"260\"><img decoding=\"async\" loading=\"lazy\" class=\" wp-image-124 aligncenter\" src=\"https:\/\/www.facet.unt.edu.ar\/iest\/wp-content\/uploads\/sites\/22\/2014\/12\/sat_04.jpg\" alt=\"sat_04\" width=\"300\" height=\"234\" \/><\/td>\n<\/tr>\n<tr>\n<td style=\"width: 310px; border-color: #ffffff; text-align: center; vertical-align: middle; background-color: #e0e0e0;\" width=\"324\"><strong>Asesoramiento sobre Recuperaci\u00f3n y Rehabilitaci\u00f3n de Patrimonio Arquitect\u00f3nico e Hist\u00f3rico<\/strong><\/td>\n<td style=\"width: 310px; border-color: #ffffff; vertical-align: middle; background-color: #e0e0e0;\" valign=\"top\" width=\"260\"><img decoding=\"async\" loading=\"lazy\" class=\" wp-image-782 aligncenter\" src=\"https:\/\/www.facet.unt.edu.ar\/iest\/wp-content\/uploads\/sites\/22\/2015\/01\/sat_05.jpg\" alt=\"sat_05\" width=\"300\" height=\"226\" \/><\/td>\n<\/tr>\n<tr>\n<td style=\"width: 310px; border-color: #ffffff; text-align: center; vertical-align: middle; background-color: #e0e0e0;\" width=\"324\"><strong>Asesoramientos y Auditorias T\u00e9cnicas<\/strong><\/td>\n<td style=\"width: 310px; border-color: #ffffff; vertical-align: middle; background-color: #e0e0e0;\" valign=\"top\" width=\"260\"><img decoding=\"async\" loading=\"lazy\" class=\" wp-image-781 aligncenter\" src=\"https:\/\/www.facet.unt.edu.ar\/iest\/wp-content\/uploads\/sites\/22\/2015\/01\/sat_07.jpg\" alt=\"sat_07\" width=\"300\" height=\"226\" \/><\/td>\n<\/tr>\n<tr>\n<td style=\"width: 310px; border-color: #ffffff; text-align: center; vertical-align: middle; background-color: #e0e0e0;\" width=\"324\"><strong>Instrumentaci\u00f3n y Metrolog\u00eda<\/strong><\/td>\n<td style=\"width: 310px; border-color: #ffffff; vertical-align: middle; background-color: #e0e0e0;\" valign=\"top\" width=\"260\"><img decoding=\"async\" loading=\"lazy\" class=\" wp-image-780 aligncenter\" src=\"https:\/\/www.facet.unt.edu.ar\/iest\/wp-content\/uploads\/sites\/22\/2015\/01\/sat_08.jpg\" alt=\"sat_08\" width=\"300\" height=\"200\" \/><\/td>\n<\/tr>\n<tr>\n<td style=\"width: 310px; border-color: #ffffff; text-align: center; vertical-align: middle; background-color: #e0e0e0;\" width=\"324\"><strong>Investigaci\u00f3n Aplicada y Transferencia Tecnol\u00f3gica<\/strong><\/td>\n<td style=\"width: 310px; border-color: #ffffff; vertical-align: middle; background-color: #e0e0e0;\" valign=\"top\" width=\"260\"><img decoding=\"async\" loading=\"lazy\" class=\" wp-image-779 aligncenter\" src=\"https:\/\/www.facet.unt.edu.ar\/iest\/wp-content\/uploads\/sites\/22\/2015\/01\/sat_09.jpg\" alt=\"sat_09\" width=\"300\" height=\"199\" \/><\/td>\n<\/tr>\n<\/tbody>\n<\/table>\n<p style=\"text-align: left;\" align=\"left\"><strong>PRINCIPALES COMITENTES:<\/strong><br \/>\n<img decoding=\"async\" loading=\"lazy\" class=\"aligncenter wp-image-778 \" src=\"https:\/\/www.facet.unt.edu.ar\/iest\/wp-content\/uploads\/sites\/22\/2015\/01\/sat_marcas.jpg\" alt=\"sat_marcas\" width=\"500\" height=\"252\" srcset=\"https:\/\/www.facet.unt.edu.ar\/iest\/wp-content\/uploads\/sites\/22\/2015\/01\/sat_marcas.jpg 448w, https:\/\/www.facet.unt.edu.ar\/iest\/wp-content\/uploads\/sites\/22\/2015\/01\/sat_marcas-300x151.jpg 300w\" sizes=\"(max-width: 500px) 100vw, 500px\" \/><\/p>\n<table class=\" aligncenter\" style=\"width: 550px;\" border=\"0\" cellspacing=\"0\" cellpadding=\"0\" align=\"center\">\n<tbody>\n<tr>\n<td style=\"border-color: #ffffff; width: 200px; height: 15px;\" valign=\"top\" width=\"32%\" height=\"10\">Repsol YPF<\/td>\n<td style=\"border-color: #ffffff; width: 350px; height: 15px;\" valign=\"top\" width=\"68%\" height=\"10\">ANSES (AFIP)<\/td>\n<\/tr>\n<tr>\n<td style=\"border-color: #ffffff; width: 200px; height: 15px;\" valign=\"top\" width=\"32%\" height=\"10\">Scania<\/td>\n<td style=\"border-color: #ffffff; width: 350px; height: 15px;\" valign=\"top\" height=\"10\">Corte Suprema de Justicia de la Naci\u00f3n<\/td>\n<\/tr>\n<tr>\n<td style=\"border-color: #ffffff; width: 200px; height: 15px;\" valign=\"top\" width=\"32%\" height=\"10\">General Electric<\/td>\n<td style=\"border-color: #ffffff; width: 350px; height: 15px;\" valign=\"top\" height=\"10\">Direcci\u00f3n Nacional de Arquitectura<\/td>\n<\/tr>\n<tr>\n<td style=\"border-color: #ffffff; width: 200px; height: 15px;\" valign=\"top\" height=\"10\">Refinor<\/td>\n<td style=\"border-color: #ffffff; width: 350px; height: 15px;\" valign=\"top\" height=\"10\">Direcci\u00f3n Provincial de Vialidad Tucum\u00e1n<\/td>\n<\/tr>\n<tr>\n<td style=\"border-color: #ffffff; width: 200px; height: 15px;\" valign=\"top\" width=\"32%\" height=\"10\">SADE<\/td>\n<td style=\"border-color: #ffffff; width: 350px; height: 15px;\" valign=\"top\" height=\"10\">Poder Judicial de la Provincia de Tucum\u00e1n<\/td>\n<\/tr>\n<tr>\n<td style=\"border-color: #ffffff; width: 200px; height: 15px;\" valign=\"top\" width=\"32%\" height=\"10\">GasNor<\/td>\n<td style=\"border-color: #ffffff; width: 350px; height: 15px;\" valign=\"top\" height=\"10\">Poder Judicial de la Provincia de Jujuy<\/td>\n<\/tr>\n<tr>\n<td style=\"border-color: #ffffff; width: 200px; height: 15px;\" valign=\"top\" width=\"32%\" height=\"10\">Arcor SAIC<\/td>\n<td style=\"border-color: #ffffff; width: 350px; height: 15px;\" valign=\"top\" height=\"10\">Instituto de Vivienda y urbanismo Jujuy<\/td>\n<\/tr>\n<tr>\n<td style=\"border-color: #ffffff; width: 200px; height: 15px;\" valign=\"top\" width=\"32%\" height=\"10\">Aduana de Jujuy<\/td>\n<td style=\"border-color: #ffffff; width: 350px; height: 15px;\" valign=\"top\" height=\"10\">Pluspetrol Energy S.A.<\/td>\n<\/tr>\n<tr>\n<td style=\"border-color: #ffffff; width: 200px; height: 15px;\" valign=\"top\" width=\"32%\" height=\"10\">CIRSOC<\/td>\n<td style=\"border-color: #ffffff; width: 350px; height: 15px;\" valign=\"top\" height=\"10\">Obispado de Catamarca<\/td>\n<\/tr>\n<\/tbody>\n<\/table>\n","protected":false},"excerpt":{"rendered":"<p>El Instituto de Estructuras presta servicios de consultor\u00eda integral, con enfoque multidisciplinario, destinados a satisfacer problemas de ingenier\u00eda de alta complejidad que se plantean desde empresas e instituciones p\u00fablicas y privadas. M\u00e1s de cuarenta a\u00f1os de trayectoria permiten a la instituci\u00f3n ser referente calificado en Instrumentaci\u00f3n y Metrolog\u00eda, Patolog\u00eda Estructural, Adecuaci\u00f3n Tecnol\u00f3gica de elementos de [&hellip;]<\/p>\n","protected":false},"author":20,"featured_media":0,"parent":0,"menu_order":5,"comment_status":"closed","ping_status":"closed","template":"","meta":[],"_links":{"self":[{"href":"https:\/\/www.facet.unt.edu.ar\/iest\/wp-json\/wp\/v2\/pages\/155"}],"collection":[{"href":"https:\/\/www.facet.unt.edu.ar\/iest\/wp-json\/wp\/v2\/pages"}],"about":[{"href":"https:\/\/www.facet.unt.edu.ar\/iest\/wp-json\/wp\/v2\/types\/page"}],"author":[{"embeddable":true,"href":"https:\/\/www.facet.unt.edu.ar\/iest\/wp-json\/wp\/v2\/users\/20"}],"replies":[{"embeddable":true,"href":"https:\/\/www.facet.unt.edu.ar\/iest\/wp-json\/wp\/v2\/comments?post=155"}],"version-history":[{"count":12,"href":"https:\/\/www.facet.unt.edu.ar\/iest\/wp-json\/wp\/v2\/pages\/155\/revisions"}],"predecessor-version":[{"id":2046,"href":"https:\/\/www.facet.unt.edu.ar\/iest\/wp-json\/wp\/v2\/pages\/155\/revisions\/2046"}],"wp:attachment":[{"href":"https:\/\/www.facet.unt.edu.ar\/iest\/wp-json\/wp\/v2\/media?parent=155"}],"curies":[{"name":"wp","href":"https:\/\/api.w.org\/{rel}","templated":true}]}}