{"id":195,"date":"2015-01-18T01:21:56","date_gmt":"2015-01-18T04:21:56","guid":{"rendered":"https:\/\/www.facet.unt.edu.ar\/iest\/?page_id=195"},"modified":"2025-09-23T11:30:00","modified_gmt":"2025-09-23T14:30:00","slug":"doctorado","status":"publish","type":"page","link":"https:\/\/www.facet.unt.edu.ar\/iest\/docencia\/doctorado\/","title":{"rendered":"Doctorado en Ingenier\u00eda"},"content":{"rendered":"<div id=\"pl-195\" class=\"panel-layout\">\n<div id=\"pg-195-0\" class=\"panel-grid panel-no-style\">\n<div id=\"pgc-195-0-0\" class=\"panel-grid-cell\" data-weight=\"1\">\n<div id=\"panel-195-0-0-0\" class=\"so-panel widget widget_sow-button panel-first-child\" data-index=\"0\" data-style=\"{&quot;background_image_attachment&quot;:false,&quot;background_display&quot;:&quot;tile&quot;}\"><div\n\t\t\t\n\t\t\tclass=\"so-widget-sow-button so-widget-sow-button-atom-dc7c5204053d\"\n\t\t\t\n\t\t><div class=\"ow-button-base ow-button-align-justify\">\n\t<a href=\"https:\/\/www.facet.unt.edu.ar\/iest\/tramites-documentos-doc\/\" class=\"ow-icon-placement-left ow-button-hover\" \t\t>\n\t\t<span>\n\t\t\t\n\t\t\tTramites - Documentos\t\t<\/span>\n\t<\/a>\n<\/div>\n<\/div><\/div>\n<div id=\"panel-195-0-0-1\" class=\"so-panel widget widget_sow-editor panel-last-child\" data-index=\"1\">\n<div class=\"so-widget-sow-editor so-widget-sow-editor-base\">\n<div class=\"siteorigin-widget-tinymce textwidget\">\n<h2 align=\"center\">DOCTORADO EN INGENIERIA<\/h2>\n<div align=\"center\">CARRERA DE POSGRADO<\/div>\n<div align=\"center\"><span class=\"subtitulo\"><span class=\"subtitulo\"> Acreditada con Categor\u00eda &#8220;A&#8221;\u00a0por la <a href=\"http:\/\/www.coneau.gov.ar\/CONEAU\/\" target=\"_blank\" rel=\"noopener noreferrer\">CONEAU<\/a> RESFC-2022-315-APN-CONEAU#ME<\/span><\/span><\/div>\n<div align=\"center\">\n<p>Reconocimiento oficial del T\u00edtulo y Validez Nacional RESOL-2023-161-APN-SECPU#ME<\/p>\n<\/div>\n<div style=\"text-align: left;\" align=\"center\"><span class=\"subtitulo\"><span class=\"subtitulo\"><br \/>\nDirector Acad\u00e9mico : Dr. Ing. Luccioni Bibiana Mar\u00eda<\/span><\/span><\/div>\n<div style=\"text-align: left;\" align=\"center\"><\/div>\n<div style=\"text-align: left;\" align=\"center\">\n<hr \/>\n<p><strong>INSCRIPCION: <\/strong><span lang=\"es-ES\" xml:lang=\"es-ES\">Abierta todo el a\u00f1o.<a id=\"form_doc\"><\/a><\/span><\/p>\n<p><strong>FORMULARIO DE INSCRIPCI\u00d3N\u00a0\u00a0 \u00a0<a href=\"https:\/\/www.facet.unt.edu.ar\/iest\/wp-content\/uploads\/sites\/22\/2021\/02\/Formulario-inscripcion-DOCTORADO.doc\" target=\"_blank\" rel=\"noopener noreferrer\"><img decoding=\"async\" loading=\"lazy\" class=\"alignnone wp-image-1367\" src=\"https:\/\/www.facet.unt.edu.ar\/iest\/wp-content\/uploads\/sites\/22\/2015\/05\/word-150x150.jpg\" alt=\"word\" width=\"50\" height=\"50\" srcset=\"https:\/\/www.facet.unt.edu.ar\/iest\/wp-content\/uploads\/sites\/22\/2015\/05\/word-150x150.jpg 150w, https:\/\/www.facet.unt.edu.ar\/iest\/wp-content\/uploads\/sites\/22\/2015\/05\/word.jpg 154w\" sizes=\"(max-width: 50px) 100vw, 50px\" \/><\/a><\/strong><\/p>\n<p><strong>FECHA L\u00cdMITE DE INSCRIPCI\u00d3N:\u00a0\u00a0<\/strong>13 de febrero de 2026<\/p>\n<p><strong>NUEVA FECHA DE INICIAC\u00cdON DE LOS CURSOS:\u00a0<\/strong>16 de marzo de 2026<\/p>\n<p><strong>MATR\u00cdCULA:<\/strong><\/p>\n<p style=\"padding-left: 40px;\">Cursos y Tutor\u00edas: U$S 1000,00<br \/>\nTesis: U$S 1150,00<br \/>\nTotal: U$S 2250,00<\/p>\n<p><strong>BECAS<\/strong><\/p>\n<ul>\n<li style=\"text-align: justify;\">Matr\u00edcula: Aquellos alumnos argentinos que resulten en los primeros lugares del orden de m\u00e9ritos ser\u00e1n eximidos del pago de matr\u00edcula.<\/li>\n<li style=\"text-align: justify;\">Los candidatos se podr\u00e1n postular a las convocatorias anuales de <a href=\"https:\/\/convocatorias.conicet.gov.ar\/becas\/\">becas de doctorado de CONICET<\/a>.<\/li>\n<\/ul>\n<p align=\"justify\"><strong>INFORMES,<\/strong> Dirigirse a:<\/p>\n<p align=\"justify\">Instituto de Estructuras<br \/>\nFacultad de Ciencias Exactas y Tecnolog\u00eda<br \/>\nUniversidad Nacional de Tucum\u00e1n<br \/>\nAv. Independencia 1800<br \/>\n4000 &#8211; San Miguel de Tucum\u00e1n &#8211; Argentina<br \/>\ne-mail: <a href=\"mailto:bluccioni@herrera.unt.edu.ar\">bluccioni@herrera.unt.edu.ar<\/a><\/p>\n<hr \/>\n<p><strong>OBJETIVOS:<\/strong><\/p>\n<\/div>\n<ol>\n<li>\n<p align=\"justify\"><span lang=\"es-ES\" xml:lang=\"es-ES\">Perfeccionamiento y ampliaci\u00f3n de la formaci\u00f3n acad\u00e9mica del estudiante graduado, capacit\u00e1ndolo espec\u00edficamente para la docencia universitaria a trav\u00e9s de estudios interdisciplinarios y la intensificaci\u00f3n de su actividad creadora mediante la realizaci\u00f3n de trabajos de investigaci\u00f3n independientes que culminan en una tesis que constituye una contribuci\u00f3n original. <\/span><\/p>\n<\/li>\n<li>\n<p align=\"justify\"><span lang=\"es-ES\" xml:lang=\"es-ES\">Capacitaci\u00f3n para la realizaci\u00f3n de trabajos de alta complejidad y asesoramiento en problemas no convencionales dentro del \u00e1rea de la Ingenier\u00eda Estructural <\/span><\/p>\n<\/li>\n<\/ol>\n<p><span lang=\"es-ES\" xml:lang=\"es-ES\">Dicha formaci\u00f3n se logra a trav\u00e9s de la realizaci\u00f3n de cursos<\/span><span lang=\"es-ES\" xml:lang=\"es-ES\"> de estudio avanzados, trabajos de investigaci\u00f3n, seminarios y la elaboraci\u00f3n de una tesis. Tiene una duraci\u00f3n promedio de 5 (cinco) a\u00f1os calendarios.<\/span><\/p>\n<p align=\"justify\"><strong>REQUISITOS DE ADMISION:<\/strong><\/p>\n<ol>\n<li>Poseer t\u00edtulo de Ingeniero otorgado por universidad argentina o extranjera que acredite estudios universitarios de por lo menos cinco a\u00f1os calendarios.<\/li>\n<li><span lang=\"es-ES\" xml:lang=\"es-ES\">Tener<\/span><span lang=\"es-ES\" xml:lang=\"es-ES\"> un promedio general no menor que 7 (siete) en escala 1-10 en los \u00faltimos tres a\u00f1os del correspondiente plan de estudios.<\/span><\/li>\n<li>Presentar constancia de conocimientos de Ingl\u00e9s T\u00e9cnico.<\/li>\n<li>Presentar una solicitud y formulario de admisi\u00f3n acompa\u00f1ados de la documentaci\u00f3n pertinente.<\/li>\n<li>Mantener una entrevista con la Comisi\u00f3n de Admisi\u00f3n.<\/li>\n<\/ol>\n<p><strong>REQUISITOS DE GRADUACION<\/strong><\/p>\n<ol>\n<li>\n<p align=\"justify\"><strong>Curso de Estudios<\/strong>. Implica cursar un conjunto de materias y realizar entrenamientos espec\u00edficos de acuerdo a un plan que ser\u00e1 establecido para cada postulante por la Comisi\u00f3n de Supervisi\u00f3n. Comprender\u00e1 no menos de 620 horas de clases te\u00f3rico-pr\u00e1cticas.<\/p>\n<\/li>\n<li>\n<p align=\"justify\"><span lang=\"es-ES\" xml:lang=\"es-ES\"><strong>Participaci\u00f3n en Proyectos de Investigaci\u00f3n: <\/strong><\/span><span lang=\"es-ES\" xml:lang=\"es-ES\">Implica realizar 180 horas de tutor\u00edas en proyectos de investigaci\u00f3n del Instituto de Estructuras, independientemente de la Tesis.<\/span><\/p>\n<\/li>\n<li>\n<p align=\"justify\"><strong>Tesis de Doctorado<\/strong>. Implica realizar trabajos de investigaci\u00f3n y\/o desarrollo en el \u00e1rea de su especialidad, bajo la supervisi\u00f3n de un Director, durante por lo menos cuatro semestres acad\u00e9micos y presentar los resultados en un informe escrito (tesis) que deber\u00e1:<\/p>\n<ol>\n<li>\n<p lang=\"es-ES\" xml:lang=\"es-ES\" align=\"justify\">Constituir una contribuci\u00f3n significativa al conocimiento existente en el \u00e1rea de la Ingenier\u00eda.<\/p>\n<\/li>\n<li>\n<p lang=\"es-ES\" xml:lang=\"es-ES\" align=\"justify\">Evidenciar originalidad ya sea por el descubrimiento de nuevos hechos o el ejercicio de capacidad cr\u00edtica independiente.<\/p>\n<\/li>\n<\/ol>\n<\/li>\n<li>\n<p align=\"justify\"><strong>Examen de Doctorado<\/strong>. Implica obtener la aceptaci\u00f3n de la Tesis y satisfacer las pruebas orales, escritas o pr\u00e1cticas sobre el tema de la misma y otros temas relevantes de dicha tesis, ante el correspondiente Tribunal Examinador.<\/p>\n<\/li>\n<\/ol>\n<p style=\"text-align: left;\"><a title=\"LISTA DE MATERIAS PARA EL CURSO DE ESTUDIOS\" href=\"https:\/\/www.facet.unt.edu.ar\/iest\/lista-de-materias-para-el-curso-de-estudios\/\"><strong>LISTA DE MATERIAS PARA EL CURSO DE ESTUDIOS<\/strong><\/a><\/p>\n<p style=\"text-align: left;\"><a title=\"PROFESORES DEL CURSO DE ESTUDIOS\" href=\"https:\/\/www.facet.unt.edu.ar\/iest\/docencia\/profesores-del-curso-de-estudios\/\"><strong>PROFESORES DEL CURSO DE ESTUDIOS<\/strong><\/a><\/p>\n<\/div>\n<\/div>\n<\/div>\n<\/div>\n<\/div>\n<\/div>\n","protected":false},"excerpt":{"rendered":"<p>DOCTORADO EN INGENIERIA CARRERA DE POSGRADO Acreditada con Categor\u00eda &#8220;A&#8221;\u00a0por la CONEAU RESFC-2022-315-APN-CONEAU#ME Reconocimiento oficial del T\u00edtulo y Validez Nacional RESOL-2023-161-APN-SECPU#ME Director Acad\u00e9mico : Dr. Ing. Luccioni Bibiana Mar\u00eda INSCRIPCION: Abierta todo el a\u00f1o. FORMULARIO DE INSCRIPCI\u00d3N\u00a0\u00a0 \u00a0 FECHA L\u00cdMITE DE INSCRIPCI\u00d3N:\u00a0\u00a013 de febrero de 2026 NUEVA FECHA DE INICIAC\u00cdON DE LOS CURSOS:\u00a016 de marzo [&hellip;]<\/p>\n","protected":false},"author":20,"featured_media":0,"parent":145,"menu_order":3,"comment_status":"closed","ping_status":"closed","template":"","meta":[],"_links":{"self":[{"href":"https:\/\/www.facet.unt.edu.ar\/iest\/wp-json\/wp\/v2\/pages\/195"}],"collection":[{"href":"https:\/\/www.facet.unt.edu.ar\/iest\/wp-json\/wp\/v2\/pages"}],"about":[{"href":"https:\/\/www.facet.unt.edu.ar\/iest\/wp-json\/wp\/v2\/types\/page"}],"author":[{"embeddable":true,"href":"https:\/\/www.facet.unt.edu.ar\/iest\/wp-json\/wp\/v2\/users\/20"}],"replies":[{"embeddable":true,"href":"https:\/\/www.facet.unt.edu.ar\/iest\/wp-json\/wp\/v2\/comments?post=195"}],"version-history":[{"count":64,"href":"https:\/\/www.facet.unt.edu.ar\/iest\/wp-json\/wp\/v2\/pages\/195\/revisions"}],"predecessor-version":[{"id":3086,"href":"https:\/\/www.facet.unt.edu.ar\/iest\/wp-json\/wp\/v2\/pages\/195\/revisions\/3086"}],"up":[{"embeddable":true,"href":"https:\/\/www.facet.unt.edu.ar\/iest\/wp-json\/wp\/v2\/pages\/145"}],"wp:attachment":[{"href":"https:\/\/www.facet.unt.edu.ar\/iest\/wp-json\/wp\/v2\/media?parent=195"}],"curies":[{"name":"wp","href":"https:\/\/api.w.org\/{rel}","templated":true}]}}