{"id":2496,"date":"2021-02-05T09:19:27","date_gmt":"2021-02-05T12:19:27","guid":{"rendered":"https:\/\/www.facet.unt.edu.ar\/iest\/?page_id=2496"},"modified":"2021-02-24T18:34:15","modified_gmt":"2021-02-24T21:34:15","slug":"maestria-r3","status":"publish","type":"page","link":"https:\/\/www.facet.unt.edu.ar\/iest\/docencia\/maestria-r3\/","title":{"rendered":"Maestr\u00eda en Ingenier\u00eda Estructural (redirecciona)"},"content":{"rendered":"<p><META HTTP-EQUIV=\"REFRESH\" CONTENT=\"0;URL=https:\/\/www.facet.unt.edu.ar\/iest\/maestria\"><\/p>\n<h2 align=\"center\">17a MAESTRIA EN INGENIERIA ESTRUCTURAL<\/h2>\n<div align=\"center\">\n<div align=\"center\"><strong>(Per\u00edodo 2021-2023)\u00a0<\/strong><\/div>\n<div align=\"center\">\n<div align=\"center\">CARRERA DE POSGRADO<\/div>\n<div align=\"center\"><span class=\"subtitulo\">Acreditada con Categor\u00eda &#8220;A&#8221;\u00a0por la <a style=\"text-decoration: underline;\" href=\"http:\/\/www.coneau.gov.ar\/CONEAU\/\" target=\"_blank\" rel=\"noopener noreferrer\">CONEAU<\/a> (Res. 110\/2011)<br \/>\n<\/span><\/div>\n<div align=\"center\">Reconocimiento oficial del T\u00edtulo y Validez Nacional Res. Min. 1333\/12<\/div>\n<\/div>\n<\/div>\n<div align=\"center\">\n<div align=\"center\">\n<p>&nbsp;<\/p>\n<\/div>\n<\/div>\n<div style=\"text-align: left;\" align=\"center\"><span class=\"subtitulo\">Director Acad\u00e9mico : Dr. Ing. Luccioni Bibiana Mar\u00eda<\/span><\/div>\n<div style=\"text-align: left;\" align=\"center\"><\/div>\n<div style=\"text-align: left;\" align=\"center\">\n<hr \/>\n<table style=\"border-collapse: collapse; width: 100%;\">\n<tbody>\n<tr>\n<td style=\"width: 33.3333%; text-align: center; border-color: #ffffff;\">Afiche<\/td>\n<td style=\"width: 33.3333%; text-align: center; border-color: #ffffff;\">Folleto<\/td>\n<\/tr>\n<tr>\n<td style=\"width: 33.3333%; border-color: #ffffff;\"><a href=\"https:\/\/www.facet.unt.edu.ar\/iest\/wp-content\/uploads\/sites\/22\/2021\/02\/Afiche_Mg17_40x60-B-1.pdf\" target=\"_blank\" rel=\"noopener noreferrer\"><img decoding=\"async\" loading=\"lazy\" class=\"aligncenter wp-image-2830\" src=\"https:\/\/www.facet.unt.edu.ar\/iest\/wp-content\/uploads\/sites\/22\/2021\/02\/Afiche_Mg17_40x60-B-683x1024.jpg\" alt=\"\" width=\"413\" height=\"620\" srcset=\"https:\/\/www.facet.unt.edu.ar\/iest\/wp-content\/uploads\/sites\/22\/2021\/02\/Afiche_Mg17_40x60-B-683x1024.jpg 683w, https:\/\/www.facet.unt.edu.ar\/iest\/wp-content\/uploads\/sites\/22\/2021\/02\/Afiche_Mg17_40x60-B-200x300.jpg 200w, https:\/\/www.facet.unt.edu.ar\/iest\/wp-content\/uploads\/sites\/22\/2021\/02\/Afiche_Mg17_40x60-B-768x1152.jpg 768w, https:\/\/www.facet.unt.edu.ar\/iest\/wp-content\/uploads\/sites\/22\/2021\/02\/Afiche_Mg17_40x60-B-1024x1536.jpg 1024w, https:\/\/www.facet.unt.edu.ar\/iest\/wp-content\/uploads\/sites\/22\/2021\/02\/Afiche_Mg17_40x60-B-1365x2048.jpg 1365w, https:\/\/www.facet.unt.edu.ar\/iest\/wp-content\/uploads\/sites\/22\/2021\/02\/Afiche_Mg17_40x60-B-scaled.jpg 1707w\" sizes=\"(max-width: 413px) 100vw, 413px\" \/><\/a><\/td>\n<td style=\"width: 33.3333%; border-color: #ffffff;\"><a href=\"https:\/\/www.facet.unt.edu.ar\/iest\/wp-content\/uploads\/sites\/22\/2021\/02\/Folleto_Mg17-B.pdf\" target=\"_blank\" rel=\"noopener noreferrer\"><img decoding=\"async\" loading=\"lazy\" class=\"aligncenter wp-image-2828\" src=\"https:\/\/www.facet.unt.edu.ar\/iest\/wp-content\/uploads\/sites\/22\/2021\/02\/Folleto_Mg17-B_Pagina_1-1024x724.jpg\" alt=\"\" width=\"424\" height=\"300\" srcset=\"https:\/\/www.facet.unt.edu.ar\/iest\/wp-content\/uploads\/sites\/22\/2021\/02\/Folleto_Mg17-B_Pagina_1-1024x724.jpg 1024w, https:\/\/www.facet.unt.edu.ar\/iest\/wp-content\/uploads\/sites\/22\/2021\/02\/Folleto_Mg17-B_Pagina_1-300x212.jpg 300w, https:\/\/www.facet.unt.edu.ar\/iest\/wp-content\/uploads\/sites\/22\/2021\/02\/Folleto_Mg17-B_Pagina_1-768x543.jpg 768w, https:\/\/www.facet.unt.edu.ar\/iest\/wp-content\/uploads\/sites\/22\/2021\/02\/Folleto_Mg17-B_Pagina_1-1536x1086.jpg 1536w, https:\/\/www.facet.unt.edu.ar\/iest\/wp-content\/uploads\/sites\/22\/2021\/02\/Folleto_Mg17-B_Pagina_1-2048x1448.jpg 2048w\" sizes=\"(max-width: 424px) 100vw, 424px\" \/><\/a><a href=\"https:\/\/www.facet.unt.edu.ar\/iest\/wp-content\/uploads\/sites\/22\/2021\/02\/Folleto_Mg17-B.pdf\" target=\"_blank\" rel=\"noopener noreferrer\"><img decoding=\"async\" loading=\"lazy\" class=\"aligncenter wp-image-2829\" src=\"https:\/\/www.facet.unt.edu.ar\/iest\/wp-content\/uploads\/sites\/22\/2021\/02\/Folleto_Mg17-B_Pagina_2-1024x724.jpg\" alt=\"\" width=\"424\" height=\"300\" srcset=\"https:\/\/www.facet.unt.edu.ar\/iest\/wp-content\/uploads\/sites\/22\/2021\/02\/Folleto_Mg17-B_Pagina_2-1024x724.jpg 1024w, https:\/\/www.facet.unt.edu.ar\/iest\/wp-content\/uploads\/sites\/22\/2021\/02\/Folleto_Mg17-B_Pagina_2-300x212.jpg 300w, https:\/\/www.facet.unt.edu.ar\/iest\/wp-content\/uploads\/sites\/22\/2021\/02\/Folleto_Mg17-B_Pagina_2-768x543.jpg 768w, https:\/\/www.facet.unt.edu.ar\/iest\/wp-content\/uploads\/sites\/22\/2021\/02\/Folleto_Mg17-B_Pagina_2-1536x1086.jpg 1536w, https:\/\/www.facet.unt.edu.ar\/iest\/wp-content\/uploads\/sites\/22\/2021\/02\/Folleto_Mg17-B_Pagina_2-2048x1448.jpg 2048w\" sizes=\"(max-width: 424px) 100vw, 424px\" \/><\/a><\/p>\n<p>&nbsp;<\/td>\n<\/tr>\n<\/tbody>\n<\/table>\n<hr \/>\n<p style=\"text-align: justify;\"><strong>INSCRIPCION:\u00a0<\/strong><span lang=\"es-ES\" xml:lang=\"es-ES\">Abierta hasta el 05 de Marzo de 2021.<a id=\"form_maes\"><\/a><\/span><\/p>\n<p style=\"text-align: justify;\"><strong>FORMULARIO DE INSCRIPCI\u00d3N\u00a0\u00a0 \u00a0<a href=\"https:\/\/www.facet.unt.edu.ar\/iest\/wp-content\/uploads\/sites\/22\/2021\/02\/Formulario-inscripcion-MAESTRIA.doc\" target=\"_blank\" rel=\"noopener noreferrer\"><img decoding=\"async\" loading=\"lazy\" class=\"alignnone wp-image-1367\" src=\"https:\/\/www.facet.unt.edu.ar\/iest\/wp-content\/uploads\/sites\/22\/2015\/05\/word-150x150.jpg\" sizes=\"(max-width: 50px) 100vw, 50px\" srcset=\"https:\/\/www.facet.unt.edu.ar\/iest\/wp-content\/uploads\/sites\/22\/2015\/05\/word-150x150.jpg 150w, https:\/\/www.facet.unt.edu.ar\/iest\/wp-content\/uploads\/sites\/22\/2015\/05\/word.jpg 154w\" alt=\"word\" width=\"50\" height=\"50\" \/><\/a><\/strong><\/p>\n<p style=\"text-align: justify;\"><strong>INICIACION DE LOS CURSOS:\u00a0\u00a0\u00a0<\/strong>15 de Marzo de 2021<\/p>\n<\/div>\n<p style=\"text-align: justify;\"><strong>MATR\u00cdCULA:<\/strong><\/p>\n<p style=\"padding-left: 30px; text-align: justify;\">Cursos y Tutor\u00edas: U$S600,00<br \/>\nTesis: U$S400,00<br \/>\nTotal: U$S1000,00<\/p>\n<p style=\"text-align: justify;\"><strong>BECAS<\/strong><\/p>\n<ul style=\"text-align: justify;\">\n<li>Matr\u00edcula: Aquellos alumnos argentinos que resulten en los primeros lugares del orden de m\u00e9ritos ser\u00e1n eximidos del pago de matr\u00edcula.<\/li>\n<li>Apoyo para postularse a becas de instituciones p\u00fablicas\u00a0o privadas.<\/li>\n<\/ul>\n<p style=\"text-align: justify;\" align=\"justify\"><strong>INFORMES:<\/strong>\u00a0Dirigirse a:<\/p>\n<p align=\"justify\">Instituto de Estructuras<br \/>\nFacultad de Ciencias Exactas y Tecnolog\u00eda<br \/>\nUniversidad Nacional de Tucum\u00e1n<br \/>\nAv. Independencia 1800<br \/>\n4000 \u2013 San Miguel de Tucum\u00e1n \u2013 Argentina<br \/>\nTel \/ Fax (0381) 4364087<br \/>\nTel (0381) 4364093 \u2013 Interno 7788<br \/>\ne-mail: <a href=\"mailto:bluccioni@herrera.unt.edu.ar\">bluccioni@herrera.unt.edu.ar<\/a><\/p>\n<hr \/>\n<p style=\"text-align: justify;\"><strong>OBJETIVOS:<\/strong><\/p>\n<ol style=\"text-align: justify;\">\n<li>\n<p align=\"justify\"><span lang=\"es-ES\" xml:lang=\"es-ES\">Formaci\u00f3n de recursos humanos para la investigaci\u00f3n cient\u00edfica y tecnol\u00f3gi<\/span><span lang=\"es-ES\" xml:lang=\"es-ES\">ca y la docencia universitaria. <\/span><\/p>\n<\/li>\n<li><span lang=\"es-ES\" xml:lang=\"es-ES\">Capacitaci\u00f3n para la realizaci\u00f3n de trabajos de alta complejidad y asesorarmiento en problemas no convencionales dentro del \u00e1rea de la Ingenier\u00eda Estructural<\/span><span lang=\"es-ES\" xml:lang=\"es-ES\">.<\/span><\/li>\n<\/ol>\n<p style=\"text-align: justify;\"><span lang=\"es-ES\" xml:lang=\"es-ES\">Dicha formaci\u00f3n se logra a trav\u00e9s de la realizaci\u00f3n de cursos de estudio avanzados, trabajos de investigaci\u00f3n, seminarios y la elaboraci\u00f3n de una tesis. Tiene una duraci\u00f3n entre 2 (dos) y 4 (cuatro) a\u00f1os dependiendo de la dedicaci\u00f3n.<\/span><\/p>\n<p style=\"text-align: justify;\" align=\"justify\"><strong>REQUISITOS DE ADMISION:<\/strong><\/p>\n<ol>\n<li style=\"text-align: justify;\">Poseer t\u00edtulo de Ingeniero otorgado por universidad argentina o extranjera que acredite estudios universitarios de por lo menos cinco a\u00f1os calendarios.<\/li>\n<li style=\"text-align: justify;\"><span lang=\"es-ES\" xml:lang=\"es-ES\">Tener<\/span><span lang=\"es-ES\" xml:lang=\"es-ES\"> un promedio general no menor que 7 (siete) en escala 1-10 en los \u00faltimos tres a\u00f1os del correspondiente plan de estudios.<\/span><\/li>\n<li style=\"text-align: justify;\">Presentar constancia de conocimientos de Ingl\u00e9s T\u00e9cnico.<\/li>\n<li style=\"text-align: justify;\">Presentar una solicitud y formulario de admisi\u00f3n acompa\u00f1ados de la documentaci\u00f3n pertinente.<\/li>\n<li style=\"text-align: justify;\">Mantener una entrevista con la Comisi\u00f3n de Admisi\u00f3n.<\/li>\n<\/ol>\n<p style=\"text-align: justify;\"><strong>REQUISITOS DE GRADUACION<\/strong><\/p>\n<ol>\n<li style=\"text-align: justify;\">\n<p align=\"justify\"><strong>Curso de Estudios<\/strong>. Implica cursar un conjunto de materias y realizar entrenamientos espec\u00edficos de acuerdo a un plan que ser\u00e1 establecido para cada postulante por la Comisi\u00f3n de Supervisi\u00f3n. Comprender\u00e1 no menos de 540 horas de clases te\u00f3rico-pr\u00e1cticas.<\/p>\n<\/li>\n<li style=\"text-align: justify;\">\n<p align=\"justify\"><strong>Participaci\u00f3n en Proyectos de Investigaci\u00f3n<\/strong>. Implica realizar 160 horas de tutor\u00edas en proyectos de investigaci\u00f3n del Instituto de Estructuras.<\/p>\n<\/li>\n<li style=\"text-align: justify;\">\n<p align=\"justify\"><strong>Tesis de Maestr\u00eda<\/strong>. Implica que, aprobado un porcentaje del curso de estudios (a determinar por la Comisi\u00f3n de Supervisi\u00f3n), el postulante deber\u00e1 realizar trabajos de investigaci\u00f3n y\/o desarrollo en el \u00e1rea de su especialidad, bajo la supervisi\u00f3n de un Director, durante por lo menos dos semestres acad\u00e9micos y presentar los resultados en un informe escrito (tesis) que deber\u00e1:<\/p>\n<ol>\n<li style=\"list-style-type: none;\">\n<ol>\n<li>\n<p lang=\"es-ES\" xml:lang=\"es-ES\" align=\"justify\">Contener un relevamiento y an\u00e1lisis cr\u00edtico de los trabajos publicados sobre el tema.<\/p>\n<\/li>\n<li>\n<p lang=\"es-ES\" xml:lang=\"es-ES\" align=\"justify\">Mostrar evidencia de la capacidad del postulante en el uso de m\u00e9todos y t\u00e9cnicas de la investigaci\u00f3n cient\u00edfica.<\/p>\n<\/li>\n<li>\n<p lang=\"es-ES\" xml:lang=\"es-ES\" align=\"justify\">Constituir un aporte al tema elegido.<\/p>\n<\/li>\n<\/ol>\n<\/li>\n<\/ol>\n<\/li>\n<li style=\"text-align: justify;\"><strong>Examen de Maestr\u00eda<\/strong>. Consiste en obtener la aceptaci\u00f3n de la Tesis y satisfacer las pruebas orales, escritas o pr\u00e1cticas sobre el tema de la misma u otros temas relevantes de dicha tesis, ante el correspondiente Tribunal Examinador. Para ser admitido al examen de grado se requiere haber aprobado previamente las materias del Curso de Estudios.<\/li>\n<\/ol>\n<p>&nbsp;<\/p>\n<p><a title=\"LISTA DE MATERIAS PARA EL CURSO DE ESTUDIOS\" href=\"https:\/\/www.facet.unt.edu.ar\/iest\/docencia\/lista-de-materias-para-el-curso-de-estudios\/\"><strong>LISTA DE MATERIAS PARA EL CURSO DE ESTUDIOS<\/strong><\/a><\/p>\n<p>&nbsp;<\/p>\n<p><a title=\"PROFESORES DEL CURSO DE ESTUDIOS\" href=\"https:\/\/www.facet.unt.edu.ar\/iest\/docencia\/profesores-del-curso-de-estudios\/\"><strong>PROFESORES DEL CURSO DE ESTUDIOS<\/strong><\/a><\/p>\n<p>&nbsp;<\/p>\n<p lang=\"es-ES\" xml:lang=\"es-ES\"><strong>DOCTORADO EN INGENIERIA<\/strong><\/p>\n<p lang=\"es-ES\" xml:lang=\"es-ES\">Despu\u00e9s del primer a\u00f1o acad\u00e9mico, los estudiantes inscriptos en la carrera de Maestr\u00eda en Ingenier\u00eda Estructural, tienen la oportunidad de optar, (con el aval de la Comisi\u00f3n de Supervisi\u00f3n) por los estudios conducentes al grado de <a title=\"Doctorado en Ingenier\u00eda\" href=\"https:\/\/www.facet.unt.edu.ar\/iest\/docencia\/doctorado\/\">DOCTOR EN INGENIERIA<\/a>.<\/p>\n","protected":false},"excerpt":{"rendered":"<p>17a MAESTRIA EN INGENIERIA ESTRUCTURAL (Per\u00edodo 2021-2023)\u00a0 CARRERA DE POSGRADO Acreditada con Categor\u00eda &#8220;A&#8221;\u00a0por la CONEAU (Res. 110\/2011) Reconocimiento oficial del T\u00edtulo y Validez Nacional Res. Min. 1333\/12 &nbsp; Director Acad\u00e9mico : Dr. Ing. Luccioni Bibiana Mar\u00eda Afiche Folleto &nbsp; INSCRIPCION:\u00a0Abierta hasta el 05 de Marzo de 2021. FORMULARIO DE INSCRIPCI\u00d3N\u00a0\u00a0 \u00a0 INICIACION DE LOS [&hellip;]<\/p>\n","protected":false},"author":101037,"featured_media":0,"parent":145,"menu_order":2,"comment_status":"closed","ping_status":"closed","template":"","meta":[],"_links":{"self":[{"href":"https:\/\/www.facet.unt.edu.ar\/iest\/wp-json\/wp\/v2\/pages\/2496"}],"collection":[{"href":"https:\/\/www.facet.unt.edu.ar\/iest\/wp-json\/wp\/v2\/pages"}],"about":[{"href":"https:\/\/www.facet.unt.edu.ar\/iest\/wp-json\/wp\/v2\/types\/page"}],"author":[{"embeddable":true,"href":"https:\/\/www.facet.unt.edu.ar\/iest\/wp-json\/wp\/v2\/users\/101037"}],"replies":[{"embeddable":true,"href":"https:\/\/www.facet.unt.edu.ar\/iest\/wp-json\/wp\/v2\/comments?post=2496"}],"version-history":[{"count":26,"href":"https:\/\/www.facet.unt.edu.ar\/iest\/wp-json\/wp\/v2\/pages\/2496\/revisions"}],"predecessor-version":[{"id":2839,"href":"https:\/\/www.facet.unt.edu.ar\/iest\/wp-json\/wp\/v2\/pages\/2496\/revisions\/2839"}],"up":[{"embeddable":true,"href":"https:\/\/www.facet.unt.edu.ar\/iest\/wp-json\/wp\/v2\/pages\/145"}],"wp:attachment":[{"href":"https:\/\/www.facet.unt.edu.ar\/iest\/wp-json\/wp\/v2\/media?parent=2496"}],"curies":[{"name":"wp","href":"https:\/\/api.w.org\/{rel}","templated":true}]}}