{"id":2735,"date":"2021-02-19T23:53:36","date_gmt":"2021-02-20T02:53:36","guid":{"rendered":"https:\/\/www.facet.unt.edu.ar\/iest\/?page_id=2735"},"modified":"2021-02-20T01:05:49","modified_gmt":"2021-02-20T04:05:49","slug":"modelacion-constitutiva-ii","status":"publish","type":"page","link":"https:\/\/www.facet.unt.edu.ar\/iest\/docencia\/lista-de-materias-para-el-curso-de-estudios\/modelacion-constitutiva-ii\/","title":{"rendered":"Modelaci\u00f3n Constitutiva II"},"content":{"rendered":"<div id=\"MainFeature\">\n<p style=\"text-align: center;\"><strong>MAESTRIA EN INGENIERIA ESTRUCTURAL Y\u00a0DOCTORADO EN INGENIERIA <\/strong><br \/>\nInstituto de Estructuras, Facultad de Ciencias Exactas y Tecnolog\u00eda &#8211; UNT<\/p>\n<h2 style=\"text-align: center;\">Modelaci\u00f3n Constitutiva II<\/h2>\n<p><strong>Curso Fundamental Obligatorio<\/strong><\/p>\n<p><strong>Responsable:<\/strong> <a title=\"Dr. Ing. Luccioni Bibiana Maria\" href=\"https:\/\/www.facet.unt.edu.ar\/iest\/integrantes\/luccioni-bibiana-maria\/\">Dr. Ing. Luccioni\u00a0Bibiana Mar\u00eda<\/a>, <a title=\"Dr. Ing. Isla Facundo\" href=\"https:\/\/www.facet.unt.edu.ar\/iest\/integrantes\/isla-facundo\/\">Dr. Ing. Isla Facundo<\/a><\/p>\n<p><strong>Duraci\u00f3n:<\/strong> 40 horas.<\/p>\n<h2>Contenidos M\u00ednimos<\/h2>\n<p style=\"text-align: justify;\">Fractura. Objetividad de la respuesta. Modelos de da\u00f1o. Da\u00f1o escalar. Da\u00f1o anis\u00f3tropo. Da\u00f1o unilateral. Platicidad y da\u00f1o acoplados. Modelos dependientes del tiempo: da\u00f1o viscoso y viscoplasticidad. Modelos viscoel\u00e1sticos. M\u00e9todos num\u00e9ricos de soluci\u00f3n. Aplicaciones.<\/p>\n<h2>Bibliograf\u00eda<\/h2>\n<ul>\n<li>Chen, W.F., Plasticity in Reinforced Concrete, Mc Graw Hill, 1982.<\/li>\n<li>Crisfield, Non Linear Finite Element Analysis of Solids and Structures, Vol. I y II, John Willey &amp; Sons, England, 1991.<\/li>\n<li>Desai, Constitutive Laws for Engineering Materials with Emphasis in Geological Materials, Prentice Hall, 1984.<\/li>\n<li>Fung Y.C., Foundations of Solids Mechanics, Prentice Hall, 1965<\/li>\n<li>Hill, R., The Mathematical Theory Of Plasticity, Oxford university Press, Ely House, London, 1967.<\/li>\n<li>Hinton y Owen, Finite Elements in Plasticity, Pineridge Press Limited, Swansea, 1980.<\/li>\n<li>Johnson, W. and Mellor P.B., Engineering Plasticity, Van Nostrand Reinhold London, 1973.<\/li>\n<li>Kachanov, L.M., Fundamentals of the Theory of Plasticity, Mir Publishers, 1974<\/li>\n<li>Kojic M., Bathe k. J., Inelastic Analysis of Solids and Structures, Computational Fluid and Solid Mechanics, Springer, 2005.<\/li>\n<li>Lemaitre, J., A Course on Damage Mechanics, Spinger Verlag Berlin Heidelberg, 1996.<\/li>\n<li>Lemaitre J., Chaboche J.L., Mechanics of Solids Materials, Cambridge University Press, 2000.<\/li>\n<li>Lubliner, J., Plasticity Theory, Mc. Millan Publishing U.S.A., 1990.<\/li>\n<li>Luccioni B., Mec\u00e1nica de Da\u00f1o Continuo. Monograf\u00eda CIMNE N\u00ba71, Centro Internacional de M\u00e9todos Num\u00e9ricos en Ingenier\u00eda, Barcelona, Espa\u00f1a, Marzo 2003. ISBN 84-95999-19-6<\/li>\n<li>Malvern, Introduction to the Mechanics of Continuous Medium, Prentice Hall, USA, 1969.<\/li>\n<li>Maugin G.A., The Thermomechanics of Plasticity and Fracture, Cambridge University Press, 1992.<\/li>\n<li>Oller S., Fractura Mec\u00e1nica. Un enfoque global, CIMNE, Barcelona, Espa\u00f1a, 2001.<\/li>\n<li>Simo and Hughes, Computational Inelasticity, Interdisciplinary Applied mathematics, Springer, 1997<\/li>\n<\/ul>\n<\/div>\n","protected":false},"excerpt":{"rendered":"<p>MAESTRIA EN INGENIERIA ESTRUCTURAL Y\u00a0DOCTORADO EN INGENIERIA Instituto de Estructuras, Facultad de Ciencias Exactas y Tecnolog\u00eda &#8211; UNT Modelaci\u00f3n Constitutiva II Curso Fundamental Obligatorio Responsable: Dr. Ing. Luccioni\u00a0Bibiana Mar\u00eda, Dr. Ing. Isla Facundo Duraci\u00f3n: 40 horas. Contenidos M\u00ednimos Fractura. Objetividad de la respuesta. Modelos de da\u00f1o. Da\u00f1o escalar. Da\u00f1o anis\u00f3tropo. Da\u00f1o unilateral. Platicidad y da\u00f1o [&hellip;]<\/p>\n","protected":false},"author":20,"featured_media":0,"parent":274,"menu_order":9,"comment_status":"closed","ping_status":"closed","template":"","meta":[],"_links":{"self":[{"href":"https:\/\/www.facet.unt.edu.ar\/iest\/wp-json\/wp\/v2\/pages\/2735"}],"collection":[{"href":"https:\/\/www.facet.unt.edu.ar\/iest\/wp-json\/wp\/v2\/pages"}],"about":[{"href":"https:\/\/www.facet.unt.edu.ar\/iest\/wp-json\/wp\/v2\/types\/page"}],"author":[{"embeddable":true,"href":"https:\/\/www.facet.unt.edu.ar\/iest\/wp-json\/wp\/v2\/users\/20"}],"replies":[{"embeddable":true,"href":"https:\/\/www.facet.unt.edu.ar\/iest\/wp-json\/wp\/v2\/comments?post=2735"}],"version-history":[{"count":2,"href":"https:\/\/www.facet.unt.edu.ar\/iest\/wp-json\/wp\/v2\/pages\/2735\/revisions"}],"predecessor-version":[{"id":2768,"href":"https:\/\/www.facet.unt.edu.ar\/iest\/wp-json\/wp\/v2\/pages\/2735\/revisions\/2768"}],"up":[{"embeddable":true,"href":"https:\/\/www.facet.unt.edu.ar\/iest\/wp-json\/wp\/v2\/pages\/274"}],"wp:attachment":[{"href":"https:\/\/www.facet.unt.edu.ar\/iest\/wp-json\/wp\/v2\/media?parent=2735"}],"curies":[{"name":"wp","href":"https:\/\/api.w.org\/{rel}","templated":true}]}}