{"id":296,"date":"2015-01-18T04:08:29","date_gmt":"2015-01-18T07:08:29","guid":{"rendered":"https:\/\/www.facet.unt.edu.ar\/iest\/?page_id=296"},"modified":"2026-02-06T19:10:01","modified_gmt":"2026-02-06T22:10:01","slug":"calculo-numerico","status":"publish","type":"page","link":"https:\/\/www.facet.unt.edu.ar\/iest\/docencia\/lista-de-materias-para-el-curso-de-estudios\/calculo-numerico\/","title":{"rendered":"C\u00e1lculo Num\u00e9rico"},"content":{"rendered":"<div id=\"MainFeature\">\n<p style=\"text-align: center;\"><strong>MAESTRIA EN INGENIERIA ESTRUCTURAL Y\u00a0DOCTORADO EN INGENIERIA <\/strong><br \/>\nInstituto de Estructuras, Facultad de Ciencias Exactas y Tecnolog\u00eda &#8211; UNT<\/p>\n<h2 style=\"text-align: center;\">C\u00e1lculo Num\u00e9rico<\/h2>\n<p><strong>Curso Instrumental Obligatorio<\/strong><\/p>\n<p><strong>Responsable:<\/strong> Mg. Lic. Patricia Fern\u00e1ndez, Mg. Lic. Griselda Luccioni, Dr. Eduardo Guennam<\/p>\n<p><strong>Duraci\u00f3n:<\/strong> 80 horas.<\/p>\n<h2>Contenidos M\u00ednimos<\/h2>\n<p>Teor\u00eda de errores. Resoluci\u00f3n de Ecuaciones no Lineales. Soluci\u00f3n Num\u00e9rica de Sistemas de ecuaciones Lineales y no Lineales. Aproximaci\u00f3n de funciones. Cuadratura num\u00e9rica. Soluci\u00f3n Num\u00e9rica de Ecuaciones Diferenciales. Manejo de la biblioteca IMSL de rutinas matem\u00e1ticas<\/p>\n<h2>Bibliograf\u00eda<\/h2>\n<ul>\n<li>Atkinson K. An introduction to Numerical Analysis. John Wiley &amp; Sons. New York, 1978.<\/li>\n<li>Burden R. L. y Faires J. D. An\u00e1lisis Num\u00e9rico. 9va Ed. CENCAGE LEARNING, 2011.<\/li>\n<li>Chapra S., Canale R. M\u00e9todos Num\u00e9ricos para Ingenieros.7ma Ed. Mc. Graw Hill, 2016.<\/li>\n<li>Curtis G., Wheatley P. An\u00e1lisis Num\u00e9rico con Aplicaciones. Pearson Education, 2000.<\/li>\n<li>Cheney W. y Kincaid\u00a0 M\u00e9todos Num\u00e9ricos y Computaci\u00f3n, 6ta Ed. CENCAGE LEARNING, 2011.<\/li>\n<li>Gilat A., Subramaniam V. Numerical Methods for Engineers and Scientists. Wiley, 2008.<\/li>\n<li>Maron M. Numerical Analysis: A Practical Approach. Mac Millan Publishing Company N.Y, 1987.<\/li>\n<li>Nagle R. K., Saff, E. B. Snider, A. D. Ecuaciones Diferenciales y Problemas con Valores en la Frontera. Pearson, 2005.<\/li>\n<\/ul>\n<\/div>\n","protected":false},"excerpt":{"rendered":"<p>MAESTRIA EN INGENIERIA ESTRUCTURAL Y\u00a0DOCTORADO EN INGENIERIA Instituto de Estructuras, Facultad de Ciencias Exactas y Tecnolog\u00eda &#8211; UNT C\u00e1lculo Num\u00e9rico Curso Instrumental Obligatorio Responsable: Mg. Lic. Patricia Fern\u00e1ndez, Mg. Lic. Griselda Luccioni, Dr. Eduardo Guennam Duraci\u00f3n: 80 horas. Contenidos M\u00ednimos Teor\u00eda de errores. Resoluci\u00f3n de Ecuaciones no Lineales. Soluci\u00f3n Num\u00e9rica de Sistemas de ecuaciones Lineales [&hellip;]<\/p>\n","protected":false},"author":20,"featured_media":0,"parent":274,"menu_order":2,"comment_status":"closed","ping_status":"closed","template":"","meta":[],"_links":{"self":[{"href":"https:\/\/www.facet.unt.edu.ar\/iest\/wp-json\/wp\/v2\/pages\/296"}],"collection":[{"href":"https:\/\/www.facet.unt.edu.ar\/iest\/wp-json\/wp\/v2\/pages"}],"about":[{"href":"https:\/\/www.facet.unt.edu.ar\/iest\/wp-json\/wp\/v2\/types\/page"}],"author":[{"embeddable":true,"href":"https:\/\/www.facet.unt.edu.ar\/iest\/wp-json\/wp\/v2\/users\/20"}],"replies":[{"embeddable":true,"href":"https:\/\/www.facet.unt.edu.ar\/iest\/wp-json\/wp\/v2\/comments?post=296"}],"version-history":[{"count":6,"href":"https:\/\/www.facet.unt.edu.ar\/iest\/wp-json\/wp\/v2\/pages\/296\/revisions"}],"predecessor-version":[{"id":3154,"href":"https:\/\/www.facet.unt.edu.ar\/iest\/wp-json\/wp\/v2\/pages\/296\/revisions\/3154"}],"up":[{"embeddable":true,"href":"https:\/\/www.facet.unt.edu.ar\/iest\/wp-json\/wp\/v2\/pages\/274"}],"wp:attachment":[{"href":"https:\/\/www.facet.unt.edu.ar\/iest\/wp-json\/wp\/v2\/media?parent=296"}],"curies":[{"name":"wp","href":"https:\/\/api.w.org\/{rel}","templated":true}]}}