{"id":324,"date":"2015-01-18T04:27:38","date_gmt":"2015-01-18T07:27:38","guid":{"rendered":"https:\/\/www.facet.unt.edu.ar\/iest\/?page_id=324"},"modified":"2021-02-20T01:13:37","modified_gmt":"2021-02-20T04:13:37","slug":"modelacion-constitutiva-iii","status":"publish","type":"page","link":"https:\/\/www.facet.unt.edu.ar\/iest\/docencia\/lista-de-materias-para-el-curso-de-estudios\/modelacion-constitutiva-iii\/","title":{"rendered":"Modelaci\u00f3n Constitutiva III"},"content":{"rendered":"<div id=\"MainFeature\">\n<p style=\"text-align: center;\"><strong>MAESTRIA EN INGENIERIA ESTRUCTURAL Y\u00a0DOCTORADO EN INGENIERIA <\/strong><br \/>\nInstituto de Estructuras, Facultad de Ciencias Exactas y Tecnolog\u00eda &#8211; UNT<\/p>\n<h2 style=\"text-align: center;\">Modelaci\u00f3n Constitutiva III<\/h2>\n<p><strong>Curso Especializado Electivo<\/strong><\/p>\n<p><strong>Responsable:<\/strong> Dr. Ing. S. Oller<\/p>\n<p><strong>Duraci\u00f3n:<\/strong> 40 horas.<\/p>\n<h2>Contenidos M\u00ednimos<\/h2>\n<p style=\"text-align: justify;\">Conceptos B\u00e1sicos de Fractura Fr\u00e1gil. Tipos de fallas. Modos de propagaci\u00f3n de fisuras. Factor de concentraci\u00f3n de tensiones. Factor de intensidad de tensiones. Principios de la Mec\u00e1nica de Fractura. Tratamiento de la anisotrop\u00eda inicial e inducida. Modelos para materiales compuestos. Macro-modelos y Micro-modelos. Teor\u00eda de Mezclas. Teor\u00eda de Homogeneizaci\u00f3n. Deslizamiento de fibras, delaminaci\u00f3n e inestabilidad de fibras a compresi\u00f3n. Modelos para mamposter\u00eda. Modelos para materiales porosos considerando el efecto de la humedad y la temperatura. Tratamiento del fen\u00f3meno de fatiga<\/p>\n<h2>Bibliograf\u00eda<\/h2>\n<ul>\n<li>Barbero E., Finite Element An\u00e1lisis of Composite Materials, CRC Press, 2008.<\/li>\n<li>Crisfield, Non Linear Finite Element Analysis of Solids and Structures, Vol. I y II, John Willey &amp; Sons, England, 1991.<\/li>\n<li>Holzpfel, G. Nonlinear Solid Mechanics. A continuum Approach for Engineering. John Wiley &amp;Sons, Ltd., 1988.<\/li>\n<li>Hull D. Materiales compuestos 1987, Editorial Revert\u00e9, Espa\u00f1a<\/li>\n<li>Jayatilaka, A.S., Fracture of engineering brittle materials. 1979: Applied Science Publishers.<\/li>\n<li>Lemaitre, J., A course on damage mechanics. 1992: Springer Verlag.<\/li>\n<li>Lubliner, J., Plasticity Theory. 1990: Macmillan Publishing, S.A.<\/li>\n<li>Malvern, L.E., Introduction to the Mechanics of a Continuous Medium. 1969: Prentice-Hall.<\/li>\n<li>Maugin, G.A., The thermomechanics of plasticity and fracture. 1992: Cambridge University<\/li>\n<li>Oller, S., An\u00e1lisis y c\u00e1lculo de estructuras de materiales compuestos, Centro Internacional de M\u00e9todos Num\u00e9ricos en la Ingenier\u00eda. CIMNE, 2002.<\/li>\n<li>Trusdell, C. and R. Toupin, The Classical Field Theories. 1960: Handbuch der Physik III\/I &#8212; Springer Verlag, Berlin.<\/li>\n<\/ul>\n<\/div>\n","protected":false},"excerpt":{"rendered":"<p>MAESTRIA EN INGENIERIA ESTRUCTURAL Y\u00a0DOCTORADO EN INGENIERIA Instituto de Estructuras, Facultad de Ciencias Exactas y Tecnolog\u00eda &#8211; UNT Modelaci\u00f3n Constitutiva III Curso Especializado Electivo Responsable: Dr. Ing. S. Oller Duraci\u00f3n: 40 horas. Contenidos M\u00ednimos Conceptos B\u00e1sicos de Fractura Fr\u00e1gil. Tipos de fallas. Modos de propagaci\u00f3n de fisuras. Factor de concentraci\u00f3n de tensiones. Factor de intensidad [&hellip;]<\/p>\n","protected":false},"author":20,"featured_media":0,"parent":274,"menu_order":16,"comment_status":"closed","ping_status":"closed","template":"","meta":[],"_links":{"self":[{"href":"https:\/\/www.facet.unt.edu.ar\/iest\/wp-json\/wp\/v2\/pages\/324"}],"collection":[{"href":"https:\/\/www.facet.unt.edu.ar\/iest\/wp-json\/wp\/v2\/pages"}],"about":[{"href":"https:\/\/www.facet.unt.edu.ar\/iest\/wp-json\/wp\/v2\/types\/page"}],"author":[{"embeddable":true,"href":"https:\/\/www.facet.unt.edu.ar\/iest\/wp-json\/wp\/v2\/users\/20"}],"replies":[{"embeddable":true,"href":"https:\/\/www.facet.unt.edu.ar\/iest\/wp-json\/wp\/v2\/comments?post=324"}],"version-history":[{"count":9,"href":"https:\/\/www.facet.unt.edu.ar\/iest\/wp-json\/wp\/v2\/pages\/324\/revisions"}],"predecessor-version":[{"id":2777,"href":"https:\/\/www.facet.unt.edu.ar\/iest\/wp-json\/wp\/v2\/pages\/324\/revisions\/2777"}],"up":[{"embeddable":true,"href":"https:\/\/www.facet.unt.edu.ar\/iest\/wp-json\/wp\/v2\/pages\/274"}],"wp:attachment":[{"href":"https:\/\/www.facet.unt.edu.ar\/iest\/wp-json\/wp\/v2\/media?parent=324"}],"curies":[{"name":"wp","href":"https:\/\/api.w.org\/{rel}","templated":true}]}}