{"id":328,"date":"2015-01-18T04:30:57","date_gmt":"2015-01-18T07:30:57","guid":{"rendered":"https:\/\/www.facet.unt.edu.ar\/iest\/?page_id=328"},"modified":"2021-02-20T01:04:00","modified_gmt":"2021-02-20T04:04:00","slug":"temas-especiales-de-mecanica-de-los-suelos","status":"publish","type":"page","link":"https:\/\/www.facet.unt.edu.ar\/iest\/docencia\/lista-de-materias-para-el-curso-de-estudios\/temas-especiales-de-mecanica-de-los-suelos\/","title":{"rendered":"Temas Especiales de M\u00e9canica de los Suelos"},"content":{"rendered":"<div id=\"MainFeature\">\n<p style=\"text-align: center;\"><strong>MAESTRIA EN INGENIERIA ESTRUCTURAL Y\u00a0DOCTORADO EN INGENIERIA <\/strong><br \/>\nInstituto de Estructuras, Facultad de Ciencias Exactas y Tecnolog\u00eda &#8211; UNT<\/p>\n<h2 style=\"text-align: center;\">Temas Especiales de Mec\u00e1nica de los Suelos<\/h2>\n<p><strong>Curso Especializado Electivo<\/strong><\/p>\n<p><strong>Responsable:<\/strong> <a href=\"https:\/\/www.facet.unt.edu.ar\/iest\/integrantes\/jacinto-abel-c\/\">Dr. Ing. A. Jacinto<\/a><\/p>\n<p><strong>Duraci\u00f3n:<\/strong> 40 horas.<\/p>\n<h2>Contenidos M\u00ednimos<\/h2>\n<p style=\"text-align: justify;\">Tensiones. Tensiones efectivas. Deformaciones. Invariantes. Trayectoria de tensiones. An\u00e1lisis drenados y no-drenados. An\u00e1lisis en tensiones efectivas y totales. Ensayos de laboratorios b\u00e1sicos en mec\u00e1nica de suelos: edom\u00e9tricos, triaxiales, corte directo y corte simple. Introducci\u00f3n al comportamiento mec\u00e1nico de suelos granulares y suelos finos bajo carga mon\u00f3tona y c\u00edclica (compresi\u00f3n, corte drenado y no-drenado, influencia de la velocidad de carga y fluencia lenta). Estado cr\u00edtico. Introducci\u00f3n a la modelaci\u00f3n del comportamiento de suelos. Elasticidad. Elastoplasticidad. Deformaciones el\u00e1sticas. Deformaciones pl\u00e1sticas. Deformaciones de corte y volum\u00e9tricas pl\u00e1sticas. Potencial pl\u00e1stico. Regla de flujo. Modelos elasto-perfectamente pl\u00e1sticos con criterio de rotura seg\u00fan Tresca, Von Mises, Mohr-Coulomb, Drucker-Prager. Modelos elasto-pl\u00e1sticos con endurecimiento y ablandamiento. Modelo Cam-Clay. Aplicaci\u00f3n de modelos elasto-pl\u00e1sticos a suelos granulares y finos. Determinaci\u00f3n de los par\u00e1metros de los modelos. Teor\u00eda de la hipoplasticidad y de la visco-hipoplasticidad. Aplicaci\u00f3n al comportamiento de suelos granulares y finos. Determinaci\u00f3n de los par\u00e1metros de los modelos. Integraci\u00f3n de las ecuaciones constitutivas y simulaci\u00f3n de ensayos de laboratorio con los modelos presentados usando el programa (open-source) \u201cincremental driver\u201d. Ejemplos de aplicaci\u00f3n de leyes constitutivas avanzadas para la soluci\u00f3n de problemas geot\u00e9cnicos.<\/p>\n<h2>Bibliograf\u00eda<\/h2>\n<ul>\n<li>Atkinson J.H. (2007). The Mechanics of Soils and Foundations. Second Edition. CRC Press.<\/li>\n<li>Atkinson J.H., Bransby P.L. (1978). The Mechanics of Soils. An Introduction to Critical State Soil Mechanics. McGraw-Hill.<\/li>\n<li>Bear, J. \u201cDynamics of fluids in porous media\u201d. Dover Edit (197Crisfield, M. \u201cNon-linear finite element analysis of solids and structures Vol 1\u201d. John Wiles &amp; Sons Edit. (1991).<\/li>\n<li>Fredlund, D. &amp; Rahardjo, A. \u201cSoils mechanics for unsaturated soils\u201d. Wiley Interscience (1993).<\/li>\n<li>Gens, A. \u201cConstitutive Laws\u201d. In Modern issues in non-saturated soils, A. Gens P. Jouanna &amp; B. Schrefler (ed.): Wien New York: Springer-Verlag. pp. 129-158, (1995).<\/li>\n<li>Mitchell J.K., Soga K. (2005). Fundamentals of Soil Behavior. Third Edition. John Wiley &amp; Sons.<\/li>\n<li>Niemunis A. (2002). Extended hypoplastic models for soils. 192 pp.<\/li>\n<li>Schofield A., Wroth P. (1968). Critical State Soil Mechanics. McGraw-Hill.<\/li>\n<li>Wood D.M. (1990). Soil Behaviour and Critical State Soil Mechanics. Cambridge University Press.<\/li>\n<\/ul>\n<\/div>\n","protected":false},"excerpt":{"rendered":"<p>MAESTRIA EN INGENIERIA ESTRUCTURAL Y\u00a0DOCTORADO EN INGENIERIA Instituto de Estructuras, Facultad de Ciencias Exactas y Tecnolog\u00eda &#8211; UNT Temas Especiales de Mec\u00e1nica de los Suelos Curso Especializado Electivo Responsable: Dr. Ing. A. Jacinto Duraci\u00f3n: 40 horas. Contenidos M\u00ednimos Tensiones. Tensiones efectivas. Deformaciones. Invariantes. Trayectoria de tensiones. An\u00e1lisis drenados y no-drenados. An\u00e1lisis en tensiones efectivas y [&hellip;]<\/p>\n","protected":false},"author":20,"featured_media":0,"parent":274,"menu_order":18,"comment_status":"closed","ping_status":"closed","template":"","meta":[],"_links":{"self":[{"href":"https:\/\/www.facet.unt.edu.ar\/iest\/wp-json\/wp\/v2\/pages\/328"}],"collection":[{"href":"https:\/\/www.facet.unt.edu.ar\/iest\/wp-json\/wp\/v2\/pages"}],"about":[{"href":"https:\/\/www.facet.unt.edu.ar\/iest\/wp-json\/wp\/v2\/types\/page"}],"author":[{"embeddable":true,"href":"https:\/\/www.facet.unt.edu.ar\/iest\/wp-json\/wp\/v2\/users\/20"}],"replies":[{"embeddable":true,"href":"https:\/\/www.facet.unt.edu.ar\/iest\/wp-json\/wp\/v2\/comments?post=328"}],"version-history":[{"count":6,"href":"https:\/\/www.facet.unt.edu.ar\/iest\/wp-json\/wp\/v2\/pages\/328\/revisions"}],"predecessor-version":[{"id":2765,"href":"https:\/\/www.facet.unt.edu.ar\/iest\/wp-json\/wp\/v2\/pages\/328\/revisions\/2765"}],"up":[{"embeddable":true,"href":"https:\/\/www.facet.unt.edu.ar\/iest\/wp-json\/wp\/v2\/pages\/274"}],"wp:attachment":[{"href":"https:\/\/www.facet.unt.edu.ar\/iest\/wp-json\/wp\/v2\/media?parent=328"}],"curies":[{"name":"wp","href":"https:\/\/api.w.org\/{rel}","templated":true}]}}