{"id":65,"date":"2014-08-04T09:14:33","date_gmt":"2014-08-04T12:14:33","guid":{"rendered":"https:\/\/www.facet.unt.edu.ar\/iest\/home\/"},"modified":"2025-12-04T14:41:14","modified_gmt":"2025-12-04T17:41:14","slug":"home","status":"publish","type":"page","link":"https:\/\/www.facet.unt.edu.ar\/iest\/","title":{"rendered":"Inicio"},"content":{"rendered":"<p>&nbsp;<\/p>\n<hr \/>\n<p style=\"font-weight: 400; text-align: center;\"><strong>Instituto de Estructuras<\/strong><\/p>\n<p style=\"font-weight: 400; text-align: center;\"><strong>Facultad de Ciencias Exactas y Tecnolog\u00eda<\/strong><\/p>\n<p style=\"font-weight: 400; text-align: center;\"><strong>Universidad Nacional de Tucum\u00e1n<\/strong><\/p>\n<p>&nbsp;<\/p>\n<hr \/>\n<p><span style=\"font-size: 18pt;\"><strong>INSCRIPCI\u00d3N AL POSGRADO:<\/strong><\/span><\/p>\n<div>\n<hr \/>\n<\/div>\n<h2><a href=\"https:\/\/www.facet.unt.edu.ar\/iest\/docencia\/maestria\/\"><strong>MAESTRIA EN INGENIERIA ESTRUCTURAL <\/strong><\/a><\/h2>\n<div class=\"texto\">\n<hr \/>\n<\/div>\n<h2><strong><a href=\"https:\/\/www.facet.unt.edu.ar\/iest\/docencia\/doctorado\/\">DOCTORADO EN INGENIERIA<\/a><\/strong><\/h2>\n<hr \/>\n<p>&nbsp;<\/p>\n<p><img decoding=\"async\" loading=\"lazy\" class=\"alignnone wp-image-3144 \" src=\"https:\/\/www.facet.unt.edu.ar\/iest\/wp-content\/uploads\/sites\/22\/2025\/12\/Afiche_Mg19_40x60-B.png\" alt=\"\" width=\"873\" height=\"1309\" \/><\/p>\n<p>&nbsp;<\/p>\n<p>&nbsp;<\/p>\n<p>&nbsp;<\/p>\n<table style=\"height: 976px; width: 74.3716%;\" width=\"1000\">\n<tbody>\n<tr style=\"height: 21px;\">\n<td style=\"border-color: #fffb00; width: 200px; text-align: left; vertical-align: middle; background-color: #fffb00; height: 21px;\"><\/td>\n<td style=\"border-color: #fffb00; vertical-align: middle; text-align: center; background-color: #fffb00; width: 788px; height: 21px;\"><\/td>\n<\/tr>\n<tr style=\"height: 21px;\">\n<td style=\"width: 988px; border-color: #ffffff; text-align: center; height: 21px;\" colspan=\"2\" width=\"1000\"><\/td>\n<\/tr>\n<tr style=\"height: 21px;\">\n<td style=\"border-color: #ffffff; width: 988px; text-align: center; background-color: #ffffff; height: 21px;\" colspan=\"2\" width=\"1000\"><\/td>\n<\/tr>\n<tr style=\"height: 235px;\">\n<td style=\"border-color: #ffffff; width: 200px; text-align: left; vertical-align: middle; background-color: #ffffff; height: 235px;\"><\/td>\n<td style=\"border-color: #ffffff; text-align: left; vertical-align: middle; background-color: #ffffff; width: 788px; height: 235px;\">&nbsp;<\/p>\n<p><a title=\"Doctorado en Ingenier\u00eda\" href=\"https:\/\/www.facet.unt.edu.ar\/iest\/docencia\/doctorado\/\" rel=\"https:\/\/www.facet.unt.edu.ar\/iest\/docencia\/maestria\/\"><img decoding=\"async\" loading=\"lazy\" class=\" wp-image-507 alignnone\" src=\"https:\/\/www.facet.unt.edu.ar\/iest\/wp-content\/uploads\/sites\/22\/2015\/01\/bannerdoctorado-240x300.png\" alt=\"bannerdoctorado\" width=\"128\" height=\"160\" \/><\/a>\u00a0 \u00a0 \u00a0 \u00a0<a href=\"https:\/\/www.facet.unt.edu.ar\/iest\/proyectos\/\"><img decoding=\"async\" loading=\"lazy\" class=\"alignnone wp-image-1438\" src=\"https:\/\/www.facet.unt.edu.ar\/iest\/wp-content\/uploads\/sites\/22\/2015\/05\/Proyectos1.jpg\" alt=\"Proyectos1\" width=\"137\" height=\"160\" \/><\/a><a href=\"https:\/\/www.facet.unt.edu.ar\/iest\/docencia\/egresados-y-tesis-de-doctorado-en-ingenieria\/\"><img decoding=\"async\" loading=\"lazy\" class=\"alignnone wp-image-1484\" src=\"https:\/\/www.facet.unt.edu.ar\/iest\/wp-content\/uploads\/sites\/22\/2015\/12\/Libro.jpg\" alt=\"Libro\" width=\"178\" height=\"160\" \/><\/a><\/td>\n<\/tr>\n<tr style=\"height: 21px;\">\n<td style=\"border-color: #ffffff; width: 200px; text-align: left; vertical-align: middle; background-color: #ffffff; height: 21px;\"><\/td>\n<td style=\"border-color: #ffffff; text-align: left; vertical-align: middle; background-color: #ffffff; width: 788px; height: 21px;\"><\/td>\n<\/tr>\n<tr style=\"height: 21px;\">\n<td style=\"border-color: #fffb00; width: 200px; text-align: left; vertical-align: middle; background-color: #fffb00; height: 21px;\"><\/td>\n<td style=\"border-color: #fffb00; vertical-align: middle; text-align: center; background-color: #fffb00; width: 788px; height: 21px;\"><\/td>\n<\/tr>\n<tr style=\"height: 235px;\">\n<td style=\"width: 988px; border-color: #ffffff; text-align: center; height: 235px;\" colspan=\"2\" width=\"1000\">\n<h3><strong>INSTITUTO DE ESTRUCTURAS\u00a0\u201cING. ARTURO M. GUZM\u00c1N\u201d<\/strong><\/h3>\n<p style=\"text-align: center;\">Facultad de Ciencias Exactas y Tecnolog\u00eda &#8211; Universidad Nacional de Tucum\u00e1n<\/p>\n<p style=\"text-align: center;\">Av. Independencia 1800 &#8211; San Miguel de Tucum\u00e1n CP 4000- Rep\u00fablica Argentina<br \/>\ne-mail: labest@herrera.unt.edu.ar<\/p>\n<p>&nbsp;<\/td>\n<\/tr>\n<tr style=\"height: 21px;\">\n<td style=\"border-color: #ffffff; width: 988px; text-align: center; background-color: #ffffff; height: 21px;\" colspan=\"2\" width=\"1000\"><\/td>\n<\/tr>\n<tr style=\"height: 21px;\">\n<td style=\"border-color: #ffffff; width: 200px; text-align: left; vertical-align: middle; background-color: #ffffff; height: 21px;\"><\/td>\n<td style=\"border-color: #ffffff; text-align: left; vertical-align: middle; background-color: #ffffff; width: 788px; height: 21px;\"><\/td>\n<\/tr>\n<\/tbody>\n<\/table>\n<p>&nbsp;<\/p>\n","protected":false},"excerpt":{"rendered":"<p>&nbsp; Instituto de Estructuras Facultad de Ciencias Exactas y Tecnolog\u00eda Universidad Nacional de Tucum\u00e1n &nbsp; INSCRIPCI\u00d3N AL POSGRADO: MAESTRIA EN INGENIERIA ESTRUCTURAL DOCTORADO EN INGENIERIA &nbsp; &nbsp; &nbsp; &nbsp; &nbsp; \u00a0 \u00a0 \u00a0 \u00a0 INSTITUTO DE ESTRUCTURAS\u00a0\u201cING. ARTURO M. GUZM\u00c1N\u201d Facultad de Ciencias Exactas y Tecnolog\u00eda &#8211; Universidad Nacional de Tucum\u00e1n Av. Independencia 1800 &#8211; [&hellip;]<\/p>\n","protected":false},"author":1,"featured_media":0,"parent":0,"menu_order":0,"comment_status":"closed","ping_status":"closed","template":"","meta":[],"_links":{"self":[{"href":"https:\/\/www.facet.unt.edu.ar\/iest\/wp-json\/wp\/v2\/pages\/65"}],"collection":[{"href":"https:\/\/www.facet.unt.edu.ar\/iest\/wp-json\/wp\/v2\/pages"}],"about":[{"href":"https:\/\/www.facet.unt.edu.ar\/iest\/wp-json\/wp\/v2\/types\/page"}],"author":[{"embeddable":true,"href":"https:\/\/www.facet.unt.edu.ar\/iest\/wp-json\/wp\/v2\/users\/1"}],"replies":[{"embeddable":true,"href":"https:\/\/www.facet.unt.edu.ar\/iest\/wp-json\/wp\/v2\/comments?post=65"}],"version-history":[{"count":178,"href":"https:\/\/www.facet.unt.edu.ar\/iest\/wp-json\/wp\/v2\/pages\/65\/revisions"}],"predecessor-version":[{"id":3149,"href":"https:\/\/www.facet.unt.edu.ar\/iest\/wp-json\/wp\/v2\/pages\/65\/revisions\/3149"}],"wp:attachment":[{"href":"https:\/\/www.facet.unt.edu.ar\/iest\/wp-json\/wp\/v2\/media?parent=65"}],"curies":[{"name":"wp","href":"https:\/\/api.w.org\/{rel}","templated":true}]}}