{"id":960,"date":"2015-02-06T23:34:15","date_gmt":"2015-02-07T02:34:15","guid":{"rendered":"https:\/\/www.facet.unt.edu.ar\/iest\/?page_id=960"},"modified":"2018-03-09T01:01:19","modified_gmt":"2018-03-09T04:01:19","slug":"modelos-no-lineales-para-materiales-compuestos-pip-conicet","status":"publish","type":"page","link":"https:\/\/www.facet.unt.edu.ar\/iest\/proyectos\/modelos-no-lineales-para-materiales-compuestos-pip-conicet\/","title":{"rendered":"Modelos No Lineales para Materiales Compuestos (PIP CONICET)"},"content":{"rendered":"<p><strong>MODELOS NO LINEALES PARA MATERIALES COMPUESTOS (PIP CONICET 2011 GI, Cod. 11220100100105, 2012 a 2015)<\/strong><\/p>\n<p><em>NONLINEAR MODELS FOR COMPOSITE MATERIALS<\/em><\/p>\n<p><strong>Director:<\/strong>\u00a0<a title=\"Dr. Ing. Luccioni Bibiana Maria\" href=\"https:\/\/www.facet.unt.edu.ar\/iest\/integrantes\/luccioni-bibiana-maria\/\">Dr. Ing.\u00a0Luccioni, Bibiana Mar\u00eda<\/a><\/p>\n<p>&nbsp;<\/p>\n<p><strong>Resumen<\/strong><\/p>\n<p style=\"text-align: justify;\">Los elementos estructurales construidos con compuestos de matriz reforzada con fibras resultan la base de muchas de las estructuras que se est\u00e1n utilizando en la actualidad y de otras que se quieren incorporar como piezas fundamentales en aeronaves y otras aplicaciones. Para la adecuada utilizaci\u00f3n de nuevos materiales estructurales se requiere conocer con precisi\u00f3n el comportamiento de los mismos, que incluye procesos de falla que no son habituales en materiales tradicionales. La modelaci\u00f3n precisa de los mecanismos de falla en este tipo de materiales compuestos, es todav\u00eda un tema de mucha actualidad en investigaci\u00f3n, ya que no se han logrado proponer modelos que reproduzcan eficientemente los distintos fen\u00f3menos f\u00edsicos que tienen lugar y que, a la vez, puedan ser utilizados en an\u00e1lisis estructural con un costo computacional razonable.<\/p>\n<p style=\"text-align: justify;\">Este proyecto tiene por objetivo general el an\u00e1lisis del comportamiento de estructuras de materiales compuestos que se usan en la actualidad: compuestos laminados con fibras, hormigones con fibras y compuestos con nanotubos de carbono, sometidos a cargas est\u00e1ticas y din\u00e1micas, con la finalidad de crear una herramienta computacional fiable y de bajo costo de ejecuci\u00f3n que pueda tratar diferentes fen\u00f3menos no-lineales, aplicable al dise\u00f1o de elementos construidos con dichos materiales.<\/p>\n<p style=\"text-align: justify;\">En el marco del proyecto se validar\u00e1 esta herramienta para resolver estructuras y partes estructurales de autom\u00f3viles, civiles y aeron\u00e1uticas y se verificar\u00e1 su eficiencia, confiabilidad y capacidad para resolver estos problemas.<\/p>\n<p style=\"text-align: justify;\">Como objetivos espec\u00edficos se prev\u00e9 la formulaci\u00f3n de macroelementos de l\u00e1minas enriquecidos y la propuesta de modelos constitutivos para compuestos laminados con fibras que incluyan delaminaci\u00f3n, compuestos con fibras cortas, particularmente hormigones reforzados con fibras, desarrollo de teor\u00edas de compuestos evolutivos y modelos para compuestos de matriz epoxy con nanotubos de carbono. Dentro de cada uno de los temas anteriores se realizar\u00e1 la propuesta e implementaci\u00f3n num\u00e9rica en programas de elementos finitos de los modelos desarrollados, as\u00ed como la validaci\u00f3n de los modelos materiales con ensayos de laboratorio.<\/p>\n","protected":false},"excerpt":{"rendered":"<p>MODELOS NO LINEALES PARA MATERIALES COMPUESTOS (PIP CONICET 2011 GI, Cod. 11220100100105, 2012 a 2015) NONLINEAR MODELS FOR COMPOSITE MATERIALS Director:\u00a0Dr. Ing.\u00a0Luccioni, Bibiana Mar\u00eda &nbsp; Resumen Los elementos estructurales construidos con compuestos de matriz reforzada con fibras resultan la base de muchas de las estructuras que se est\u00e1n utilizando en la actualidad y de otras [&hellip;]<\/p>\n","protected":false},"author":20,"featured_media":0,"parent":151,"menu_order":12,"comment_status":"closed","ping_status":"closed","template":"","meta":[],"_links":{"self":[{"href":"https:\/\/www.facet.unt.edu.ar\/iest\/wp-json\/wp\/v2\/pages\/960"}],"collection":[{"href":"https:\/\/www.facet.unt.edu.ar\/iest\/wp-json\/wp\/v2\/pages"}],"about":[{"href":"https:\/\/www.facet.unt.edu.ar\/iest\/wp-json\/wp\/v2\/types\/page"}],"author":[{"embeddable":true,"href":"https:\/\/www.facet.unt.edu.ar\/iest\/wp-json\/wp\/v2\/users\/20"}],"replies":[{"embeddable":true,"href":"https:\/\/www.facet.unt.edu.ar\/iest\/wp-json\/wp\/v2\/comments?post=960"}],"version-history":[{"count":10,"href":"https:\/\/www.facet.unt.edu.ar\/iest\/wp-json\/wp\/v2\/pages\/960\/revisions"}],"predecessor-version":[{"id":2055,"href":"https:\/\/www.facet.unt.edu.ar\/iest\/wp-json\/wp\/v2\/pages\/960\/revisions\/2055"}],"up":[{"embeddable":true,"href":"https:\/\/www.facet.unt.edu.ar\/iest\/wp-json\/wp\/v2\/pages\/151"}],"wp:attachment":[{"href":"https:\/\/www.facet.unt.edu.ar\/iest\/wp-json\/wp\/v2\/media?parent=960"}],"curies":[{"name":"wp","href":"https:\/\/api.w.org\/{rel}","templated":true}]}}