{"id":117,"date":"2017-03-20T12:21:15","date_gmt":"2017-03-20T15:21:15","guid":{"rendered":"https:\/\/www.facet.unt.edu.ar\/ingbiomedica\/?page_id=117"},"modified":"2026-03-28T18:54:07","modified_gmt":"2026-03-28T21:54:07","slug":"cuerpo-docente","status":"publish","type":"page","link":"https:\/\/www.facet.unt.edu.ar\/ingbiomedica\/cuerpo-docente\/","title":{"rendered":"Cuerpo docente"},"content":{"rendered":"<h3>\u00a0Docentes pertenecientes a la FACET<\/h3>\n<p>&nbsp;<\/p>\n<table style=\"width: 100%; border-collapse: collapse; border-style: solid; border-color: #000000; height: 235px;\" cellspacing=\"25%\">\n<tbody>\n<tr style=\"height: 24px;\">\n<td style=\"width: 34.5758%; text-align: center; background-color: #c7c1c1; border-color: #000000; vertical-align: middle; height: 24px;\"><strong>Cargo y dedicaci\u00f3n<\/strong><\/td>\n<td style=\"width: 42.4848%; text-align: center; background-color: #c7c1c1; border-color: #000000; vertical-align: middle; height: 24px;\" colspan=\"2\"><strong>Nombre y Apellido<\/strong><\/td>\n<td style=\"width: 22.9394%; text-align: center; background-color: #c7c1c1; border-color: #000000; vertical-align: middle; height: 24px;\"><strong>Asignatura<\/strong><\/td>\n<\/tr>\n<tr style=\"height: 24px;\">\n<td style=\"width: 34.5758%; height: 24px;\">\n<p style=\"text-align: center;\">Jefe de Trabajos Pr\u00e1cticos<\/p>\n<p style=\"text-align: center;\">Dedicaci\u00f3n Simple<\/p>\n<\/td>\n<td style=\"width: 15.4242%; height: 24px;\"><em><strong><a href=\"https:\/\/www.linkedin.com\/in\/ana-l%C3%ADa-albarrac%C3%ADn-7b1a79bb\/\"><img decoding=\"async\" loading=\"lazy\" class=\"alignnone wp-image-462\" src=\"https:\/\/www.facet.unt.edu.ar\/ingbiomedica\/wp-content\/uploads\/sites\/46\/2024\/03\/10.png\" alt=\"\" width=\"95\" height=\"95\" \/><\/a><\/strong><\/em><\/td>\n<td style=\"width: 27.0606%; height: 24px;\">\n<p style=\"text-align: center;\"><em><strong>\u00a0ALBARRAC\u00cdN<\/strong><\/em>, Ana L\u00eda<\/p>\n<p style=\"text-align: center;\">aalbarracin@herrera.unt.edu.ar<\/p>\n<\/td>\n<td style=\"width: 22.9394%; height: 24px; text-align: center;\">Fisiolog\u00eda<\/td>\n<\/tr>\n<tr>\n<td style=\"width: 34.5758%;\">\n<p style=\"text-align: center;\">Auxiliar Docente Graduado &#8211; Dedicaci\u00f3n Media<\/p>\n<\/td>\n<td style=\"width: 15.4242%;\"><em><strong>\u00a0<\/strong><\/em><\/td>\n<td style=\"width: 27.0606%;\">\n<p style=\"text-align: center;\"><em><strong>BUSI,\u00a0<\/strong><\/em>Aldana Luc\u00eda<br \/>\nalbusi@herrera.unt.edu.ar<\/p>\n<\/td>\n<td style=\"width: 22.9394%; text-align: center;\">Transductores Biom\u00e9dicos e Ingenier\u00eda de Tejidos<\/td>\n<\/tr>\n<tr style=\"height: 24px;\">\n<td style=\"width: 34.5758%; height: 24px; text-align: center;\">Profesor Adjunto &#8211; Dedicaci\u00f3n Simple<\/td>\n<td style=\"width: 15.4242%; height: 24px;\"><\/td>\n<td style=\"width: 27.0606%; height: 24px; text-align: center;\"><em><strong>DIAZ CARRASCO<\/strong><\/em>, Sebasti\u00e1n Antonio<\/td>\n<td style=\"width: 22.9394%; height: 24px; text-align: center;\">Instrumentaci\u00f3n Biom\u00e9dica\u00a0 Ing. Cl\u00ednica II<\/td>\n<\/tr>\n<tr style=\"height: 24px;\">\n<td style=\"width: 34.5758%; height: 24px; text-align: center;\">Profesor Asociado &#8211; Dedicaci\u00f3n Media<\/td>\n<td style=\"width: 15.4242%; height: 24px; text-align: center;\"><em><strong><a href=\"https:\/\/www.linkedin.com\/in\/fernando-daniel-farfan\/\"><img decoding=\"async\" loading=\"lazy\" class=\"alignnone size-full wp-image-463\" src=\"https:\/\/www.facet.unt.edu.ar\/ingbiomedica\/wp-content\/uploads\/sites\/46\/2024\/03\/11.png\" alt=\"\" width=\"1080\" height=\"1080\" \/><\/a><\/strong><\/em><\/td>\n<td style=\"width: 27.0606%; height: 24px; text-align: center;\"><em><strong>FARF\u00c1N<\/strong><\/em>, Fernando Daniel ffarfan@herrera.unt.edu.ar<\/td>\n<td style=\"width: 22.9394%; height: 24px; text-align: center;\">Instrumentaci\u00f3n Biom\u00e9dica, \u00a0Ing. Cl\u00ednica II y Proy. de Graduaci\u00f3n<\/td>\n<\/tr>\n<tr style=\"height: 19px;\">\n<td style=\"width: 34.5758%; height: 19px; text-align: center;\">Profesor Titular &#8211; Dedicaci\u00f3n Exclusiva<\/td>\n<td style=\"width: 15.4242%; height: 19px;\"><em><strong><a href=\"https:\/\/www.linkedin.com\/in\/carmelo-felice-a50b92206\/\"><img decoding=\"async\" loading=\"lazy\" class=\"alignnone size-full wp-image-455\" src=\"https:\/\/www.facet.unt.edu.ar\/ingbiomedica\/wp-content\/uploads\/sites\/46\/2024\/03\/3.png\" alt=\"\" width=\"1080\" height=\"1080\" \/><\/a><\/strong><\/em><\/td>\n<td style=\"width: 27.0606%; height: 19px; text-align: center;\"><em><strong>FELICE<\/strong><\/em>, Carmelo Jos\u00e9 cfelice@herrera.unt.edu.ar<\/td>\n<td style=\"width: 22.9394%; height: 19px; text-align: center;\">Transd. Biom\u00e9dicos y Microbiolog\u00eda Cuantitativa<\/td>\n<\/tr>\n<tr style=\"height: 24px;\">\n<td style=\"width: 34.5758%; height: 24px; text-align: center;\">Profesor Adjunto &#8211; Dedicaci\u00f3n Media<\/td>\n<td style=\"width: 15.4242%; height: 24px; text-align: center;\"><em><strong><a href=\"https:\/\/www.linkedin.com\/in\/ingfigueroagallo\/\"><img decoding=\"async\" loading=\"lazy\" class=\"alignnone size-full wp-image-468\" src=\"https:\/\/www.facet.unt.edu.ar\/ingbiomedica\/wp-content\/uploads\/sites\/46\/2024\/03\/16.png\" alt=\"\" width=\"1080\" height=\"1080\" \/><\/a><\/strong><\/em><\/td>\n<td style=\"width: 27.0606%; height: 24px; text-align: center;\"><em><strong>FIGUEROA GALLO<\/strong><\/em>, Lucila M. lfigueroagallo@herrera.unt.edu.ar<\/td>\n<td style=\"width: 22.9394%; height: 24px; text-align: center;\">Ing. Cl\u00ednica I, Ing. Cl\u00ednica II y Avanzada,\u00a0 Evaluaci\u00f3n de Tec. M\u00e9dica, Pr\u00e1ctica Prof. Supervisada y Proy. de Graduaci\u00f3n<\/td>\n<\/tr>\n<tr style=\"height: 24px;\">\n<td style=\"width: 34.5758%; height: 24px; text-align: center;\">Jefe de Trabajos Pr\u00e1cticos &#8211; Dedicaci\u00f3n Media<\/td>\n<td style=\"width: 15.4242%; height: 24px; text-align: center;\"><em><strong><a href=\"https:\/\/www.linkedin.com\/in\/fernanda-lencina-92a190115\/\"><img decoding=\"async\" loading=\"lazy\" class=\"alignnone size-full wp-image-454\" src=\"https:\/\/www.facet.unt.edu.ar\/ingbiomedica\/wp-content\/uploads\/sites\/46\/2024\/03\/2.png\" alt=\"\" width=\"1080\" height=\"1080\" \/><\/a><\/strong><\/em><\/td>\n<td style=\"width: 27.0606%; height: 24px; text-align: center;\"><em><strong>LENCINA<\/strong><\/em>, Mar\u00eda Fernanda mflencina@herrera.unt.edu.ar<\/td>\n<td style=\"width: 22.9394%; height: 24px; text-align: center;\">Fisiolog\u00eda y Fundamentos de Modelizaci\u00f3n en Biomec\u00e1nica<\/td>\n<\/tr>\n<tr>\n<td style=\"width: 34.5758%; text-align: center;\">Jefa de Trabajos Pr\u00e1ctica &#8211; Semidedicaci\u00f3n<\/td>\n<td style=\"width: 15.4242%; text-align: center;\"><em><strong><a href=\"https:\/\/www.facet.unt.edu.ar\/ingbiomedica\/wp-content\/uploads\/sites\/46\/2026\/03\/Gemini_Generated_Image_sgw7szsgw7szsgw7.png\"><img decoding=\"async\" loading=\"lazy\" class=\"alignnone size-full wp-image-521\" src=\"https:\/\/www.facet.unt.edu.ar\/ingbiomedica\/wp-content\/uploads\/sites\/46\/2026\/03\/Gemini_Generated_Image_sgw7szsgw7szsgw7.png\" alt=\"\" width=\"1230\" height=\"864\" \/><\/a><\/strong><\/em><\/td>\n<td style=\"width: 27.0606%; text-align: center;\"><em><strong>MART\u00cdNEZ, <\/strong><\/em>Anal\u00eda del Carmen<br \/>\nacmart\u00ednez@herrera.unt.edu.ar<\/td>\n<td style=\"width: 22.9394%; text-align: center;\">Ingenier\u00eda Cl\u00ednica I e Ingenier\u00eda Cl\u00ednica II<\/td>\n<\/tr>\n<tr style=\"height: 24px;\">\n<td style=\"width: 34.5758%; height: 24px; text-align: center;\">Profesor Titular &#8211; Dedicaci\u00f3n Exclusiva<\/td>\n<td style=\"width: 15.4242%; height: 24px; text-align: center;\"><em><strong><a href=\"https:\/\/www.linkedin.com\/in\/rossana-madrid-6510873b\/\"><img decoding=\"async\" loading=\"lazy\" class=\"alignnone size-full wp-image-453\" src=\"https:\/\/www.facet.unt.edu.ar\/ingbiomedica\/wp-content\/uploads\/sites\/46\/2024\/03\/1.png\" alt=\"\" width=\"1080\" height=\"1080\" \/><\/a><\/strong><\/em><\/td>\n<td style=\"width: 27.0606%; height: 24px; text-align: center;\"><em><strong>MADRID<\/strong><\/em>, Rossana Elena rmadrid@herrera.unt.edu.ar<\/td>\n<td style=\"width: 22.9394%; height: 24px; text-align: center;\">Transductores Biom\u00e9dicos\u00a0 e Im\u00e1genes M\u00e9dicas con funciones en c\u00e1tedra abierta<\/td>\n<\/tr>\n<tr style=\"height: 24px;\">\n<td style=\"width: 34.5758%; height: 24px; text-align: center;\">Profesor Titular &#8211; Dedicaci\u00f3n Exclusiva<\/td>\n<td style=\"width: 15.4242%; height: 24px; text-align: center;\"><em><strong><a href=\"https:\/\/www.linkedin.com\/in\/juan-manuel-olivera-58863713\/\"><img decoding=\"async\" loading=\"lazy\" class=\"alignnone size-full wp-image-466\" src=\"https:\/\/www.facet.unt.edu.ar\/ingbiomedica\/wp-content\/uploads\/sites\/46\/2024\/03\/14.png\" alt=\"\" width=\"1080\" height=\"1080\" \/><\/a><\/strong><\/em><\/td>\n<td style=\"width: 27.0606%; height: 24px; text-align: center;\"><em><strong>OLIVERA<\/strong><\/em>, Juan Manuel jolivera@herrera.unt.edu.ar<\/td>\n<td style=\"width: 22.9394%; height: 24px; text-align: center;\">Ingenier\u00eda Cl\u00ednica I e Ingenier\u00eda Cl\u00ednica Avanzada con funciones en Pr\u00e1ctica Profesional Supervisada<\/td>\n<\/tr>\n<tr style=\"height: 24px;\">\n<td style=\"width: 34.5758%; height: 24px; text-align: center;\">Profesor Adjunto &#8211; Dedicaci\u00f3n Exclusiva<\/td>\n<td style=\"width: 15.4242%; height: 24px; text-align: center;\"><em><strong><a href=\"https:\/\/www.linkedin.com\/in\/antonio-orlando-80b99755\/\"><img decoding=\"async\" loading=\"lazy\" class=\"alignnone size-full wp-image-461\" src=\"https:\/\/www.facet.unt.edu.ar\/ingbiomedica\/wp-content\/uploads\/sites\/46\/2024\/03\/9.png\" alt=\"\" width=\"1080\" height=\"1080\" \/><\/a><\/strong><\/em><\/td>\n<td style=\"width: 27.0606%; height: 24px; text-align: center;\">\u00a0<em><strong>ORLANDO<\/strong><\/em>, Antonio aorlando@herrera.unt.edu.ar<\/td>\n<td style=\"width: 22.9394%; height: 24px; text-align: center;\">Im\u00e1genes M\u00e9dicas y Fundamentos de Modelizaci\u00f3n en Biomec\u00e1nica<\/td>\n<\/tr>\n<tr>\n<td style=\"width: 34.5758%; text-align: center;\">Jefe de Trabajos Pr\u00e1cticos &#8211; Dedicaci\u00f3n Media<\/td>\n<td style=\"width: 15.4242%; text-align: center;\"><em><strong><a href=\"https:\/\/www.linkedin.com\/in\/padillagerardoluis\/\"><img decoding=\"async\" loading=\"lazy\" class=\"alignnone size-full wp-image-460\" src=\"https:\/\/www.facet.unt.edu.ar\/ingbiomedica\/wp-content\/uploads\/sites\/46\/2024\/03\/8.png\" alt=\"\" width=\"1080\" height=\"1080\" \/><\/a><\/strong><\/em><\/td>\n<td style=\"width: 27.0606%; text-align: center;\"><em><strong>PADILLA<\/strong><\/em>, Gerardo gpadilla@herrera.unt.edu.ar<\/td>\n<td style=\"width: 22.9394%; text-align: center;\">Instrumentaci\u00f3n Biom\u00e9dica, Introducci\u00f3n a la Bioingenier\u00eda y Procesamiento de se\u00f1ales biom\u00e9dicas<\/td>\n<\/tr>\n<tr>\n<td style=\"width: 34.5758%; text-align: center;\">Profesor Adjunto &#8211; Dedicaci\u00f3n Simple<\/td>\n<td style=\"width: 15.4242%; text-align: center;\"><em><strong><a href=\"https:\/\/www.linkedin.com\/in\/abigail-prchal-283b3a36\/\"><img decoding=\"async\" loading=\"lazy\" class=\"alignnone size-full wp-image-459\" src=\"https:\/\/www.facet.unt.edu.ar\/ingbiomedica\/wp-content\/uploads\/sites\/46\/2024\/03\/7.png\" alt=\"\" width=\"1080\" height=\"1080\" \/><\/a><\/strong><\/em><\/td>\n<td style=\"width: 27.0606%; text-align: center;\"><em><strong>PRCHAL<\/strong><\/em>, Abigail aprchal@herrera.unt.edu.ar<\/td>\n<td style=\"width: 22.9394%; text-align: center;\">Fisiolog\u00eda<\/td>\n<\/tr>\n<tr>\n<td style=\"width: 34.5758%; text-align: center;\">Profesor Adjunto &#8211; Dedicaci\u00f3n Media<\/td>\n<td style=\"width: 15.4242%; text-align: center;\"><em><strong><a href=\"https:\/\/www.linkedin.com\/in\/luis-alfredo-rocha-8a3aa043\/\"><img decoding=\"async\" loading=\"lazy\" class=\"alignnone size-full wp-image-467\" src=\"https:\/\/www.facet.unt.edu.ar\/ingbiomedica\/wp-content\/uploads\/sites\/46\/2024\/03\/15.png\" alt=\"\" width=\"1080\" height=\"1080\" \/><\/a><\/strong><\/em><\/td>\n<td style=\"width: 27.0606%; text-align: center;\"><em><strong>ROCHA<\/strong><\/em>, Luis Alfredo lrocha@herrera.unt.edu.ar<\/td>\n<td style=\"width: 22.9394%; text-align: center;\">Ingenier\u00eda Cl\u00ednica I, \u00a0Ingenier\u00eda Cl\u00ednica II e Instrumentaci\u00f3n Biom\u00e9dica II<\/td>\n<\/tr>\n<tr>\n<td style=\"width: 34.5758%; text-align: center;\">Profesor Adjunto &#8211; Dedicaci\u00f3n Simple<\/td>\n<td style=\"width: 15.4242%; text-align: center;\"><em><strong><a href=\"https:\/\/www.linkedin.com\/in\/andrea-paola-rodriguez-a59213143\/\"><img decoding=\"async\" loading=\"lazy\" class=\"alignnone size-full wp-image-464\" src=\"https:\/\/www.facet.unt.edu.ar\/ingbiomedica\/wp-content\/uploads\/sites\/46\/2024\/03\/12.png\" alt=\"\" width=\"1080\" height=\"1080\" \/><\/a><\/strong><\/em><\/td>\n<td style=\"width: 27.0606%; text-align: center;\"><em><strong>RODRIGUEZ<\/strong><\/em>, Andrea Paola aprodriguez@herrera.unt.edu.ar<\/td>\n<td style=\"width: 22.9394%; text-align: center;\">Transductores Biom\u00e9dicos e Fisiolog\u00eda<\/td>\n<\/tr>\n<tr>\n<td style=\"width: 34.5758%; text-align: center;\">Profesor Titular &#8211; Dedicaci\u00f3n Exclusiva<\/td>\n<td style=\"width: 15.4242%; text-align: center;\"><em><strong><a href=\"https:\/\/www.linkedin.com\/in\/viviana-rotger-3624a3b\/\"><img decoding=\"async\" loading=\"lazy\" class=\"alignnone size-full wp-image-457\" src=\"https:\/\/www.facet.unt.edu.ar\/ingbiomedica\/wp-content\/uploads\/sites\/46\/2024\/03\/5.png\" alt=\"\" width=\"1080\" height=\"1080\" \/><\/a><\/strong><\/em><\/td>\n<td style=\"width: 27.0606%; text-align: center;\"><em><strong>ROTGER<\/strong><\/em>, Viviana In\u00e9s vrotger@herrera.unt.edu.ar<\/td>\n<td style=\"width: 22.9394%; text-align: center;\">Ingenier\u00eda Cl\u00ednica II, Instrumentaci\u00f3n Biom\u00e9dica II y Evaluaci\u00f3n de Tecnolog\u00eda M\u00e9dica<\/td>\n<\/tr>\n<tr>\n<td style=\"width: 34.5758%; text-align: center;\">Profesor Titular &#8211; Dedicaci\u00f3n Exclusiva<\/td>\n<td style=\"width: 15.4242%; text-align: center;\"><em><strong><a href=\"https:\/\/www.facet.unt.edu.ar\/ingbiomedica\/wp-content\/uploads\/sites\/46\/2024\/03\/6.png\"><img decoding=\"async\" loading=\"lazy\" class=\"alignnone size-full wp-image-458\" src=\"https:\/\/www.facet.unt.edu.ar\/ingbiomedica\/wp-content\/uploads\/sites\/46\/2024\/03\/6.png\" alt=\"\" width=\"1080\" height=\"1080\" \/><\/a><\/strong><\/em><\/td>\n<td style=\"width: 27.0606%; text-align: center;\"><em><strong>RUIZ<\/strong><\/em>, Gabriel Alfredo gruiz@herrera.unt.edu.ar<\/td>\n<td style=\"width: 22.9394%; text-align: center;\">Introducci\u00f3n a la Bioingenier\u00eda y Procesamiento de se\u00f1ales biom\u00e9dicas<\/td>\n<\/tr>\n<tr>\n<td style=\"width: 34.5758%; text-align: center;\">Profesor Asociado &#8211; Dedicaci\u00f3n Simple<\/td>\n<td style=\"width: 15.4242%; text-align: center;\"><em><strong><a href=\"https:\/\/www.linkedin.com\/in\/marcelo-v%C3%A1zquez-6074051a\/\"><img decoding=\"async\" loading=\"lazy\" class=\"alignnone size-full wp-image-456\" src=\"https:\/\/www.facet.unt.edu.ar\/ingbiomedica\/wp-content\/uploads\/sites\/46\/2024\/03\/4.png\" alt=\"\" width=\"1080\" height=\"1080\" \/><\/a><\/strong><\/em><\/td>\n<td style=\"width: 27.0606%; text-align: center;\"><em><strong>VAZQUEZ<\/strong><\/em>, Marcelo mvazquez@herrera.unt.edu.ar<\/td>\n<td style=\"width: 22.9394%; text-align: center;\">Ingenier\u00eda Cl\u00ednica II e Im\u00e1genes m\u00e9dicas<\/td>\n<\/tr>\n<\/tbody>\n<\/table>\n<h3>\u00a0Docentes Pertenecientes a la Facultad de Medicina<\/h3>\n<ul>\n<li>SALAS, Alberto Antonio<\/li>\n<li>BRAHIM, V\u00edctor<\/li>\n<\/ul>\n","protected":false},"excerpt":{"rendered":"<p>\u00a0Docentes pertenecientes a la FACET &nbsp; Cargo y dedicaci\u00f3n Nombre y Apellido Asignatura Jefe de Trabajos Pr\u00e1cticos Dedicaci\u00f3n Simple \u00a0ALBARRAC\u00cdN, Ana L\u00eda aalbarracin@herrera.unt.edu.ar Fisiolog\u00eda Auxiliar Docente Graduado &#8211; Dedicaci\u00f3n Media \u00a0 BUSI,\u00a0Aldana Luc\u00eda albusi@herrera.unt.edu.ar Transductores Biom\u00e9dicos e Ingenier\u00eda de Tejidos Profesor Adjunto &#8211; Dedicaci\u00f3n Simple DIAZ CARRASCO, Sebasti\u00e1n Antonio Instrumentaci\u00f3n Biom\u00e9dica\u00a0 Ing. Cl\u00ednica II Profesor [&hellip;]<\/p>\n","protected":false},"author":101026,"featured_media":0,"parent":0,"menu_order":0,"comment_status":"closed","ping_status":"closed","template":"","meta":[],"_links":{"self":[{"href":"https:\/\/www.facet.unt.edu.ar\/ingbiomedica\/wp-json\/wp\/v2\/pages\/117"}],"collection":[{"href":"https:\/\/www.facet.unt.edu.ar\/ingbiomedica\/wp-json\/wp\/v2\/pages"}],"about":[{"href":"https:\/\/www.facet.unt.edu.ar\/ingbiomedica\/wp-json\/wp\/v2\/types\/page"}],"author":[{"embeddable":true,"href":"https:\/\/www.facet.unt.edu.ar\/ingbiomedica\/wp-json\/wp\/v2\/users\/101026"}],"replies":[{"embeddable":true,"href":"https:\/\/www.facet.unt.edu.ar\/ingbiomedica\/wp-json\/wp\/v2\/comments?post=117"}],"version-history":[{"count":68,"href":"https:\/\/www.facet.unt.edu.ar\/ingbiomedica\/wp-json\/wp\/v2\/pages\/117\/revisions"}],"predecessor-version":[{"id":522,"href":"https:\/\/www.facet.unt.edu.ar\/ingbiomedica\/wp-json\/wp\/v2\/pages\/117\/revisions\/522"}],"wp:attachment":[{"href":"https:\/\/www.facet.unt.edu.ar\/ingbiomedica\/wp-json\/wp\/v2\/media?parent=117"}],"curies":[{"name":"wp","href":"https:\/\/api.w.org\/{rel}","templated":true}]}}