{"id":133,"date":"2017-03-20T12:28:08","date_gmt":"2017-03-20T15:28:08","guid":{"rendered":"https:\/\/www.facet.unt.edu.ar\/ingbiomedica\/?page_id=133"},"modified":"2025-03-01T21:21:27","modified_gmt":"2025-03-02T00:21:27","slug":"graduados","status":"publish","type":"page","link":"https:\/\/www.facet.unt.edu.ar\/ingbiomedica\/graduados\/","title":{"rendered":"Graduados"},"content":{"rendered":"<p id=\"ui-accordion-accordion-header-0\" class=\"ui-accordion-header ui-helper-reset ui-state-default ui-accordion-header-active ui-state-active ui-corner-top ui-accordion-icons\"><strong>Tr\u00e1mite de t\u00edtulo<br \/>\n<\/strong>Si terminaste tu cursado, Pr\u00e1ctica Profesional Supervisada, Pr\u00e1ctica Social Educativa y Proyecto de Graduaci\u00f3n entonces pod\u00e9s tramitar tu t\u00edtulo. Consult\u00e1 la informaci\u00f3n actualizada en el siguiente link: <strong><a href=\"https:\/\/www.facet.unt.edu.ar\/recien-graduado-tramites\/\">https:\/\/www.facet.unt.edu.ar\/recien-graduado-tramites\/ <\/a><br \/>\n<\/strong><\/p>\n<p id=\"ui-accordion-accordion-header-0\" class=\"ui-accordion-header ui-helper-reset ui-state-default ui-accordion-header-active ui-state-active ui-corner-top ui-accordion-icons\"><strong>Seguimiento de su tr\u00e1mite de t\u00edtulo<br \/>\n<\/strong>Si ya iniciaste tu tr\u00e1mite, entonces pod\u00e9s consultar el estado del mismo en el siguiente link: <strong><a href=\"http:\/\/w3.unt.edu.ar\/consultatitulos\/\" target=\"_blank\" rel=\"noopener noreferrer\">http:\/\/w3.unt.edu.ar\/consultatitulos\/<\/a><\/strong>.<\/p>\n<p><strong>Bolsa de trabajo<\/strong><\/p>\n<p class=\"ui-accordion-header ui-helper-reset ui-state-default ui-accordion-header-active ui-state-active ui-corner-top ui-accordion-icons\">Si est\u00e1s buscando trabajo, consult\u00e1 las ofertas disponibles que recibimos para nuestros egresados en el siguiente link:<br \/>\nSi est\u00e1s buscando incorporar Ingenieros Biom\u00e9dicos pod\u00e9s enviar tu oferta laboral a estos correos electr\u00f3nicos pg_biomedica@herrera.unt.edu.ar \u00f3 info_biomedica@herrera.unt.edu.ar para que la publiquemos<\/p>\n","protected":false},"excerpt":{"rendered":"<p>Tr\u00e1mite de t\u00edtulo Si terminaste tu cursado, Pr\u00e1ctica Profesional Supervisada, Pr\u00e1ctica Social Educativa y Proyecto de Graduaci\u00f3n entonces pod\u00e9s tramitar tu t\u00edtulo. Consult\u00e1 la informaci\u00f3n actualizada en el siguiente link: https:\/\/www.facet.unt.edu.ar\/recien-graduado-tramites\/ Seguimiento de su tr\u00e1mite de t\u00edtulo Si ya iniciaste tu tr\u00e1mite, entonces pod\u00e9s consultar el estado del mismo en el siguiente link: http:\/\/w3.unt.edu.ar\/consultatitulos\/. Bolsa [&hellip;]<\/p>\n","protected":false},"author":101026,"featured_media":0,"parent":0,"menu_order":0,"comment_status":"closed","ping_status":"closed","template":"","meta":[],"_links":{"self":[{"href":"https:\/\/www.facet.unt.edu.ar\/ingbiomedica\/wp-json\/wp\/v2\/pages\/133"}],"collection":[{"href":"https:\/\/www.facet.unt.edu.ar\/ingbiomedica\/wp-json\/wp\/v2\/pages"}],"about":[{"href":"https:\/\/www.facet.unt.edu.ar\/ingbiomedica\/wp-json\/wp\/v2\/types\/page"}],"author":[{"embeddable":true,"href":"https:\/\/www.facet.unt.edu.ar\/ingbiomedica\/wp-json\/wp\/v2\/users\/101026"}],"replies":[{"embeddable":true,"href":"https:\/\/www.facet.unt.edu.ar\/ingbiomedica\/wp-json\/wp\/v2\/comments?post=133"}],"version-history":[{"count":11,"href":"https:\/\/www.facet.unt.edu.ar\/ingbiomedica\/wp-json\/wp\/v2\/pages\/133\/revisions"}],"predecessor-version":[{"id":507,"href":"https:\/\/www.facet.unt.edu.ar\/ingbiomedica\/wp-json\/wp\/v2\/pages\/133\/revisions\/507"}],"wp:attachment":[{"href":"https:\/\/www.facet.unt.edu.ar\/ingbiomedica\/wp-json\/wp\/v2\/media?parent=133"}],"curies":[{"name":"wp","href":"https:\/\/api.w.org\/{rel}","templated":true}]}}