{"id":189,"date":"2017-03-21T11:45:09","date_gmt":"2017-03-21T14:45:09","guid":{"rendered":"https:\/\/www.facet.unt.edu.ar\/ingbiomedica\/?page_id=189"},"modified":"2024-03-31T16:22:37","modified_gmt":"2024-03-31T19:22:37","slug":"enlaces-de-interes","status":"publish","type":"page","link":"https:\/\/www.facet.unt.edu.ar\/ingbiomedica\/enlaces-de-interes\/","title":{"rendered":"Enlaces de inter\u00e9s"},"content":{"rendered":"<p><a href=\"http:\/\/www.lamein.org\" target=\"_blank\" rel=\"noopener\">Laboratorio de Medios e interfases<\/a><\/p>\n<p><a href=\"https:\/\/www.facet.unt.edu.ar\/bioingenieria\/gateme\/\">Gabinete de Tecnolog\u00edas M\u00e9dicas<\/a><\/p>\n<p><a href=\"http:\/\/www.facet.unt.edu.ar\" target=\"_blank\" rel=\"noopener\">Facultad de Ciencias Exactas y Tecnolog\u00eda<\/a><\/p>\n<p><a href=\"https:\/\/facetvirtual.facet.unt.edu.ar\/\" target=\"_blank\" rel=\"noopener\">FACET Virtual<\/a><\/p>\n<p><a href=\"https:\/\/bibliotecafacet.com.ar\/\" target=\"_blank\" rel=\"noopener\">Biblioteca Central FACET<\/a><\/p>\n<p><a href=\"http:\/\/www.unt.edu.ar\" target=\"_blank\" rel=\"noopener\">Universidad Nacional de Tucum\u00e1n<\/a><\/p>\n<p><a href=\"http:\/\/www.sabi.org.ar\/\" target=\"_blank\" rel=\"noopener\">Sociedad Argentina de Bioingenier\u00eda<\/a><\/p>\n<p><a href=\"https:\/\/www.facet.unt.edu.ar\/sbe\/\" target=\"_blank\" rel=\"noopener\">Secretar\u00eda de Bienestar Estudiantil<\/a><\/p>\n<p><a href=\"https:\/\/www.facet.unt.edu.ar\/siu-guarani-acceso\/\" target=\"_blank\" rel=\"noopener\">SIU Guaran\u00ed<\/a><\/p>\n<p><a href=\"https:\/\/www.instagram.com\/biomedica_copit\/\">Comisi\u00f3n Ing. Biom\u00e9dica &#8211; COPIT<\/a><\/p>\n<p>&nbsp;<\/p>\n","protected":false},"excerpt":{"rendered":"<p>Laboratorio de Medios e interfases Gabinete de Tecnolog\u00edas M\u00e9dicas Facultad de Ciencias Exactas y Tecnolog\u00eda FACET Virtual Biblioteca Central FACET Universidad Nacional de Tucum\u00e1n Sociedad Argentina de Bioingenier\u00eda Secretar\u00eda de Bienestar Estudiantil SIU Guaran\u00ed Comisi\u00f3n Ing. Biom\u00e9dica &#8211; COPIT &nbsp;<\/p>\n","protected":false},"author":101026,"featured_media":0,"parent":0,"menu_order":0,"comment_status":"closed","ping_status":"closed","template":"","meta":[],"_links":{"self":[{"href":"https:\/\/www.facet.unt.edu.ar\/ingbiomedica\/wp-json\/wp\/v2\/pages\/189"}],"collection":[{"href":"https:\/\/www.facet.unt.edu.ar\/ingbiomedica\/wp-json\/wp\/v2\/pages"}],"about":[{"href":"https:\/\/www.facet.unt.edu.ar\/ingbiomedica\/wp-json\/wp\/v2\/types\/page"}],"author":[{"embeddable":true,"href":"https:\/\/www.facet.unt.edu.ar\/ingbiomedica\/wp-json\/wp\/v2\/users\/101026"}],"replies":[{"embeddable":true,"href":"https:\/\/www.facet.unt.edu.ar\/ingbiomedica\/wp-json\/wp\/v2\/comments?post=189"}],"version-history":[{"count":13,"href":"https:\/\/www.facet.unt.edu.ar\/ingbiomedica\/wp-json\/wp\/v2\/pages\/189\/revisions"}],"predecessor-version":[{"id":478,"href":"https:\/\/www.facet.unt.edu.ar\/ingbiomedica\/wp-json\/wp\/v2\/pages\/189\/revisions\/478"}],"wp:attachment":[{"href":"https:\/\/www.facet.unt.edu.ar\/ingbiomedica\/wp-json\/wp\/v2\/media?parent=189"}],"curies":[{"name":"wp","href":"https:\/\/api.w.org\/{rel}","templated":true}]}}