{"id":68,"date":"2013-10-03T01:54:57","date_gmt":"2013-10-03T01:54:57","guid":{"rendered":"http:\/\/www1.herrera.unt.edu.ar\/faceyt\/ingcomputacion\/?page_id=68"},"modified":"2021-10-05T16:34:04","modified_gmt":"2021-10-05T19:34:04","slug":"plan-de-estudios-2005-modificado","status":"publish","type":"page","link":"https:\/\/www.facet.unt.edu.ar\/ingcomputacion\/carrera\/plan-de-estudios-2005-modificado\/","title":{"rendered":"Plan de Estudios"},"content":{"rendered":"<p>&nbsp;<\/p>\n<table border=\"0\">\n<tbody>\n<tr>\n<td style=\"background-color: #343538; text-align: center;\" colspan=\"6\" align=\"center\" valign=\"middle\"><strong><span style=\"color: #ffffff;\">ASIGNATURAS OBLIGATORIAS<\/span><\/strong><\/td>\n<\/tr>\n<tr>\n<td style=\"background-color: #343538; text-align: center;\" align=\"center\" valign=\"middle\"><strong><span style=\"color: #ffffff;\">A\u00d1O<\/span><\/strong><\/td>\n<td style=\"background-color: #343538; text-align: center;\" align=\"center\" valign=\"middle\"><strong><span style=\"color: #ffffff;\">MODULO<\/span><\/strong><\/td>\n<td style=\"background-color: #343538; text-align: center;\" align=\"center\" valign=\"middle\"><strong><span style=\"color: #ffffff;\">ASIGNATURA<\/span><\/strong><\/td>\n<td style=\"background-color: #343538; text-align: center;\" align=\"center\" valign=\"middle\"><strong><span style=\"color: #ffffff;\">HORAS <\/span><\/strong><strong><span style=\"color: #ffffff;\">SEMANALES<\/span><\/strong><\/td>\n<td style=\"background-color: #343538; text-align: center;\" align=\"center\" valign=\"middle\"><strong><span style=\"color: #ffffff;\">HORAS <\/span><\/strong><strong><span style=\"color: #ffffff;\">TOTALES<\/span><\/strong><\/td>\n<td style=\"background-color: #343538; text-align: center;\" align=\"center\" valign=\"middle\"><strong><span style=\"color: #ffffff;\">BLOQUE<\/span><\/strong><\/td>\n<\/tr>\n<tr>\n<td style=\"background-color: #343538; text-align: center;\" rowspan=\"9\" scope=\"col\" align=\"center\" valign=\"middle\"><strong><span style=\"color: #ffffff;\">I<\/span><\/strong><\/td>\n<td style=\"background-color: #343538; text-align: center;\" rowspan=\"4\" scope=\"col\" align=\"center\" valign=\"middle\"><strong><span style=\"color: #ffffff;\">I<\/span><\/strong><\/td>\n<td><a href=\"https:\/\/www.facet.unt.edu.ar\/ingcomputacion\/wp-content\/uploads\/sites\/10\/2018\/05\/1.-Calculo-I.pdf\" target=\"_blank\" rel=\"noopener noreferrer\">C\u00e1lculo I<\/a><\/td>\n<td style=\"text-align: center;\">6<\/td>\n<td style=\"text-align: center;\">96<\/td>\n<td style=\"text-align: center;\">CB<\/td>\n<\/tr>\n<tr>\n<td><a href=\"https:\/\/www.facet.unt.edu.ar\/ingcomputacion\/wp-content\/uploads\/sites\/10\/2018\/05\/2.-Algebra-I.pdf\" target=\"_blank\" rel=\"noopener noreferrer\">\u00c1lgebra y Geometr\u00eda Anal\u00edtica<\/a><\/td>\n<td style=\"text-align: center;\">6<\/td>\n<td style=\"text-align: center;\">96<\/td>\n<td style=\"text-align: center;\">CB<\/td>\n<\/tr>\n<tr>\n<td><a href=\"https:\/\/www.facet.unt.edu.ar\/ingcomputacion\/wp-content\/uploads\/sites\/10\/2018\/05\/3.-Fisica-I.pdf\" target=\"_blank\" rel=\"noopener noreferrer\">F\u00edsica I<\/a><\/td>\n<td style=\"text-align: center;\">6<\/td>\n<td style=\"text-align: center;\">96<\/td>\n<td style=\"text-align: center;\">CB<\/td>\n<\/tr>\n<tr>\n<td><a href=\"https:\/\/www.facet.unt.edu.ar\/ingcomputacion\/wp-content\/uploads\/sites\/10\/2018\/05\/4.-Quimica.pdf\" target=\"_blank\" rel=\"noopener noreferrer\">Fundamentos de Qu\u00edmica General<\/a><\/td>\n<td style=\"text-align: center;\">5<\/td>\n<td style=\"text-align: center;\">80<\/td>\n<td style=\"text-align: center;\">CB<\/td>\n<\/tr>\n<tr>\n<td style=\"background-color: #343538; text-align: center;\" rowspan=\"5\" scope=\"col\" align=\"center\" valign=\"middle\"><strong><span style=\"color: #ffffff;\">II<\/span><\/strong><\/td>\n<td><a href=\"https:\/\/www.facet.unt.edu.ar\/ingcomputacion\/wp-content\/uploads\/sites\/10\/2018\/05\/5.-Calculo-II.pdf\" target=\"_blank\" rel=\"noopener noreferrer\">C\u00e1lculo II<\/a><\/td>\n<td style=\"text-align: center;\">5<\/td>\n<td style=\"text-align: center;\">80<\/td>\n<td style=\"text-align: center;\">CB<\/td>\n<\/tr>\n<tr>\n<td><a href=\"https:\/\/www.facet.unt.edu.ar\/ingcomputacion\/wp-content\/uploads\/sites\/10\/2018\/05\/6.-Algebra-II.pdf\" target=\"_blank\" rel=\"noopener noreferrer\">Elementos de \u00c1lgebra Lineal<\/a><\/td>\n<td style=\"text-align: center;\">5<\/td>\n<td style=\"text-align: center;\">80<\/td>\n<td style=\"text-align: center;\">CB<\/td>\n<\/tr>\n<tr>\n<td><a href=\"https:\/\/www.facet.unt.edu.ar\/ingcomputacion\/wp-content\/uploads\/sites\/10\/2018\/05\/7.-Fisica-II.pdf\" target=\"_blank\" rel=\"noopener noreferrer\">F\u00edsica II<\/a><\/td>\n<td style=\"text-align: center;\">6<\/td>\n<td style=\"text-align: center;\">96<\/td>\n<td style=\"text-align: center;\">CB<\/td>\n<\/tr>\n<tr>\n<td><a href=\"https:\/\/www.facet.unt.edu.ar\/ingcomputacion\/wp-content\/uploads\/sites\/10\/2018\/05\/8.-Informatica.pdf\" target=\"_blank\" rel=\"noopener noreferrer\">Inform\u00e1tica<\/a><\/td>\n<td style=\"text-align: center;\">4<\/td>\n<td style=\"text-align: center;\">64<\/td>\n<td style=\"text-align: center;\">CB<\/td>\n<\/tr>\n<tr>\n<td><a href=\"https:\/\/www.facet.unt.edu.ar\/ingcomputacion\/wp-content\/uploads\/sites\/10\/2018\/05\/9.-Sistemas-Representacion.pdf\" target=\"_blank\" rel=\"noopener noreferrer\">Sistemas de Representaci\u00f3n<\/a><\/td>\n<td style=\"text-align: center;\">6<\/td>\n<td style=\"text-align: center;\">80<\/td>\n<td style=\"text-align: center;\">CB<\/td>\n<\/tr>\n<tr>\n<td style=\"background-color: #343538; text-align: center;\" rowspan=\"8\" scope=\"col\" align=\"center\" valign=\"middle\"><strong><span style=\"color: #ffffff;\">II<\/span><\/strong><\/td>\n<td style=\"background-color: #343538; text-align: center;\" rowspan=\"4\" scope=\"col\" align=\"center\" valign=\"middle\"><strong><span style=\"color: #ffffff;\">III<\/span><\/strong><\/td>\n<td><a href=\"https:\/\/www.facet.unt.edu.ar\/ingcomputacion\/wp-content\/uploads\/sites\/10\/2018\/05\/10.-Calculo-III.pdf\" target=\"_blank\" rel=\"noopener noreferrer\">C\u00e1lculo III<\/a><\/td>\n<td style=\"text-align: center;\">6<\/td>\n<td style=\"text-align: center;\">96<\/td>\n<td style=\"text-align: center;\">CB<\/td>\n<\/tr>\n<tr>\n<td><a href=\"https:\/\/www.facet.unt.edu.ar\/ingcomputacion\/wp-content\/uploads\/sites\/10\/2018\/05\/11.-Circuitos-I.pdf\" target=\"_blank\" rel=\"noopener noreferrer\">Circuitos El\u00e9ctricos I<\/a><\/td>\n<td style=\"text-align: center;\">6<\/td>\n<td style=\"text-align: center;\">96<\/td>\n<td style=\"text-align: center;\">TB<\/td>\n<\/tr>\n<tr>\n<td><a href=\"https:\/\/www.facet.unt.edu.ar\/ingcomputacion\/wp-content\/uploads\/sites\/10\/2018\/05\/12.-Fisica-III.pdf\" target=\"_blank\" rel=\"noopener noreferrer\">F\u00edsica III<\/a><\/td>\n<td style=\"text-align: center;\">8<\/td>\n<td style=\"text-align: center;\">128<\/td>\n<td style=\"text-align: center;\">CB<\/td>\n<\/tr>\n<tr>\n<td><a href=\"https:\/\/www.facet.unt.edu.ar\/ingcomputacion\/wp-content\/uploads\/sites\/10\/2018\/05\/13.-Programacion-I.pdf\" target=\"_blank\" rel=\"noopener noreferrer\">Programaci\u00f3n I<\/a><\/td>\n<td style=\"text-align: center;\">6<\/td>\n<td style=\"text-align: center;\">96<\/td>\n<td style=\"text-align: center;\">TB<\/td>\n<\/tr>\n<tr>\n<td style=\"background-color: #343538; text-align: center;\" rowspan=\"4\" scope=\"col\" align=\"center\" valign=\"middle\"><strong><span style=\"color: #ffffff;\">IV<\/span><\/strong><\/td>\n<td><a href=\"https:\/\/www.facet.unt.edu.ar\/ingcomputacion\/wp-content\/uploads\/sites\/10\/2018\/05\/14.-Calculo-IV.pdf\" target=\"_blank\" rel=\"noopener noreferrer\">C\u00e1lculo IV<\/a><\/td>\n<td style=\"text-align: center;\">6<\/td>\n<td style=\"text-align: center;\">96<\/td>\n<td style=\"text-align: center;\">CB<\/td>\n<\/tr>\n<tr>\n<td><a href=\"https:\/\/www.facet.unt.edu.ar\/ingcomputacion\/wp-content\/uploads\/sites\/10\/2018\/05\/15.-Programacion-II.pdf\" target=\"_blank\" rel=\"noopener noreferrer\">Programaci\u00f3n II<\/a><\/td>\n<td style=\"text-align: center;\">6<\/td>\n<td style=\"text-align: center;\">96<\/td>\n<td style=\"text-align: center;\">TB<\/td>\n<\/tr>\n<tr>\n<td><a href=\"https:\/\/www.facet.unt.edu.ar\/ingcomputacion\/wp-content\/uploads\/sites\/10\/2018\/05\/16.-Probabilidad.pdf\" target=\"_blank\" rel=\"noopener noreferrer\">Probabilidad y Estad\u00edstica<\/a><\/td>\n<td style=\"text-align: center;\">5<\/td>\n<td style=\"text-align: center;\">80<\/td>\n<td style=\"text-align: center;\">CB<\/td>\n<\/tr>\n<tr>\n<td><a href=\"https:\/\/www.facet.unt.edu.ar\/ingcomputacion\/wp-content\/uploads\/sites\/10\/2018\/05\/17.-Electronica-I.pdf\" target=\"_blank\" rel=\"noopener noreferrer\">Electr\u00f3nica I<\/a><\/td>\n<td style=\"text-align: center;\">6<\/td>\n<td style=\"text-align: center;\">96<\/td>\n<td style=\"text-align: center;\">TB<\/td>\n<\/tr>\n<tr>\n<td style=\"background-color: #343538; text-align: center;\" rowspan=\"8\" scope=\"col\" align=\"center\" valign=\"middle\"><strong><span style=\"color: #ffffff;\">III<\/span><\/strong><\/td>\n<td style=\"background-color: #343538; text-align: center;\" rowspan=\"4\" scope=\"col\" align=\"center\" valign=\"middle\"><strong><span style=\"color: #ffffff;\">V<\/span><\/strong><\/td>\n<td><a href=\"https:\/\/www.facet.unt.edu.ar\/ingcomputacion\/wp-content\/uploads\/sites\/10\/2018\/05\/18.-Estructura-Datos.pdf\" target=\"_blank\" rel=\"noopener noreferrer\">Estruturas de Datos y Algoritmos<\/a><\/td>\n<td style=\"text-align: center;\">6<\/td>\n<td style=\"text-align: center;\">96<\/td>\n<td style=\"text-align: center;\">TB<\/td>\n<\/tr>\n<tr>\n<td><a href=\"https:\/\/www.facet.unt.edu.ar\/ingcomputacion\/wp-content\/uploads\/sites\/10\/2018\/05\/19.-Dise\u00f1o-Logico.pdf\" target=\"_blank\" rel=\"noopener noreferrer\">Dise\u00f1o L\u00f3gico I<\/a><\/td>\n<td style=\"text-align: center;\">6<\/td>\n<td style=\"text-align: center;\">96<\/td>\n<td style=\"text-align: center;\">TB<\/td>\n<\/tr>\n<tr>\n<td><a href=\"https:\/\/www.facet.unt.edu.ar\/ingcomputacion\/wp-content\/uploads\/sites\/10\/2018\/05\/20.-Materiales.pdf\" target=\"_blank\" rel=\"noopener noreferrer\">Materiales y Dispositivos Electr\u00f3nicos<\/a><\/td>\n<td style=\"text-align: center;\">6<\/td>\n<td style=\"text-align: center;\">96<\/td>\n<td style=\"text-align: center;\">TB<\/td>\n<\/tr>\n<tr>\n<td><a href=\"https:\/\/www.facet.unt.edu.ar\/ingcomputacion\/wp-content\/uploads\/sites\/10\/2018\/05\/21.-Logica.pdf\" target=\"_blank\" rel=\"noopener noreferrer\">L\u00f3gica y \u00c1lgebra Discreta<\/a><\/td>\n<td style=\"text-align: center;\">6<\/td>\n<td style=\"text-align: center;\">96<\/td>\n<td style=\"text-align: center;\">TB<\/td>\n<\/tr>\n<tr>\n<td style=\"background-color: #343538; text-align: center;\" rowspan=\"4\" scope=\"col\" align=\"center\" valign=\"middle\"><strong><span style=\"color: #ffffff;\">VI<\/span><\/strong><\/td>\n<td><a href=\"https:\/\/www.facet.unt.edu.ar\/ingcomputacion\/wp-content\/uploads\/sites\/10\/2018\/05\/22.-Microprocesadores.pdf\" target=\"_blank\" rel=\"noopener noreferrer\">Sistemas con Microprocesadores y Microcontroladores<\/a><\/td>\n<td style=\"text-align: center;\">6<\/td>\n<td style=\"text-align: center;\">96<\/td>\n<td style=\"text-align: center;\">TA<\/td>\n<\/tr>\n<tr>\n<td><a href=\"https:\/\/www.facet.unt.edu.ar\/ingcomputacion\/wp-content\/uploads\/sites\/10\/2018\/05\/23.-Fundamentos-Redes.pdf\" target=\"_blank\" rel=\"noopener noreferrer\">Fundamentos de Redes de Computadoras<\/a><\/td>\n<td style=\"text-align: center;\">6<\/td>\n<td style=\"text-align: center;\">96<\/td>\n<td style=\"text-align: center;\">TA<\/td>\n<\/tr>\n<tr>\n<td><a href=\"https:\/\/www.facet.unt.edu.ar\/ingcomputacion\/wp-content\/uploads\/sites\/10\/2018\/05\/24.-Metodos-numericos.pdf\" target=\"_blank\" rel=\"noopener noreferrer\">M\u00e9todos Num\u00e9ricos<\/a><\/td>\n<td style=\"text-align: center;\">5<\/td>\n<td style=\"text-align: center;\">80<\/td>\n<td style=\"text-align: center;\">TB<\/td>\n<\/tr>\n<tr>\n<td><a href=\"https:\/\/www.facet.unt.edu.ar\/ingcomputacion\/wp-content\/uploads\/sites\/10\/2018\/05\/25.-Bases-datos.pdf\" target=\"_blank\" rel=\"noopener noreferrer\">Bases de Datos<\/a><\/td>\n<td style=\"text-align: center;\">6<\/td>\n<td style=\"text-align: center;\">96<\/td>\n<td style=\"text-align: center;\">TA<\/td>\n<\/tr>\n<tr>\n<td style=\"background-color: #343538; text-align: center;\" rowspan=\"8\" scope=\"col\" align=\"center\" valign=\"middle\"><strong><span style=\"color: #ffffff;\">IV<\/span><\/strong><\/td>\n<td style=\"background-color: #343538; text-align: center;\" rowspan=\"4\" scope=\"col\" align=\"center\" valign=\"middle\"><strong><span style=\"color: #ffffff;\">VII<\/span><\/strong><\/td>\n<td><a href=\"https:\/\/www.facet.unt.edu.ar\/ingcomputacion\/wp-content\/uploads\/sites\/10\/2018\/05\/26.-Telecomunicaciones.pdf\" target=\"_blank\" rel=\"noopener noreferrer\">Fundamentos de Telecomunicaciones<\/a><\/td>\n<td style=\"text-align: center;\">6<\/td>\n<td style=\"text-align: center;\">96<\/td>\n<td style=\"text-align: center;\">TA<\/td>\n<\/tr>\n<tr>\n<td><a href=\"https:\/\/www.facet.unt.edu.ar\/ingcomputacion\/wp-content\/uploads\/sites\/10\/2018\/05\/27.-Arquitectura.pdf\" target=\"_blank\" rel=\"noopener noreferrer\">Arquitectura de Computadoras<\/a><\/td>\n<td style=\"text-align: center;\">6<\/td>\n<td style=\"text-align: center;\">96<\/td>\n<td style=\"text-align: center;\">TA<\/td>\n<\/tr>\n<tr>\n<td><a href=\"https:\/\/www.facet.unt.edu.ar\/ingcomputacion\/wp-content\/uploads\/sites\/10\/2018\/05\/28.-Ing-Software.pdf\" target=\"_blank\" rel=\"noopener noreferrer\">Ingenier\u00eda de Software I<\/a><\/td>\n<td style=\"text-align: center;\">6<\/td>\n<td style=\"text-align: center;\">96<\/td>\n<td style=\"text-align: center;\">TA<\/td>\n<\/tr>\n<tr>\n<td><a href=\"https:\/\/www.facet.unt.edu.ar\/ingcomputacion\/wp-content\/uploads\/sites\/10\/2018\/05\/29.-Inteligencia-Artificial.pdf\" target=\"_blank\" rel=\"noopener noreferrer\">Inteligencia Artificial<\/a><\/td>\n<td style=\"text-align: center;\">5<\/td>\n<td style=\"text-align: center;\">80<\/td>\n<td style=\"text-align: center;\">TA<\/td>\n<\/tr>\n<tr>\n<td style=\"background-color: #343538; text-align: center;\" rowspan=\"4\" scope=\"col\" align=\"center\" valign=\"middle\"><strong><span style=\"color: #ffffff;\">VIII<\/span><\/strong><\/td>\n<td><a href=\"https:\/\/www.facet.unt.edu.ar\/ingcomputacion\/wp-content\/uploads\/sites\/10\/2018\/05\/30.-Legislacion.pdf\">Taller de Legislaci\u00f3n y Organizaciones<\/a><\/td>\n<td style=\"text-align: center;\">4<\/td>\n<td style=\"text-align: center;\">64<\/td>\n<td style=\"text-align: center;\">CO<\/td>\n<\/tr>\n<tr>\n<td><a href=\"https:\/\/www.facet.unt.edu.ar\/ingcomputacion\/wp-content\/uploads\/sites\/10\/2018\/05\/31.-Sistemas-Operativos.pdf\" target=\"_blank\" rel=\"noopener noreferrer\">Sistemas Operativos<\/a><\/td>\n<td style=\"text-align: center;\">6<\/td>\n<td style=\"text-align: center;\">96<\/td>\n<td style=\"text-align: center;\">TA<\/td>\n<\/tr>\n<tr>\n<td><a href=\"https:\/\/www.facet.unt.edu.ar\/ingcomputacion\/wp-content\/uploads\/sites\/10\/2018\/05\/32.-Transmision-datos.pdf\" target=\"_blank\" rel=\"noopener noreferrer\">Transmisi\u00f3n de Datos<\/a><\/td>\n<td style=\"text-align: center;\">6<\/td>\n<td style=\"text-align: center;\">96<\/td>\n<td style=\"text-align: center;\">TA<\/td>\n<\/tr>\n<tr>\n<td><a href=\"https:\/\/www.facet.unt.edu.ar\/ingcomputacion\/wp-content\/uploads\/sites\/10\/2018\/05\/33.-TCP-IP.pdf\" target=\"_blank\" rel=\"noopener noreferrer\">Protocolos de Comunicaci\u00f3n TCP\/IP<\/a><\/td>\n<td style=\"text-align: center;\">6<\/td>\n<td style=\"text-align: center;\">96<\/td>\n<td style=\"text-align: center;\">TA<\/td>\n<\/tr>\n<tr>\n<td style=\"background-color: #343538; text-align: center;\" rowspan=\"9\" scope=\"col\" align=\"center\" valign=\"middle\"><strong><span style=\"color: #ffffff;\">V<\/span><\/strong><\/td>\n<td style=\"background-color: #343538; text-align: center;\" rowspan=\"6\" scope=\"col\" align=\"center\" valign=\"middle\"><strong><span style=\"color: #ffffff;\">IX<\/span><\/strong><\/td>\n<td><a href=\"https:\/\/www.facet.unt.edu.ar\/ingcomputacion\/wp-content\/uploads\/sites\/10\/2018\/05\/34.-ADEP.pdf\" target=\"_blank\" rel=\"noopener noreferrer\">Administraci\u00f3n de Proyectos<\/a><\/td>\n<td style=\"text-align: center;\">6<\/td>\n<td style=\"text-align: center;\">96<\/td>\n<td style=\"text-align: center;\">CO<\/td>\n<\/tr>\n<tr>\n<td><a href=\"https:\/\/www.facet.unt.edu.ar\/ingcomputacion\/wp-content\/uploads\/sites\/10\/2018\/05\/35.-WAN.pdf\" target=\"_blank\" rel=\"noopener noreferrer\">Redes de \u00c1rea Extendida<\/a><\/td>\n<td style=\"text-align: center;\">6<\/td>\n<td style=\"text-align: center;\">96<\/td>\n<td style=\"text-align: center;\">TA<\/td>\n<\/tr>\n<tr>\n<td><a href=\"https:\/\/www.facet.unt.edu.ar\/ingcomputacion\/wp-content\/uploads\/sites\/10\/2018\/05\/36.-Gestion-Ambiental.pdf\" target=\"_blank\" rel=\"noopener noreferrer\">Gesti\u00f3n Ambiental, Salud Ocupacional y Seguridad<\/a><\/td>\n<td style=\"text-align: center;\">5<\/td>\n<td style=\"text-align: center;\">40<\/td>\n<td style=\"text-align: center;\">CO<\/td>\n<\/tr>\n<tr>\n<td><a href=\"https:\/\/www.facet.unt.edu.ar\/ingcomputacion\/wp-content\/uploads\/sites\/10\/2018\/05\/37.-PDS.pdf\" target=\"_blank\" rel=\"noopener noreferrer\">Procesamiento Digital de Se\u00f1ales<\/a><\/td>\n<td style=\"text-align: center;\">6<\/td>\n<td style=\"text-align: center;\">96<\/td>\n<td style=\"text-align: center;\">TA<\/td>\n<\/tr>\n<tr>\n<td><a href=\"https:\/\/www.facet.unt.edu.ar\/ingcomputacion\/wp-content\/uploads\/sites\/10\/2018\/05\/38.-GTI.pdf\" target=\"_blank\" rel=\"noopener noreferrer\">Gesti\u00f3n de Tecnolog\u00eda de la Informaci\u00f3n<\/a><\/td>\n<td style=\"text-align: center;\">5<\/td>\n<td style=\"text-align: center;\">40<\/td>\n<td style=\"text-align: center;\">CO<\/td>\n<\/tr>\n<tr>\n<td><a href=\"https:\/\/www.facet.unt.edu.ar\/ingcomputacion\/wp-content\/uploads\/sites\/10\/2018\/05\/39.-Lab-Bases-Datos.pdf\" target=\"_blank\" rel=\"noopener noreferrer\">Laboratorio de Base de Datos<\/a><\/td>\n<td style=\"text-align: center;\">5<\/td>\n<td style=\"text-align: center;\">40<\/td>\n<td style=\"text-align: center;\">TA<\/td>\n<\/tr>\n<tr>\n<td style=\"background-color: #343538; text-align: center;\" rowspan=\"3\" scope=\"col\" align=\"center\" valign=\"middle\"><strong><span style=\"color: #ffffff;\">X<\/span><\/strong><\/td>\n<td><a href=\"https:\/\/www.facet.unt.edu.ar\/ingcomputacion\/wp-content\/uploads\/sites\/10\/2013\/10\/Trabajo-de-Graduacion.pdf\" target=\"_blank\" rel=\"noopener noreferrer\">Trabajo de Graduaci\u00f3n<\/a><\/td>\n<td style=\"text-align: center;\"><\/td>\n<td style=\"text-align: center;\">200<\/td>\n<td style=\"text-align: center;\">TA<\/td>\n<\/tr>\n<\/tbody>\n<\/table>\n<p>&nbsp;<\/p>\n<p><strong>Exigencias adicionales<\/strong><\/p>\n<p><span style=\"font-family: verdana, geneva;\">1.-\u00a0<a href=\"https:\/\/www.facet.unt.edu.ar\/ingcomputacion\/wp-content\/uploads\/sites\/10\/2013\/10\/Prueba-de-Suficiencia-de-Ingles.pdf\" target=\"_blank\" rel=\"noopener noreferrer\">Prueba de Suficiencia de Ingl\u00e9s<\/a><br \/>\n2.-\u00a0<a href=\"https:\/\/www.facet.unt.edu.ar\/ingcomputacion\/wp-content\/uploads\/sites\/10\/2013\/10\/Practica-Profesional-Supervisada.pdf\" target=\"_blank\" rel=\"noopener noreferrer\">Pr\u00e1ctica Profesional Supervisada<\/a>: 200 Hs.<\/span><\/p>\n<p><strong>Bloques Curriculares<\/strong><\/p>\n<p><span style=\"font-family: verdana, geneva;\">CB = Ciencias B\u00e1sicas<br \/>\nTB = Tecnolog\u00edas B\u00e1sicas<br \/>\nTA = Tecnolog\u00edas Aplicadas<br \/>\nCO = Complementarias<\/span><\/p>\n<p><strong>Notas<\/strong><\/p>\n<p><span style=\"font-family: verdana, geneva;\">Todas las asignaturas son de R\u00e9gimen Semestral (16 semanas), excepto Gesti\u00f3n Ambiental,\u00a0Ocupacional y Seguridad, que se dicta en la mitad de un Semestre.<br \/>\n<\/span><\/p>\n","protected":false},"excerpt":{"rendered":"<p>&nbsp; ASIGNATURAS OBLIGATORIAS A\u00d1O MODULO ASIGNATURA HORAS SEMANALES HORAS TOTALES BLOQUE I I C\u00e1lculo I 6 96 CB \u00c1lgebra y Geometr\u00eda Anal\u00edtica 6 96 CB F\u00edsica I 6 96 CB Fundamentos de Qu\u00edmica General 5 80 CB II C\u00e1lculo II 5 80 CB Elementos de \u00c1lgebra Lineal 5 80 CB F\u00edsica II 6 96 CB [&hellip;]<\/p>\n","protected":false},"author":7,"featured_media":0,"parent":165,"menu_order":2,"comment_status":"closed","ping_status":"closed","template":"templates\/template-full-notitle.php","meta":[],"_links":{"self":[{"href":"https:\/\/www.facet.unt.edu.ar\/ingcomputacion\/wp-json\/wp\/v2\/pages\/68"}],"collection":[{"href":"https:\/\/www.facet.unt.edu.ar\/ingcomputacion\/wp-json\/wp\/v2\/pages"}],"about":[{"href":"https:\/\/www.facet.unt.edu.ar\/ingcomputacion\/wp-json\/wp\/v2\/types\/page"}],"author":[{"embeddable":true,"href":"https:\/\/www.facet.unt.edu.ar\/ingcomputacion\/wp-json\/wp\/v2\/users\/7"}],"replies":[{"embeddable":true,"href":"https:\/\/www.facet.unt.edu.ar\/ingcomputacion\/wp-json\/wp\/v2\/comments?post=68"}],"version-history":[{"count":17,"href":"https:\/\/www.facet.unt.edu.ar\/ingcomputacion\/wp-json\/wp\/v2\/pages\/68\/revisions"}],"predecessor-version":[{"id":1958,"href":"https:\/\/www.facet.unt.edu.ar\/ingcomputacion\/wp-json\/wp\/v2\/pages\/68\/revisions\/1958"}],"up":[{"embeddable":true,"href":"https:\/\/www.facet.unt.edu.ar\/ingcomputacion\/wp-json\/wp\/v2\/pages\/165"}],"wp:attachment":[{"href":"https:\/\/www.facet.unt.edu.ar\/ingcomputacion\/wp-json\/wp\/v2\/media?parent=68"}],"curies":[{"name":"wp","href":"https:\/\/api.w.org\/{rel}","templated":true}]}}