{"id":968,"date":"2013-12-10T20:00:15","date_gmt":"2013-12-10T23:00:15","guid":{"rendered":"https:\/\/www.facet.unt.edu.ar\/ingcomputacion\/?page_id=968"},"modified":"2018-05-16T12:24:35","modified_gmt":"2018-05-16T15:24:35","slug":"laboratorio-docente-de-electronica","status":"publish","type":"page","link":"https:\/\/www.facet.unt.edu.ar\/ingcomputacion\/laboratorios\/laboratorio-docente-de-electronica\/","title":{"rendered":"Lab. Docente de Electr\u00f3nica"},"content":{"rendered":"<h1>Laboratorio Docente de Electr\u00f3nica<\/h1>\n<div id=\"metaslider-id-1433\" style=\"width: 100%; margin: 0 auto;\" class=\"ml-slider-3-27-5 metaslider metaslider-flex metaslider-1433 ml-slider\">\n    <div id=\"metaslider_container_1433\">\n        <div id=\"metaslider_1433\" class=\"flexslider\">\n            <ul aria-live=\"polite\" class=\"slides\">\n                <li style=\"display: none; width: 100%;\" class=\"slide-1600 ms-image\"><img src=\"https:\/\/www.facet.unt.edu.ar\/ingcomputacion\/wp-content\/uploads\/sites\/10\/2014\/05\/015-360x200.jpg\" height=\"200\" width=\"360\" alt=\"\" class=\"slider-1433 slide-1600\" \/><\/li>\n                <li style=\"display: none; width: 100%;\" class=\"slide-1601 ms-image\"><img src=\"https:\/\/www.facet.unt.edu.ar\/ingcomputacion\/wp-content\/uploads\/sites\/10\/2014\/05\/024-360x200.jpg\" height=\"200\" width=\"360\" alt=\"\" class=\"slider-1433 slide-1601\" \/><\/li>\n                <li style=\"display: none; width: 100%;\" class=\"slide-1602 ms-image\"><img src=\"https:\/\/www.facet.unt.edu.ar\/ingcomputacion\/wp-content\/uploads\/sites\/10\/2014\/05\/034-360x200.jpg\" height=\"200\" width=\"360\" alt=\"\" class=\"slider-1433 slide-1602\" \/><\/li>\n                <li style=\"display: none; width: 100%;\" class=\"slide-1603 ms-image\"><img src=\"https:\/\/www.facet.unt.edu.ar\/ingcomputacion\/wp-content\/uploads\/sites\/10\/2014\/05\/045-360x200.jpg\" height=\"200\" width=\"360\" alt=\"\" class=\"slider-1433 slide-1603\" \/><\/li>\n                <li style=\"display: none; width: 100%;\" class=\"slide-1604 ms-image\"><img src=\"https:\/\/www.facet.unt.edu.ar\/ingcomputacion\/wp-content\/uploads\/sites\/10\/2014\/05\/055-360x200.jpg\" height=\"200\" width=\"360\" alt=\"\" class=\"slider-1433 slide-1604\" \/><\/li>\n                <li style=\"display: none; width: 100%;\" class=\"slide-1605 ms-image\"><img src=\"https:\/\/www.facet.unt.edu.ar\/ingcomputacion\/wp-content\/uploads\/sites\/10\/2014\/05\/065-360x200.jpg\" height=\"200\" width=\"360\" alt=\"\" class=\"slider-1433 slide-1605\" \/><\/li>\n            <\/ul>\n        <\/div>\n        \n    <\/div>\n<\/div>\n<p><strong>Responsable<\/strong>: <a href=\"mailto:aolmos@herrera.unt.edu.ar\">Olmos, Aida<\/a><\/p>\n<p><a href=\"https:\/\/www.facet.unt.edu.ar\/ingcomputacion\/equipamiento-principal-lab-de-electronica\" target=\"_blank\" rel=\"noopener\">Equipamiento Principal<\/a><\/p>\n<p>En este Laboratorio se realizan tres tipos de tareas: Ensayos descriptos en las asignaturas, Proyectos de c\u00e1tedras que incluyen el armado de equipos y Trabajos de graduaci\u00f3n.<\/p>\n<p>El laboratorio cuenta con: 1 protecci\u00f3n diferencial general, 10 mesones con interruptores termomagn\u00e9ticos y puesta a tierra medida y registrada. Tambi\u00e9n se dispone de 1 extractor de aire, 7 ventiladores de techo, 6 ventanas al exterior, 1 pileta con agua, 32 equipos de iluminaci\u00f3n fluorescente 2x 40W repartidos en 4 circuitos.<\/p>\n","protected":false},"excerpt":{"rendered":"<p>Laboratorio Docente de Electr\u00f3nica Responsable: Olmos, Aida Equipamiento Principal En este Laboratorio se realizan tres tipos de tareas: Ensayos descriptos en las asignaturas, Proyectos de c\u00e1tedras que incluyen el armado de equipos y Trabajos de graduaci\u00f3n. El laboratorio cuenta con: 1 protecci\u00f3n diferencial general, 10 mesones con interruptores termomagn\u00e9ticos y puesta a tierra medida y [&hellip;]<\/p>\n","protected":false},"author":7,"featured_media":0,"parent":227,"menu_order":8,"comment_status":"closed","ping_status":"closed","template":"templates\/template-full-notitle.php","meta":[],"_links":{"self":[{"href":"https:\/\/www.facet.unt.edu.ar\/ingcomputacion\/wp-json\/wp\/v2\/pages\/968"}],"collection":[{"href":"https:\/\/www.facet.unt.edu.ar\/ingcomputacion\/wp-json\/wp\/v2\/pages"}],"about":[{"href":"https:\/\/www.facet.unt.edu.ar\/ingcomputacion\/wp-json\/wp\/v2\/types\/page"}],"author":[{"embeddable":true,"href":"https:\/\/www.facet.unt.edu.ar\/ingcomputacion\/wp-json\/wp\/v2\/users\/7"}],"replies":[{"embeddable":true,"href":"https:\/\/www.facet.unt.edu.ar\/ingcomputacion\/wp-json\/wp\/v2\/comments?post=968"}],"version-history":[{"count":9,"href":"https:\/\/www.facet.unt.edu.ar\/ingcomputacion\/wp-json\/wp\/v2\/pages\/968\/revisions"}],"predecessor-version":[{"id":1814,"href":"https:\/\/www.facet.unt.edu.ar\/ingcomputacion\/wp-json\/wp\/v2\/pages\/968\/revisions\/1814"}],"up":[{"embeddable":true,"href":"https:\/\/www.facet.unt.edu.ar\/ingcomputacion\/wp-json\/wp\/v2\/pages\/227"}],"wp:attachment":[{"href":"https:\/\/www.facet.unt.edu.ar\/ingcomputacion\/wp-json\/wp\/v2\/media?parent=968"}],"curies":[{"name":"wp","href":"https:\/\/api.w.org\/{rel}","templated":true}]}}