{"id":109,"date":"2017-04-05T16:41:30","date_gmt":"2017-04-05T19:41:30","guid":{"rendered":"https:\/\/www.facet.unt.edu.ar\/ingelectronica\/?page_id=109"},"modified":"2017-08-15T12:28:07","modified_gmt":"2017-08-15T15:28:07","slug":"laboratorios","status":"publish","type":"page","link":"https:\/\/www.facet.unt.edu.ar\/ingelectronica\/laboratorios\/","title":{"rendered":"Laboratorios"},"content":{"rendered":"<p><a href=\"https:\/\/www.facet.unt.edu.ar\/ingelectronica\/laboratorio-docente-de-electronica\/\">Laboratorio Docente de Electr\u00f3nica<\/a><\/p>\n<p>Laboratorio de Mediciones El\u00e9ctricas<\/p>\n<p>Laboratorio de Microprocesadores<\/p>\n<p>Laboratorio de Docente Sistemas de Control<\/p>\n<p>Laboratorio de Instrumentaci\u00f3n Industrial<\/p>\n<p>Laboratorio de Electr\u00f3nica y Automatizaci\u00f3n<\/p>\n<p>Laboratorio de Telecomunicaciones<\/p>\n<p><a href=\"https:\/\/www.facet.unt.edu.ar\/ingelectronica\/laboratorio-de-redes\/\">Laboratorio de Redes<\/a><\/p>\n<p><a href=\"https:\/\/www.facet.unt.edu.ar\/ingelectronica\/laboratorio-de-tecnicas-digitales\/\">Laboratorio de T\u00e9cnicas Digitales<\/a><\/p>\n<p><a href=\"https:\/\/www.facet.unt.edu.ar\/ingelectronica\/laboratorio-de-procesamiento-digital-de-la-informacion\/\">Laboratorio de Procesamiento Digital de la Informaci\u00f3n<\/a><\/p>\n<p><a href=\"https:\/\/www.facet.unt.edu.ar\/ingelectronica\/gabinete-de-informatica-i\/\">Gabinete de Inform\u00e1tica I<\/a><\/p>\n<p><a href=\"https:\/\/www.facet.unt.edu.ar\/ingelectronica\/gabinete-de-informatica-ii\/\">Gabinete de Inform\u00e1tica II<\/a><\/p>\n<p><a href=\"https:\/\/www.facet.unt.edu.ar\/ingelectronica\/laboratorio-de-quimica-general-e-inorganica\/\">Laboratorio de Qu\u00edmica General e Inorg\u00e1nica<\/a><\/p>\n<p><a href=\"https:\/\/www.facet.unt.edu.ar\/ingelectronica\/laboratorio-de-fisica\/\">Laboratorio de F\u00edsica Experimental I y II<\/a><\/p>\n<p>Instituto de Alta Tensi\u00f3n y Transmisi\u00f3n de Energ\u00eda<\/p>\n","protected":false},"excerpt":{"rendered":"<p>Laboratorio Docente de Electr\u00f3nica Laboratorio de Mediciones El\u00e9ctricas Laboratorio de Microprocesadores Laboratorio de Docente Sistemas de Control Laboratorio de Instrumentaci\u00f3n Industrial Laboratorio de Electr\u00f3nica y Automatizaci\u00f3n Laboratorio de Telecomunicaciones Laboratorio de Redes Laboratorio de T\u00e9cnicas Digitales Laboratorio de Procesamiento Digital de la Informaci\u00f3n Gabinete de Inform\u00e1tica I Gabinete de Inform\u00e1tica II Laboratorio de Qu\u00edmica General [&hellip;]<\/p>\n","protected":false},"author":101025,"featured_media":0,"parent":0,"menu_order":0,"comment_status":"closed","ping_status":"closed","template":"","meta":[],"_links":{"self":[{"href":"https:\/\/www.facet.unt.edu.ar\/ingelectronica\/wp-json\/wp\/v2\/pages\/109"}],"collection":[{"href":"https:\/\/www.facet.unt.edu.ar\/ingelectronica\/wp-json\/wp\/v2\/pages"}],"about":[{"href":"https:\/\/www.facet.unt.edu.ar\/ingelectronica\/wp-json\/wp\/v2\/types\/page"}],"author":[{"embeddable":true,"href":"https:\/\/www.facet.unt.edu.ar\/ingelectronica\/wp-json\/wp\/v2\/users\/101025"}],"replies":[{"embeddable":true,"href":"https:\/\/www.facet.unt.edu.ar\/ingelectronica\/wp-json\/wp\/v2\/comments?post=109"}],"version-history":[{"count":8,"href":"https:\/\/www.facet.unt.edu.ar\/ingelectronica\/wp-json\/wp\/v2\/pages\/109\/revisions"}],"predecessor-version":[{"id":276,"href":"https:\/\/www.facet.unt.edu.ar\/ingelectronica\/wp-json\/wp\/v2\/pages\/109\/revisions\/276"}],"wp:attachment":[{"href":"https:\/\/www.facet.unt.edu.ar\/ingelectronica\/wp-json\/wp\/v2\/media?parent=109"}],"curies":[{"name":"wp","href":"https:\/\/api.w.org\/{rel}","templated":true}]}}