{"id":93,"date":"2017-04-05T16:37:03","date_gmt":"2017-04-05T19:37:03","guid":{"rendered":"https:\/\/www.facet.unt.edu.ar\/ingelectronica\/?page_id=93"},"modified":"2020-04-29T15:47:59","modified_gmt":"2020-04-29T18:47:59","slug":"plan-de-estudios","status":"publish","type":"page","link":"https:\/\/www.facet.unt.edu.ar\/ingelectronica\/plan-de-estudios\/","title":{"rendered":"Plan de Estudios"},"content":{"rendered":"<p style=\"text-align: center;\"><strong>Plan 1991 Ingenier\u00eda Electr\u00f3nica, modificaci\u00f3n 2004<\/strong><\/p>\n<table width=\"695\">\n<tbody>\n<tr>\n<td style=\"text-align: center;\" width=\"80\">A\u00d1O<\/td>\n<td style=\"text-align: center;\" width=\"80\">M\u00d3DULO<\/td>\n<td style=\"text-align: center;\" width=\"324\">ASIGNATURA<\/td>\n<td style=\"text-align: center;\" width=\"131\">HORAS TOTALES<\/td>\n<td style=\"text-align: center;\" width=\"80\">BLOQUE<\/td>\n<\/tr>\n<tr>\n<td style=\"text-align: center;\" rowspan=\"9\">1\u00b0<\/td>\n<td style=\"text-align: center;\" rowspan=\"4\">I<\/td>\n<td>C\u00e1lculo I<\/td>\n<td style=\"text-align: center;\">96<\/td>\n<td>CB<\/td>\n<\/tr>\n<tr>\n<td>Algebra y Geometr\u00eda Anal\u00edtica<\/td>\n<td style=\"text-align: center;\">96<\/td>\n<td>CB<\/td>\n<\/tr>\n<tr>\n<td>F\u00edsica I<\/td>\n<td style=\"text-align: center;\">96<\/td>\n<td>CB<\/td>\n<\/tr>\n<tr>\n<td>Fundamentos de Qu\u00edmica Gral.<\/td>\n<td style=\"text-align: center;\">80<\/td>\n<td>CB<\/td>\n<\/tr>\n<tr>\n<td style=\"text-align: center;\" rowspan=\"5\">II<\/td>\n<td>C\u00e1lculo II<\/td>\n<td style=\"text-align: center;\">80<\/td>\n<td>CB<\/td>\n<\/tr>\n<tr>\n<td>Elementos de \u00c1lgebra Lineal<\/td>\n<td style=\"text-align: center;\">80<\/td>\n<td>CB<\/td>\n<\/tr>\n<tr>\n<td>F\u00edsica II<\/td>\n<td style=\"text-align: center;\">96<\/td>\n<td>CB<\/td>\n<\/tr>\n<tr>\n<td>Inform\u00e1tica<\/td>\n<td style=\"text-align: center;\">64<\/td>\n<td>CB<\/td>\n<\/tr>\n<tr>\n<td>Sistemas de representaci\u00f3n<\/td>\n<td style=\"text-align: center;\">80<\/td>\n<td>CB<\/td>\n<\/tr>\n<tr>\n<td style=\"text-align: center;\" rowspan=\"8\">2\u00b0<\/td>\n<td style=\"text-align: center;\" rowspan=\"4\">III<\/td>\n<td>C\u00e1lculo III<\/td>\n<td style=\"text-align: center;\">96<\/td>\n<td>CB<\/td>\n<\/tr>\n<tr>\n<td>Circuitos El\u00e9ctricos I<\/td>\n<td style=\"text-align: center;\">96<\/td>\n<td>TB<\/td>\n<\/tr>\n<tr>\n<td>F\u00edsica III<\/td>\n<td style=\"text-align: center;\">128<\/td>\n<td>CB<\/td>\n<\/tr>\n<tr>\n<td>Programaci\u00f3n I<\/td>\n<td style=\"text-align: center;\">96<\/td>\n<td>TB<\/td>\n<\/tr>\n<tr>\n<td style=\"text-align: center;\" rowspan=\"4\">IV<\/td>\n<td>C\u00e1lculo IV<\/td>\n<td style=\"text-align: center;\">96<\/td>\n<td>CB<\/td>\n<\/tr>\n<tr>\n<td>Circuitos El\u00e9ctricos II<\/td>\n<td style=\"text-align: center;\">96<\/td>\n<td>TB<\/td>\n<\/tr>\n<tr>\n<td>Probabilidad y Estad\u00edstica<\/td>\n<td style=\"text-align: center;\">80<\/td>\n<td>CB<\/td>\n<\/tr>\n<tr>\n<td>Mediciones El\u00e9ctricas<\/td>\n<td style=\"text-align: center;\">96<\/td>\n<td>TB<\/td>\n<\/tr>\n<tr>\n<td style=\"text-align: center;\" rowspan=\"8\">3\u00b0<\/td>\n<td style=\"text-align: center;\" rowspan=\"4\">V<\/td>\n<td>C\u00e1lculo V<\/td>\n<td style=\"text-align: center;\">96<\/td>\n<td>TB<\/td>\n<\/tr>\n<tr>\n<td>Circuitos El\u00e9ctricos III<\/td>\n<td style=\"text-align: center;\">96<\/td>\n<td>TB<\/td>\n<\/tr>\n<tr>\n<td>Materiales El\u00e9ctricos<\/td>\n<td style=\"text-align: center;\">96<\/td>\n<td>TB<\/td>\n<\/tr>\n<tr>\n<td>Electr\u00f3nica I<\/td>\n<td style=\"text-align: center;\">96<\/td>\n<td>TB<\/td>\n<\/tr>\n<tr>\n<td style=\"text-align: center;\" rowspan=\"4\">VI<\/td>\n<td>Dispositivos Electr\u00f3nicos<\/td>\n<td style=\"text-align: center;\">96<\/td>\n<td>TB<\/td>\n<\/tr>\n<tr>\n<td>Electr\u00f3nica II<\/td>\n<td style=\"text-align: center;\">96<\/td>\n<td>TB<\/td>\n<\/tr>\n<tr>\n<td>Instalaciones El\u00e9ctricas<\/td>\n<td style=\"text-align: center;\">96<\/td>\n<td>TA<\/td>\n<\/tr>\n<tr>\n<td>Electr\u00f3nica III<\/td>\n<td style=\"text-align: center;\">96<\/td>\n<td>TB<\/td>\n<\/tr>\n<tr>\n<td style=\"text-align: center;\" rowspan=\"8\">4\u00b0<\/td>\n<td style=\"text-align: center;\" rowspan=\"4\">VII<\/td>\n<td>Se\u00f1ales el\u00e9ctricas<\/td>\n<td style=\"text-align: center;\">96<\/td>\n<td>TB<\/td>\n<\/tr>\n<tr>\n<td>Electromagnetismo I<\/td>\n<td style=\"text-align: center;\">96<\/td>\n<td>TB<\/td>\n<\/tr>\n<tr>\n<td>Electr\u00f3nica IV<\/td>\n<td style=\"text-align: center;\">96<\/td>\n<td>TA<\/td>\n<\/tr>\n<tr>\n<td>M\u00e1quinas El\u00e9ctricas<\/td>\n<td style=\"text-align: center;\">96<\/td>\n<td>TA<\/td>\n<\/tr>\n<tr>\n<td style=\"text-align: center;\" rowspan=\"4\">VIII<\/td>\n<td>Introducci\u00f3n al Derecho<\/td>\n<td style=\"text-align: center;\">96<\/td>\n<td>CO<\/td>\n<\/tr>\n<tr>\n<td>Sistemas de Control I<\/td>\n<td style=\"text-align: center;\">96<\/td>\n<td>TA<\/td>\n<\/tr>\n<tr>\n<td>Principios de Econom\u00eda<\/td>\n<td style=\"text-align: center;\">96<\/td>\n<td>CO<\/td>\n<\/tr>\n<tr>\n<td>Procesamiento Digital de Se\u00f1ales<\/td>\n<td style=\"text-align: center;\">96<\/td>\n<td>TA<\/td>\n<\/tr>\n<tr>\n<td style=\"text-align: center;\" rowspan=\"8\">5\u00b0<\/td>\n<td style=\"text-align: center;\" rowspan=\"4\">IX<\/td>\n<td>Administraci\u00f3n de Proyectos<\/td>\n<td style=\"text-align: center;\">96<\/td>\n<td>CO<\/td>\n<\/tr>\n<tr>\n<td>Gesti\u00f3n Ambiental, Salud Ocupacional y Seguridad<\/td>\n<td style=\"text-align: center;\">40<\/td>\n<td>CO<\/td>\n<\/tr>\n<tr>\n<td>Electiva I<\/td>\n<td style=\"text-align: center;\">96<\/td>\n<td>TA<\/td>\n<\/tr>\n<tr>\n<td>Electiva II<\/td>\n<td style=\"text-align: center;\">96<\/td>\n<td>TA<\/td>\n<\/tr>\n<tr>\n<td style=\"text-align: center;\" rowspan=\"4\">X<\/td>\n<td>Electiva III<\/td>\n<td style=\"text-align: center;\">96<\/td>\n<td>TA<\/td>\n<\/tr>\n<tr>\n<td>Electiva IV<\/td>\n<td style=\"text-align: center;\">96<\/td>\n<td>TA<\/td>\n<\/tr>\n<tr>\n<td>Electiva V<\/td>\n<td style=\"text-align: center;\">96<\/td>\n<td>TA<\/td>\n<\/tr>\n<tr>\n<td>Trabajo de Graduaci\u00f3n<\/td>\n<td style=\"text-align: center;\">200<\/td>\n<td>TA<\/td>\n<\/tr>\n<\/tbody>\n<\/table>\n<p>Bloques curriculares (CONFEDI\/CONEAU):<\/p>\n<ul>\n<li>CB= Ciencias B\u00e1sicas<\/li>\n<li>TB= Tecnolog\u00edas B\u00e1sicas<\/li>\n<li>TA= Tecnolog\u00edas Aplicadas<\/li>\n<li>CO= Complementarias.<\/li>\n<\/ul>\n<p>Exigencias adicionales<\/p>\n<ol>\n<li>Prueba de suficiencia de Ingl\u00e9s.<\/li>\n<li>Pr\u00e1ctica supervisada (200hs).<\/li>\n<\/ol>\n<p>Lista de asignaturas electivas:\u00a0<a href=\"https:\/\/www.facet.unt.edu.ar\/ingelectronica\/wp-content\/uploads\/sites\/45\/2017\/04\/LISTADO-DE-ASIGNATURAS.pdf\">Asignaturas electivas<\/a><\/p>\n<p>Plan de estudios de la carrera de Ingenier\u00eda Electr\u00f3nica:\u00a0<a href=\"https:\/\/www.facet.unt.edu.ar\/ingelectronica\/wp-content\/uploads\/sites\/45\/2017\/04\/UNT-Plan-IE.pdf\">UNT Plan IE<\/a><\/p>\n","protected":false},"excerpt":{"rendered":"<p>Plan 1991 Ingenier\u00eda Electr\u00f3nica, modificaci\u00f3n 2004 A\u00d1O M\u00d3DULO ASIGNATURA HORAS TOTALES BLOQUE 1\u00b0 I C\u00e1lculo I 96 CB Algebra y Geometr\u00eda Anal\u00edtica 96 CB F\u00edsica I 96 CB Fundamentos de Qu\u00edmica Gral. 80 CB II C\u00e1lculo II 80 CB Elementos de \u00c1lgebra Lineal 80 CB F\u00edsica II 96 CB Inform\u00e1tica 64 CB Sistemas de representaci\u00f3n [&hellip;]<\/p>\n","protected":false},"author":101025,"featured_media":0,"parent":0,"menu_order":0,"comment_status":"closed","ping_status":"closed","template":"","meta":[],"_links":{"self":[{"href":"https:\/\/www.facet.unt.edu.ar\/ingelectronica\/wp-json\/wp\/v2\/pages\/93"}],"collection":[{"href":"https:\/\/www.facet.unt.edu.ar\/ingelectronica\/wp-json\/wp\/v2\/pages"}],"about":[{"href":"https:\/\/www.facet.unt.edu.ar\/ingelectronica\/wp-json\/wp\/v2\/types\/page"}],"author":[{"embeddable":true,"href":"https:\/\/www.facet.unt.edu.ar\/ingelectronica\/wp-json\/wp\/v2\/users\/101025"}],"replies":[{"embeddable":true,"href":"https:\/\/www.facet.unt.edu.ar\/ingelectronica\/wp-json\/wp\/v2\/comments?post=93"}],"version-history":[{"count":15,"href":"https:\/\/www.facet.unt.edu.ar\/ingelectronica\/wp-json\/wp\/v2\/pages\/93\/revisions"}],"predecessor-version":[{"id":309,"href":"https:\/\/www.facet.unt.edu.ar\/ingelectronica\/wp-json\/wp\/v2\/pages\/93\/revisions\/309"}],"wp:attachment":[{"href":"https:\/\/www.facet.unt.edu.ar\/ingelectronica\/wp-json\/wp\/v2\/media?parent=93"}],"curies":[{"name":"wp","href":"https:\/\/api.w.org\/{rel}","templated":true}]}}