{"id":113,"date":"2020-08-01T01:13:27","date_gmt":"2020-08-01T04:13:27","guid":{"rendered":"https:\/\/www.facet.unt.edu.ar\/ingenieriainformatica\/?page_id=113"},"modified":"2020-08-01T01:13:27","modified_gmt":"2020-08-01T04:13:27","slug":"campo-laboral","status":"publish","type":"page","link":"https:\/\/www.facet.unt.edu.ar\/ingenieriainformatica\/campo-laboral\/","title":{"rendered":"Campo Laboral"},"content":{"rendered":"<ol>\n<li>Planificar, dirigir, realizar y\/o evaluar proyectos de relevamiento, an\u00e1lisis, especificaci\u00f3n, dise\u00f1o, desarrollo, implementaci\u00f3n, verificaci\u00f3n, validaci\u00f3n, puesta a punto, mantenimiento y actualizaci\u00f3n, para todo tipo de personas f\u00edsicas o jur\u00eddicas, de:<br \/>\n* Sistemas de Informaci\u00f3n.<br \/>\n* Software vinculado indirectamente al hardware y a los sistemas de comunicaci\u00f3n de datos.<\/li>\n<li>Determinar, aplicar y controlar estrategias y pol\u00edticas de desarrollo de Sistemas de Informaci\u00f3n y de Software.<\/li>\n<li>Evaluar y seleccionar los lenguajes de especificaci\u00f3n, herramientas de dise\u00f1o, procesos de desarrollo, lenguajes de programaci\u00f3n y arquitecturas de software relacionados con el punto 1.<\/li>\n<li>Evaluar y seleccionar las arquitecturas tecnol\u00f3gicas de procesamiento, sistemas de comunicaci\u00f3n de datos y software de base, para su utilizaci\u00f3n por el software vinculado al punto 1.<\/li>\n<li>Dise\u00f1ar metodolog\u00edas y tecnolog\u00edas para desarrollo de software vinculados al punto 1.<\/li>\n<li>Organizar y dirigir el \u00e1rea de sistemas de todo tipo de personas f\u00edsicas o jur\u00eddicas, determinar el perfil de los recursos humanos necesarios y contribuir a su selecci\u00f3n y formaci\u00f3n.<\/li>\n<li>Planificar, dise\u00f1ar, dirigir y realizar la capacitaci\u00f3n de usuarios en la utilizaci\u00f3n del software vinculado al punto 1.<\/li>\n<li>Determinar y controlar el cumplimiento de pautas t\u00e9cnicas, normas y procedimientos que rijan el funcionamiento y la utilizaci\u00f3n del software vinculado al punto 1.<\/li>\n<li>Elaborar, dise\u00f1ar, implementar y\/o evaluar m\u00e9todos y normas a seguir en cuestiones de seguridad de la informaci\u00f3n y los datos procesados, generados y\/o transmitidos por el software.<\/li>\n<li>Establecer m\u00e9tricas y normas de calidad, y seguridad de software, controlando las mismas a fin de tener un producto industrial que respete las normas nacionales e internacionales.<\/li>\n<li>Control de la especificaci\u00f3n formal del producto, del proceso de dise\u00f1o, desarrollo, implementaci\u00f3n y mantenimiento. Establecimiento de m\u00e9tricas de validaci\u00f3n y certificaci\u00f3n de calidad.<\/li>\n<li>Realizar arbitrajes, peritajes y tasaciones referidas a las \u00e1reas espec\u00edficas de su\u00a0aplicaci\u00f3n y entendimiento.<\/li>\n<\/ol>\n","protected":false},"excerpt":{"rendered":"<p>Planificar, dirigir, realizar y\/o evaluar proyectos de relevamiento, an\u00e1lisis, especificaci\u00f3n, dise\u00f1o, desarrollo, implementaci\u00f3n, verificaci\u00f3n, validaci\u00f3n, puesta a punto, mantenimiento y actualizaci\u00f3n, para todo tipo de personas f\u00edsicas o jur\u00eddicas, de: * Sistemas de Informaci\u00f3n. * Software vinculado indirectamente al hardware y a los sistemas de comunicaci\u00f3n de datos. Determinar, aplicar y controlar estrategias y pol\u00edticas [&hellip;]<\/p>\n","protected":false},"author":123457,"featured_media":0,"parent":0,"menu_order":0,"comment_status":"closed","ping_status":"closed","template":"","meta":[],"_links":{"self":[{"href":"https:\/\/www.facet.unt.edu.ar\/ingenieriainformatica\/wp-json\/wp\/v2\/pages\/113"}],"collection":[{"href":"https:\/\/www.facet.unt.edu.ar\/ingenieriainformatica\/wp-json\/wp\/v2\/pages"}],"about":[{"href":"https:\/\/www.facet.unt.edu.ar\/ingenieriainformatica\/wp-json\/wp\/v2\/types\/page"}],"author":[{"embeddable":true,"href":"https:\/\/www.facet.unt.edu.ar\/ingenieriainformatica\/wp-json\/wp\/v2\/users\/123457"}],"replies":[{"embeddable":true,"href":"https:\/\/www.facet.unt.edu.ar\/ingenieriainformatica\/wp-json\/wp\/v2\/comments?post=113"}],"version-history":[{"count":1,"href":"https:\/\/www.facet.unt.edu.ar\/ingenieriainformatica\/wp-json\/wp\/v2\/pages\/113\/revisions"}],"predecessor-version":[{"id":114,"href":"https:\/\/www.facet.unt.edu.ar\/ingenieriainformatica\/wp-json\/wp\/v2\/pages\/113\/revisions\/114"}],"wp:attachment":[{"href":"https:\/\/www.facet.unt.edu.ar\/ingenieriainformatica\/wp-json\/wp\/v2\/media?parent=113"}],"curies":[{"name":"wp","href":"https:\/\/api.w.org\/{rel}","templated":true}]}}