{"id":188,"date":"2017-03-19T19:13:54","date_gmt":"2017-03-19T22:13:54","guid":{"rendered":"https:\/\/www.facet.unt.edu.ar\/ingenieriaquimica\/?page_id=188"},"modified":"2020-02-03T11:10:45","modified_gmt":"2020-02-03T14:10:45","slug":"3-ano","status":"publish","type":"page","link":"https:\/\/www.facet.unt.edu.ar\/ingenieriaquimica\/plan-de-estudios\/3-ano\/","title":{"rendered":"3\u00b0 A\u00f1o"},"content":{"rendered":"<h2 style=\"text-align: center;\"><span style=\"color: #800000;\"><strong>TERCER A\u00d1O<\/strong><\/span><\/h2>\n<h3><em><span style=\"color: #800000;\"><strong>M\u00d3DULO V<\/strong><\/span><\/em><\/h3>\n<p><strong>TERMODIN\u00c1MICA DE PROCESOS:<\/strong> Fundamentos de termodin\u00e1mica. Sistemas de un solo componente, gases ideales y reales, ecuaciones de estado. Primera ley de la termodin\u00e1mica, entalp\u00eda, procesos reversibles. Segunda ley de la termodin\u00e1mica, irreversibilidad y entrop\u00eda. Aspectos termodin\u00e1micos de la conversi\u00f3n de la energ\u00eda. Tercera ley de la termodin\u00e1mica. Propiedades de sistemas homog\u00e9neos mono compuestos, fugacidad. Sistemas heterog\u00e9neos de un solo componente, diagramas termodin\u00e1micos. Procesos homog\u00e9neos de multi componentes. Sistemas heterog\u00e9neos de m\u00faltiples componentes, regla de las fases, equilibrios l\u00edquido-vapor, l\u00edquido-gas, l\u00edquido-l\u00edquido, l\u00edquido-l\u00edquido -vapor, s\u00f3lido-l\u00edquido.<\/p>\n<p><strong>INTRODUCCI\u00d3N A LA INGENIER\u00cdA QU\u00cdMICA:<\/strong> Equipos, variables de proceso y unidades. Metodolog\u00eda del balance de materia en estado estacionario. Introducci\u00f3n al balance de Energ\u00eda sin reacci\u00f3n Qu\u00edmica. Resoluci\u00f3n de diagramas de flujo. Aplicaci\u00f3n de m\u00e9todos num\u00e9ricos con auxilio de utilitarios.<\/p>\n<p><strong>QU\u00cdMICA ANAL\u00cdTICA II:<\/strong> An\u00e1lisis qu\u00edmico instrumental. M\u00e9todos electrom\u00e9tricos, espectrom\u00e9tricos, espectrofotom\u00e9tricos y cromatogr\u00e1ficos.<\/p>\n<p><strong>QU\u00cdMICA ORG\u00c1NICA II:<\/strong> L\u00edpidos. Amino\u00e1cidos. Prote\u00ednas. Hidratos de carbono. Heterociclos. \u00c1cidos nucleicos. Pol\u00edmeros.<\/p>\n<p>&nbsp;<\/p>\n<h3><span style=\"color: #800000;\"><em><strong>M\u00d3DULO VI<\/strong><\/em><\/span><\/h3>\n<p><strong>F\u00cdSICOQU\u00cdMICA:<\/strong> Teor\u00eda cin\u00e9tica de los gases. Termodin\u00e1mica de las reacciones qu\u00edmicas. Equilibrio qu\u00edmico. Cin\u00e9tica qu\u00edmica. Electroqu\u00edmica, conductividad de electrolitos. F\u00edsico-qu\u00edmica de las superficies. Macromol\u00e9culas.<\/p>\n<p><strong>BALANCES DE MATERIA Y ENERG\u00cdA:<\/strong> Balances de energ\u00eda. Balances acoplados de materia y energ\u00eda. Sistemas macrosc\u00f3picos en estados estacionario y transitorio. Balances diferenciales de procesos y operaciones. Sistemas distribu\u00eddos unidimensionales en estado estacionario<\/p>\n<p><strong>FEN\u00d3MENOS DE TRANSPORTE:<\/strong> An\u00e1lisis dimensional. Principios de semejanza. Propiedades de transporte. Mec\u00e1nica de los fluidos: ecuaci\u00f3n de continuidad, balance de cantidad de movimiento, balance de energ\u00eda. Transferencia del calor: conducci\u00f3n, convecci\u00f3n y radiaci\u00f3n. Coeficientes. Transferencia de materia: difusi\u00f3n y coeficientes de difusividad y globales.<\/p>\n<p><strong>ELECTROTECNIA Y M\u00c1QUINAS EL\u00c9CTRICAS:<\/strong> Corrientes\u00a0 alternas mono\u00a0 y trif\u00e1sicas. Medidas el\u00e9ctricas. Transformadores. Motores y generadores. Instalaciones el\u00e9ctricas. Luminotecnia. Elementos de electr\u00f3nica anal\u00f3gica y digital<\/p>\n<p>&nbsp;<\/p>\n<h3><strong><span style=\"color: #800000;\">PROGRAMAS ANAL\u00cdTICOS<\/span><\/strong><\/h3>\n<p>Puede consultar los programas anal\u00edticos correspondientes al ciclo lectivo actual haciendo click <a href=\"https:\/\/www.facet.unt.edu.ar\/ingenieriaquimica\/plan-de-estudios\/programas-de-asignaturas\/\"><strong>AQU\u00cd<\/strong><\/a>.<\/p>\n<p>&nbsp;<\/p>\n<p>&nbsp;<\/p>\n","protected":false},"excerpt":{"rendered":"<p>TERCER A\u00d1O M\u00d3DULO V TERMODIN\u00c1MICA DE PROCESOS: Fundamentos de termodin\u00e1mica. Sistemas de un solo componente, gases ideales y reales, ecuaciones de estado. Primera ley de la termodin\u00e1mica, entalp\u00eda, procesos reversibles. Segunda ley de la termodin\u00e1mica, irreversibilidad y entrop\u00eda. Aspectos termodin\u00e1micos de la conversi\u00f3n de la energ\u00eda. Tercera ley de la termodin\u00e1mica. Propiedades de sistemas homog\u00e9neos mono [&hellip;]<\/p>\n","protected":false},"author":101029,"featured_media":0,"parent":155,"menu_order":3,"comment_status":"closed","ping_status":"closed","template":"templates\/template-full.php","meta":[],"_links":{"self":[{"href":"https:\/\/www.facet.unt.edu.ar\/ingenieriaquimica\/wp-json\/wp\/v2\/pages\/188"}],"collection":[{"href":"https:\/\/www.facet.unt.edu.ar\/ingenieriaquimica\/wp-json\/wp\/v2\/pages"}],"about":[{"href":"https:\/\/www.facet.unt.edu.ar\/ingenieriaquimica\/wp-json\/wp\/v2\/types\/page"}],"author":[{"embeddable":true,"href":"https:\/\/www.facet.unt.edu.ar\/ingenieriaquimica\/wp-json\/wp\/v2\/users\/101029"}],"replies":[{"embeddable":true,"href":"https:\/\/www.facet.unt.edu.ar\/ingenieriaquimica\/wp-json\/wp\/v2\/comments?post=188"}],"version-history":[{"count":7,"href":"https:\/\/www.facet.unt.edu.ar\/ingenieriaquimica\/wp-json\/wp\/v2\/pages\/188\/revisions"}],"predecessor-version":[{"id":2357,"href":"https:\/\/www.facet.unt.edu.ar\/ingenieriaquimica\/wp-json\/wp\/v2\/pages\/188\/revisions\/2357"}],"up":[{"embeddable":true,"href":"https:\/\/www.facet.unt.edu.ar\/ingenieriaquimica\/wp-json\/wp\/v2\/pages\/155"}],"wp:attachment":[{"href":"https:\/\/www.facet.unt.edu.ar\/ingenieriaquimica\/wp-json\/wp\/v2\/media?parent=188"}],"curies":[{"name":"wp","href":"https:\/\/api.w.org\/{rel}","templated":true}]}}