{"id":634,"date":"2017-03-29T09:29:56","date_gmt":"2017-03-29T12:29:56","guid":{"rendered":"https:\/\/www.facet.unt.edu.ar\/ingenieriaquimica\/?page_id=634"},"modified":"2026-04-09T20:49:06","modified_gmt":"2026-04-09T23:49:06","slug":"normativa-de-facultad","status":"publish","type":"page","link":"https:\/\/www.facet.unt.edu.ar\/ingenieriaquimica\/normativa\/normativa-de-facultad\/","title":{"rendered":"Normativa de Facultad"},"content":{"rendered":"<h2 style=\"text-align: center;\"><span style=\"color: #800000;\"><strong>NORMATIVA DE LA FACULTAD<\/strong><\/span><\/h2>\n<p><strong><a href=\"https:\/\/www.facet.unt.edu.ar\/ingenieriaquimica\/wp-content\/uploads\/sites\/50\/2017\/03\/Funcionamiento_estructura_facet.pdf\" target=\"_blank\" rel=\"noopener noreferrer\">Reglamento de Funcionamiento de la Facultad de Ciencias Exactas y Tecnolog\u00eda<\/a><\/strong> (Res. 1362-1999 y 0394-2000)<\/p>\n<p><a href=\"https:\/\/www.facet.unt.edu.ar\/wp-content\/uploads\/2024\/07\/Reglamento_Funcionamiento_Academico_y_Plan_Transicion_Res_5758-2024-1.pdf\" target=\"_blank\" rel=\"noopener\"><strong>R\u00e9gimen de la Actividad Docente de Grado de la Facultad de Ciencias Exactas y Tecnolog\u00eda<\/strong><\/a> (Res. 5758-2024)<\/p>\n<p><strong><a href=\"https:\/\/www.facet.unt.edu.ar\/ingenieriaquimica\/wp-content\/uploads\/sites\/50\/2024\/08\/Reglamento-deEvaluaciones-Parciales-y-Recuperaciones_10679-2024.pdf\" target=\"_blank\" rel=\"noopener\">Reglamento de Evaluaciones Parciales y Recuperaciones para las Carreras de Pregrado y Grado de la Facultad de Ciencias Exactas y Tecnolog\u00eda<\/a> <\/strong>(Res. 10679-2024)<\/p>\n<p><strong><a href=\"https:\/\/www.facet.unt.edu.ar\/ingenieriaquimica\/wp-content\/uploads\/sites\/50\/2024\/10\/RES-FACET-DDAC-8342-2024-1.pdf\" target=\"_blank\" rel=\"noopener\">Reglamento para el Sistema de Encuestas<\/a><\/strong> (Res. 8342-2024)<\/p>\n<p><a href=\"https:\/\/www.facet.unt.edu.ar\/ingenieriaquimica\/wp-content\/uploads\/sites\/50\/2024\/09\/RES-FACET-DDAC-4346-2024-REGLAMENTACION-ESTUDIANTIL-LABORAL.pdf\" target=\"_blank\" rel=\"noopener\"><strong>Reglamento estudiantil de excepciones<\/strong><\/a> (Res. 4346-2024)<\/p>\n<p><strong><a href=\"https:\/\/www.facet.unt.edu.ar\/ingenieriaquimica\/wp-content\/uploads\/sites\/50\/2017\/03\/Res_0932-2011-Funcionamiento-de-la-FACET-mod-1.pdf\" target=\"_blank\" rel=\"noopener noreferrer\">Reglamento de Funcionamiento de la Facultad de Ciencias Exactas y Tecnolog\u00eda &#8211; Modificaci\u00f3n<\/a><\/strong> (Res. 0932-2011)<\/p>\n<p><strong><a href=\"https:\/\/www.facet.unt.edu.ar\/ingenieriaquimica\/wp-content\/uploads\/sites\/50\/2017\/03\/FACET-CD-1326-2012-Seg-de-Egresados.pdf\" target=\"_blank\" rel=\"noopener noreferrer\">Reglamento de Seguimiento de egresados<\/a><\/strong> (Res. 1326-2012)<\/p>\n<p><strong><a href=\"https:\/\/www.facet.unt.edu.ar\/ingenieriaquimica\/wp-content\/uploads\/sites\/50\/2017\/03\/Res-459-2011-1297-2012-HyS.pdf\" target=\"_blank\" rel=\"noopener noreferrer\">H&amp;S &#8211; Capacitaci\u00f3n y Prevenci\u00f3n<\/a><\/strong> (Res. 0459-2011 &#8211; Res. 1297-2012)<\/p>\n<p><strong><a href=\"https:\/\/www.facet.unt.edu.ar\/ingenieriaquimica\/wp-content\/uploads\/sites\/50\/2017\/03\/Res_1533-2012-FunFACET-mod-2.pdf\" target=\"_blank\" rel=\"noopener noreferrer\">Reglamento de Funcionamiento de la FACET &#8211; Ampliaci\u00f3n funciones Comisi\u00f3n Acad\u00e9mica<\/a><\/strong> (Res. 1533-2012)<\/p>\n<p><strong><a href=\"https:\/\/www.facet.unt.edu.ar\/ingenieriaquimica\/wp-content\/uploads\/sites\/50\/2017\/03\/Res_FACET_0413-2013-Equiparacion-idiomas.pdf\" target=\"_blank\" rel=\"noopener noreferrer\">Equiparaci\u00f3n autom\u00e1tica de Suficiencia de Idioma<\/a><\/strong> (Res. 0413-2013)<\/p>\n<p><a href=\"https:\/\/www.facet.unt.edu.ar\/ingenieriaquimica\/wp-content\/uploads\/sites\/50\/2018\/06\/Res_0705-2016-Egresados-en-CA.pdf\" target=\"_blank\" rel=\"noopener noreferrer\"><strong>Reglamento de Funcionamiento de la FACET &#8211; Egresados en la Comisi\u00f3n Acad\u00e9mica<\/strong><\/a> (Res. 0705-2016)<\/p>\n<p><strong><a href=\"https:\/\/www.facet.unt.edu.ar\/ingenieriaquimica\/wp-content\/uploads\/sites\/50\/2019\/02\/ANEXO-Res_1730-2018.pdf\" target=\"_blank\" rel=\"noopener noreferrer\">Tratamiento de excepciones al Reglamento de Alumnos<\/a><\/strong> (Res. 1730-2018)<\/p>\n<p><strong><a href=\"https:\/\/www.facet.unt.edu.ar\/ingenieriaquimica\/wp-content\/uploads\/sites\/50\/2019\/10\/Res_1150_19-procedimiento-de-equiparacion.pdf\" target=\"_blank\" rel=\"noopener noreferrer\">Procedimiento para asentar trayectos formativos aprobados en el marco del SNRA<\/a><\/strong> (Res. 1150-2019)<\/p>\n<p><strong><a href=\"https:\/\/www.facet.unt.edu.ar\/ingenieriaquimica\/wp-content\/uploads\/sites\/50\/2023\/11\/Res-2117-2019.pdf\">Procedimiento de Equivalencia para Actividades Curriculares de Alumnos de Intercambio<\/a><\/strong> (Res. 2117-2019)<\/p>\n<p><a href=\"https:\/\/www.facet.unt.edu.ar\/sbe\/wp-content\/uploads\/sites\/77\/2024\/08\/RES-FACET-DDAC-4346-2024-REGLAMENTACION-ESTUDIANTIL-LABORAL.pdf\" target=\"_blank\" rel=\"noopener\"><strong>Reglamentaci\u00f3n Estudiantil Laboral <\/strong><\/a>(RES-FACET-DDAC- N\u00ba 4346\/2024)<\/p>\n<p>&nbsp;<\/p>\n","protected":false},"excerpt":{"rendered":"<p>NORMATIVA DE LA FACULTAD Reglamento de Funcionamiento de la Facultad de Ciencias Exactas y Tecnolog\u00eda (Res. 1362-1999 y 0394-2000) R\u00e9gimen de la Actividad Docente de Grado de la Facultad de Ciencias Exactas y Tecnolog\u00eda (Res. 5758-2024) Reglamento de Evaluaciones Parciales y Recuperaciones para las Carreras de Pregrado y Grado de la Facultad de Ciencias Exactas y [&hellip;]<\/p>\n","protected":false},"author":101029,"featured_media":0,"parent":212,"menu_order":2,"comment_status":"closed","ping_status":"closed","template":"templates\/template-full-notitle.php","meta":[],"_links":{"self":[{"href":"https:\/\/www.facet.unt.edu.ar\/ingenieriaquimica\/wp-json\/wp\/v2\/pages\/634"}],"collection":[{"href":"https:\/\/www.facet.unt.edu.ar\/ingenieriaquimica\/wp-json\/wp\/v2\/pages"}],"about":[{"href":"https:\/\/www.facet.unt.edu.ar\/ingenieriaquimica\/wp-json\/wp\/v2\/types\/page"}],"author":[{"embeddable":true,"href":"https:\/\/www.facet.unt.edu.ar\/ingenieriaquimica\/wp-json\/wp\/v2\/users\/101029"}],"replies":[{"embeddable":true,"href":"https:\/\/www.facet.unt.edu.ar\/ingenieriaquimica\/wp-json\/wp\/v2\/comments?post=634"}],"version-history":[{"count":19,"href":"https:\/\/www.facet.unt.edu.ar\/ingenieriaquimica\/wp-json\/wp\/v2\/pages\/634\/revisions"}],"predecessor-version":[{"id":4706,"href":"https:\/\/www.facet.unt.edu.ar\/ingenieriaquimica\/wp-json\/wp\/v2\/pages\/634\/revisions\/4706"}],"up":[{"embeddable":true,"href":"https:\/\/www.facet.unt.edu.ar\/ingenieriaquimica\/wp-json\/wp\/v2\/pages\/212"}],"wp:attachment":[{"href":"https:\/\/www.facet.unt.edu.ar\/ingenieriaquimica\/wp-json\/wp\/v2\/media?parent=634"}],"curies":[{"name":"wp","href":"https:\/\/api.w.org\/{rel}","templated":true}]}}