{"id":814,"date":"2017-07-07T09:24:31","date_gmt":"2017-07-07T12:24:31","guid":{"rendered":"https:\/\/www.facet.unt.edu.ar\/ingenieriaquimica\/?page_id=814"},"modified":"2025-10-06T12:06:54","modified_gmt":"2025-10-06T15:06:54","slug":"direccion","status":"publish","type":"page","link":"https:\/\/www.facet.unt.edu.ar\/ingenieriaquimica\/organizacion\/direccion\/","title":{"rendered":"Direcci\u00f3n"},"content":{"rendered":"<h2 style=\"text-align: center;\"><strong><span style=\"color: #800000;\">DIRECCI\u00d3N ACAD\u00c9MICA<\/span><\/strong><\/h2>\n<p>&nbsp;<\/p>\n<h2><strong><span style=\"color: #800000;\">Director de Carrera<\/span><\/strong><\/h2>\n<p><strong>\u00a0 \u00a0 \u00a0 \u00a0 \u00a0Ing. Alejandra Patricia Ingaramo<\/strong><\/p>\n<p>&nbsp;<\/p>\n<h2><strong><span style=\"color: #800000;\">Comisi\u00f3n Acad\u00e9mica<\/span><\/strong><\/h2>\n<p><strong>\u00a0\u00a0\u00a0\u00a0\u00a0\u00a0\u00a0\u00a0 Dr. Fernando Daniel Mele<\/strong> (Prof. Asociado)<\/p>\n<p><strong>\u00a0\u00a0\u00a0\u00a0\u00a0\u00a0\u00a0\u00a0 Ing. Teresa del Valle \u00danzaga\u00a0 <\/strong>(Prof. Asociado)<\/p>\n<p><strong>\u00a0 \u00a0 \u00a0 \u00a0 \u00a0Ing. Eduardo Vera van Gelderen <\/strong>(Prof. Adjunto)<\/p>\n<p><strong>\u00a0 \u00a0 \u00a0 \u00a0 \u00a0Dr. Adolfo Mar\u00eda \u00c1vila\u00a0 <\/strong>(Prof. Adjunto)<\/p>\n<p><strong>\u00a0 \u00a0 \u00a0 \u00a0 \u00a0Ing. Pablo Sebasti\u00e1n \u00c1lvarez<\/strong>\u00a0(Jefe de Trabajos Pr\u00e1cticos)<\/p>\n<p><strong>\u00a0\u00a0\u00a0\u00a0\u00a0\u00a0\u00a0\u00a0 Ing. Mar\u00eda del Milagro Miranda<\/strong> (Auxiliar Docente Graduado)<\/p>\n<p><strong>\u00a0 \u00a0 \u00a0 \u00a0 \u00a0Srta. Yamila Bel\u00e9n Dip <\/strong>(Alumna)<\/p>\n<p>&nbsp;<\/p>\n<h2><span style=\"color: #800000;\"><strong>Comisi\u00f3n de Pr\u00e1cticas de F\u00e1brica<\/strong><\/span><\/h2>\n<p><strong>\u00a0 \u00a0 \u00a0 \u00a0 \u00a0Ing. Eduardo Vera van Gelderen <\/strong><strong>(Coordinador)<\/strong><\/p>\n<p><strong>\u00a0 \u00a0 \u00a0 \u00a0 \u00a0Dr. Alejandro Ra\u00fal \u00c1lvarez<\/strong><\/p>\n<p><strong>\u00a0 \u00a0 \u00a0 \u00a0 \u00a0Ing. H\u00e9ctor Ariel Viera\u00a0<\/strong><\/p>\n<p>&nbsp;<\/p>\n<h2><span style=\"color: #800000;\"><strong>Coordinador de la Com. de Trabajo Final<\/strong><\/span><\/h2>\n<p><strong>\u00a0 \u00a0 \u00a0 \u00a0 Ing. Mar\u00eda del Milagro Miranda<\/strong><\/p>\n<p>&nbsp;<\/p>\n<h2><span style=\"color: #800000;\"><strong>Resoluciones<\/strong><\/span><\/h2>\n<p><strong>\u00a0 \u00a0 \u00a0 \u00a0 <a href=\"https:\/\/www.facet.unt.edu.ar\/ingenieriaquimica\/wp-content\/uploads\/sites\/50\/2025\/04\/4_21-04-2025_Resolucion_RES_FACET__DGAD_3876_2025.pdf\" target=\"_blank\" rel=\"noopener\">RES-FACET-DGAD-3876\/2025<\/a><\/strong> &#8211; Designaci\u00f3n de la Directora de carrera<\/p>\n<p><strong>\u00a0 \u00a0 \u00a0 \u00a0 <\/strong><a href=\"https:\/\/www.facet.unt.edu.ar\/ingenieriaquimica\/wp-content\/uploads\/sites\/50\/2025\/04\/Resolucion_RES_FACET__DGAD_10959_2024.pdf\" target=\"_blank\" rel=\"noopener\"><strong>RES-FACET-DGAD-10959\/2024<\/strong><\/a>\u00a0&#8211; Designaci\u00f3n de Comisi\u00f3n Acad\u00e9mica<\/p>\n<p><strong>\u00a0 \u00a0 \u00a0 \u00a0 <a href=\"https:\/\/www.facet.unt.edu.ar\/ingenieriaquimica\/wp-content\/uploads\/sites\/50\/2025\/10\/6_25-09-2025_Resolucion_RES_FACET__DDA_14927_2025.pdf\" target=\"_blank\" rel=\"noopener\">RES-FACET-DDA-14927\/2025<\/a><\/strong>\u00a0&#8211; Designaci\u00f3n de representante de alumnos<\/p>\n<p><strong>\u00a0 \u00a0 \u00a0 \u00a0 <a href=\"https:\/\/www.facet.unt.edu.ar\/ingenieriaquimica\/wp-content\/uploads\/sites\/50\/2025\/05\/Resolucion-IQ-02-2025.pdf\" target=\"_blank\" rel=\"noopener\">Res IQ-02-2025<\/a><\/strong>\u00a0&#8211; Designaci\u00f3n de la Comisi\u00f3n de Trabajo Final<\/p>\n<p><strong>\u00a0 \u00a0 \u00a0 \u00a0 <a href=\"https:\/\/www.facet.unt.edu.ar\/ingenieriaquimica\/wp-content\/uploads\/sites\/50\/2025\/05\/Resolucion-IQ-03-2025.pdf\" target=\"_blank\" rel=\"noopener\">Res. IQ-03-2025<\/a><\/strong>\u00a0&#8211; Designaci\u00f3n de la Comisi\u00f3n de Pr\u00e1ctica de F\u00e1brica<\/p>\n<p>&nbsp;<\/p>\n","protected":false},"excerpt":{"rendered":"<p>DIRECCI\u00d3N ACAD\u00c9MICA &nbsp; Director de Carrera \u00a0 \u00a0 \u00a0 \u00a0 \u00a0Ing. Alejandra Patricia Ingaramo &nbsp; Comisi\u00f3n Acad\u00e9mica \u00a0\u00a0\u00a0\u00a0\u00a0\u00a0\u00a0\u00a0 Dr. Fernando Daniel Mele (Prof. Asociado) \u00a0\u00a0\u00a0\u00a0\u00a0\u00a0\u00a0\u00a0 Ing. Teresa del Valle \u00danzaga\u00a0 (Prof. Asociado) \u00a0 \u00a0 \u00a0 \u00a0 \u00a0Ing. Eduardo Vera van Gelderen (Prof. Adjunto) \u00a0 \u00a0 \u00a0 \u00a0 \u00a0Dr. Adolfo Mar\u00eda \u00c1vila\u00a0 (Prof. Adjunto) \u00a0 \u00a0 \u00a0 [&hellip;]<\/p>\n","protected":false},"author":101029,"featured_media":0,"parent":200,"menu_order":0,"comment_status":"closed","ping_status":"closed","template":"templates\/template-full-notitle.php","meta":[],"_links":{"self":[{"href":"https:\/\/www.facet.unt.edu.ar\/ingenieriaquimica\/wp-json\/wp\/v2\/pages\/814"}],"collection":[{"href":"https:\/\/www.facet.unt.edu.ar\/ingenieriaquimica\/wp-json\/wp\/v2\/pages"}],"about":[{"href":"https:\/\/www.facet.unt.edu.ar\/ingenieriaquimica\/wp-json\/wp\/v2\/types\/page"}],"author":[{"embeddable":true,"href":"https:\/\/www.facet.unt.edu.ar\/ingenieriaquimica\/wp-json\/wp\/v2\/users\/101029"}],"replies":[{"embeddable":true,"href":"https:\/\/www.facet.unt.edu.ar\/ingenieriaquimica\/wp-json\/wp\/v2\/comments?post=814"}],"version-history":[{"count":42,"href":"https:\/\/www.facet.unt.edu.ar\/ingenieriaquimica\/wp-json\/wp\/v2\/pages\/814\/revisions"}],"predecessor-version":[{"id":4596,"href":"https:\/\/www.facet.unt.edu.ar\/ingenieriaquimica\/wp-json\/wp\/v2\/pages\/814\/revisions\/4596"}],"up":[{"embeddable":true,"href":"https:\/\/www.facet.unt.edu.ar\/ingenieriaquimica\/wp-json\/wp\/v2\/pages\/200"}],"wp:attachment":[{"href":"https:\/\/www.facet.unt.edu.ar\/ingenieriaquimica\/wp-json\/wp\/v2\/media?parent=814"}],"curies":[{"name":"wp","href":"https:\/\/api.w.org\/{rel}","templated":true}]}}