{"id":105,"date":"2017-06-01T14:22:53","date_gmt":"2017-06-01T17:22:53","guid":{"rendered":"https:\/\/www.facet.unt.edu.ar\/ingindustrial\/?page_id=105"},"modified":"2017-06-06T19:02:54","modified_gmt":"2017-06-06T22:02:54","slug":"que-es-el-ingeniero-industrial","status":"publish","type":"page","link":"https:\/\/www.facet.unt.edu.ar\/ingindustrial\/que-es-el-ingeniero-industrial\/","title":{"rendered":"INGENIERO INDUSTRIAL"},"content":{"rendered":"<h2><span style=\"color: #0000ff\"><strong>Ingenier\u00eda Industrial<\/strong><\/span><\/h2>\n<p>La Ingenier\u00eda Industrial es aquella rama que se centra en el dise\u00f1o, la instalaci\u00f3n, la supervisi\u00f3n y constante optimizaci\u00f3n de los procesos en una industria, sea cual sea la naturaleza de los mismos (recursos humanos, obtenci\u00f3n de materiales, transporte de productos, gesti\u00f3n de impacto ambiental, cadena productiva y consumo energ\u00e9tico, entre muchos otros).<\/p>\n<p>&nbsp;<\/p>\n<p><img decoding=\"async\" loading=\"lazy\" class=\"size-full wp-image-346 aligncenter\" src=\"https:\/\/www.facet.unt.edu.ar\/ingindustrial\/wp-content\/uploads\/sites\/44\/2017\/06\/Ingeniero.jpg\" alt=\"\" width=\"308\" height=\"160\" srcset=\"https:\/\/www.facet.unt.edu.ar\/ingindustrial\/wp-content\/uploads\/sites\/44\/2017\/06\/Ingeniero.jpg 308w, https:\/\/www.facet.unt.edu.ar\/ingindustrial\/wp-content\/uploads\/sites\/44\/2017\/06\/Ingeniero-300x156.jpg 300w\" sizes=\"(max-width: 308px) 100vw, 308px\" \/><\/p>\n<p>&nbsp;<\/p>\n<p>Un Ingeniero Industrial debe poseer la destreza para hallar el camino m\u00e1s efectivo, eficiente y ambientalmente responsable. Con el fin de lograr esto, tiene a su cargo personas, materiales, equipos, energ\u00eda, tecnolog\u00eda e informaci\u00f3n. Existe un enorme abanico de posibilidades en cuanto a campos de trabajo se refiere, ya que sus conocimientos abarcan diversas \u00e1reas, como ser log\u00edstica, administraci\u00f3n, marketing, sistemas de producci\u00f3n de bienes y servicios, entre otros.<\/p>\n","protected":false},"excerpt":{"rendered":"<p>Ingenier\u00eda Industrial La Ingenier\u00eda Industrial es aquella rama que se centra en el dise\u00f1o, la instalaci\u00f3n, la supervisi\u00f3n y constante optimizaci\u00f3n de los procesos en una industria, sea cual sea la naturaleza de los mismos (recursos humanos, obtenci\u00f3n de materiales, transporte de productos, gesti\u00f3n de impacto ambiental, cadena productiva y consumo energ\u00e9tico, entre muchos otros). [&hellip;]<\/p>\n","protected":false},"author":101024,"featured_media":0,"parent":0,"menu_order":2,"comment_status":"closed","ping_status":"closed","template":"","meta":[],"_links":{"self":[{"href":"https:\/\/www.facet.unt.edu.ar\/ingindustrial\/wp-json\/wp\/v2\/pages\/105"}],"collection":[{"href":"https:\/\/www.facet.unt.edu.ar\/ingindustrial\/wp-json\/wp\/v2\/pages"}],"about":[{"href":"https:\/\/www.facet.unt.edu.ar\/ingindustrial\/wp-json\/wp\/v2\/types\/page"}],"author":[{"embeddable":true,"href":"https:\/\/www.facet.unt.edu.ar\/ingindustrial\/wp-json\/wp\/v2\/users\/101024"}],"replies":[{"embeddable":true,"href":"https:\/\/www.facet.unt.edu.ar\/ingindustrial\/wp-json\/wp\/v2\/comments?post=105"}],"version-history":[{"count":8,"href":"https:\/\/www.facet.unt.edu.ar\/ingindustrial\/wp-json\/wp\/v2\/pages\/105\/revisions"}],"predecessor-version":[{"id":371,"href":"https:\/\/www.facet.unt.edu.ar\/ingindustrial\/wp-json\/wp\/v2\/pages\/105\/revisions\/371"}],"wp:attachment":[{"href":"https:\/\/www.facet.unt.edu.ar\/ingindustrial\/wp-json\/wp\/v2\/media?parent=105"}],"curies":[{"name":"wp","href":"https:\/\/api.w.org\/{rel}","templated":true}]}}