{"id":130,"date":"2017-06-01T20:02:13","date_gmt":"2017-06-01T23:02:13","guid":{"rendered":"https:\/\/www.facet.unt.edu.ar\/ingindustrial\/?page_id=130"},"modified":"2020-04-21T10:05:06","modified_gmt":"2020-04-21T13:05:06","slug":"perfil-del-ingeniero-industrial","status":"publish","type":"page","link":"https:\/\/www.facet.unt.edu.ar\/ingindustrial\/que-es-el-ingeniero-industrial\/perfil-del-ingeniero-industrial\/","title":{"rendered":"Perfil del ingeniero industrial"},"content":{"rendered":"<h2><span style=\"color: #0000ff;\">Perfil del Ingeniero<\/span><\/h2>\n<p>El ingeniero argentino deber\u00e1 formarse en diferentes etapas de aprendizaje, de modo de desarrollar las actividades, destrezas y valores necesarios del nuevo profesional que requiere la sociedad y el modo de trabajo en las primeras d\u00e9cadas del siglo XXI. Estas podr\u00e1n desarrollarse en diferentes \u00e1mbitos y podr\u00e1n ser certificadas\u00a0 y reconocidas por la instituci\u00f3n en el marco de las actividades curriculares de la carrera.<\/p>\n<h2><span style=\"color: #0000ff;\"><strong>Competencias tecnol\u00f3gicas<\/strong><\/span><\/h2>\n<ol>\n<li>Identificar, formular y resolver problemas de ingenier\u00eda.<\/li>\n<li>Concebir, dise\u00f1ar y desarrollar proyectos de ingenier\u00eda.<\/li>\n<li>Gestionar, planificar, ejecutar y controlar proyectos de ingenier\u00eda.<\/li>\n<li>Utilizar de manera efectiva las t\u00e9cnicas y herramientas de aplicaci\u00f3n en la ingenier\u00eda<\/li>\n<li>Contribuir a la generaci\u00f3n de desarrollos tecnol\u00f3gicos y\/o innovaciones tecnol\u00f3gicas.<\/li>\n<\/ol>\n<h3><span style=\"color: #0000ff;\"><strong>Competencias sociales, pol\u00edticas y actitudinales<\/strong><\/span><\/h3>\n<ol>\n<li>Desempe\u00f1arse de manera efectiva en equipos de trabajo<\/li>\n<li>Comunicarse con efectividad<\/li>\n<li>Actuar con \u00e9tica, responsabilidad profesional y compromiso social, considerando el impacto econ\u00f3mico, social y ambiental de su actividad en el contexto local y global.<\/li>\n<li>Aprender en forma continua y aut\u00f3noma.<\/li>\n<li>Actuar con esp\u00edritu emprendedor.<\/li>\n<\/ol>\n<h2><\/h2>\n<h2><strong><span style=\"color: #0000ff;\">Perfil del Ingeniero Industrial de FACET:<\/span><\/strong><\/h2>\n<p>Se procura que el egresado adquiera formaci\u00f3n interdisciplinaria que le confiera:<\/p>\n<ol>\n<li>Aptitudes que faciliten una visi\u00f3n integradora en el an\u00e1lisis de situaciones.<\/li>\n<li>Capacidad y flexibilidad para abordar problemas en condiciones de incertidumbre o riesgo.<\/li>\n<li>Sensibilidad hacia las consecuencias pol\u00edticas y ambientales del manejo de la tecnolog\u00eda y sus implicancias en el desarrollo econ\u00f3mico y social.<\/li>\n<li>Sentido \u00e9tico y human\u00edstico para preservar el patrimonio ecol\u00f3gico y cultural.<\/li>\n<li>Visi\u00f3n geopol\u00edtica del pa\u00eds y del mundo y poder creativo e innovador en la aplicaci\u00f3n de sus aptitudes profesionales para encarar la elaboraci\u00f3n de soluciones a las demandas del medio productivo.<\/li>\n<\/ol>\n","protected":false},"excerpt":{"rendered":"<p>Perfil del Ingeniero El ingeniero argentino deber\u00e1 formarse en diferentes etapas de aprendizaje, de modo de desarrollar las actividades, destrezas y valores necesarios del nuevo profesional que requiere la sociedad y el modo de trabajo en las primeras d\u00e9cadas del siglo XXI. Estas podr\u00e1n desarrollarse en diferentes \u00e1mbitos y podr\u00e1n ser certificadas\u00a0 y reconocidas por [&hellip;]<\/p>\n","protected":false},"author":101024,"featured_media":0,"parent":105,"menu_order":0,"comment_status":"closed","ping_status":"closed","template":"","meta":[],"_links":{"self":[{"href":"https:\/\/www.facet.unt.edu.ar\/ingindustrial\/wp-json\/wp\/v2\/pages\/130"}],"collection":[{"href":"https:\/\/www.facet.unt.edu.ar\/ingindustrial\/wp-json\/wp\/v2\/pages"}],"about":[{"href":"https:\/\/www.facet.unt.edu.ar\/ingindustrial\/wp-json\/wp\/v2\/types\/page"}],"author":[{"embeddable":true,"href":"https:\/\/www.facet.unt.edu.ar\/ingindustrial\/wp-json\/wp\/v2\/users\/101024"}],"replies":[{"embeddable":true,"href":"https:\/\/www.facet.unt.edu.ar\/ingindustrial\/wp-json\/wp\/v2\/comments?post=130"}],"version-history":[{"count":6,"href":"https:\/\/www.facet.unt.edu.ar\/ingindustrial\/wp-json\/wp\/v2\/pages\/130\/revisions"}],"predecessor-version":[{"id":414,"href":"https:\/\/www.facet.unt.edu.ar\/ingindustrial\/wp-json\/wp\/v2\/pages\/130\/revisions\/414"}],"up":[{"embeddable":true,"href":"https:\/\/www.facet.unt.edu.ar\/ingindustrial\/wp-json\/wp\/v2\/pages\/105"}],"wp:attachment":[{"href":"https:\/\/www.facet.unt.edu.ar\/ingindustrial\/wp-json\/wp\/v2\/media?parent=130"}],"curies":[{"name":"wp","href":"https:\/\/api.w.org\/{rel}","templated":true}]}}