{"id":168,"date":"2017-06-03T17:03:17","date_gmt":"2017-06-03T20:03:17","guid":{"rendered":"https:\/\/www.facet.unt.edu.ar\/ingindustrial\/?page_id=168"},"modified":"2017-06-03T19:09:28","modified_gmt":"2017-06-03T22:09:28","slug":"5-ano","status":"publish","type":"page","link":"https:\/\/www.facet.unt.edu.ar\/ingindustrial\/plan-de-estudio\/5-ano\/","title":{"rendered":"5\u00b0 A\u00f1o"},"content":{"rendered":"<h2 style=\"text-align: center\"><span style=\"color: #0000ff\">Quinto A\u00f1o<\/span><\/h2>\n<h3>MODULO IX<\/h3>\n<p><a href=\"https:\/\/www.facet.unt.edu.ar\/ingindustrial\/wp-content\/uploads\/sites\/44\/2017\/06\/2012-Industrial-Instalaciones-Industriales.pdf\"><strong><span style=\"color: #0000ff\">INSTALACIONES INDUSTRIALES:<\/span> <\/strong><\/a>Generalidades sobre combusti\u00f3n y transmisi\u00f3n de calor. Combustibles, valorizaci\u00f3n seg\u00fan sus propiedades vinculadas con su uso en la industria. Descripci\u00f3n, criterios para selecci\u00f3n y recepci\u00f3n de los generadores de vapor y equipo anexos. Instalaciones para la producci\u00f3n de energ\u00eda el\u00e9ctrica y\/o t\u00e9rmica; instalaciones para conducci\u00f3n de fluidos (vapor, aire comprimido, combustibles, etc.), en ambos casos se analizan aspectos t\u00e9cnico-econ\u00f3micos.<\/p>\n<p><a href=\"https:\/\/www.facet.unt.edu.ar\/ingindustrial\/wp-content\/uploads\/sites\/44\/2017\/06\/2012-Industrial-Automatizaci\u00f3n-y-Control.pdf\"><span style=\"color: #0000ff\"><strong>AUTOMATIZACI\u00d3N Y CONTROL DE PROCESOS:<\/strong><\/span><\/a> Introducci\u00f3n a los sistemas de control. Sensores y actuadores anal\u00f3gicos. Herramientas matem\u00e1ticas para sistemas anal\u00f3gicos. Caracter\u00edsticas de los sistemas realimentados. Controladores anal\u00f3gicos. Controladores digitales. Herramientas matem\u00e1ticas para los controladores digitales. Controladores digitales programables. Controladores digitales secuenciales programables. Otros Sistemas industriales digitales.<\/p>\n<p><a href=\"https:\/\/www.facet.unt.edu.ar\/ingindustrial\/wp-content\/uploads\/sites\/44\/2017\/06\/2012-Industrial-Legislacion-Empresarial.pdf\"><span style=\"color: #0000ff\"><strong>LEGISLACI\u00d3N EMPRESARIAL:<\/strong><\/span><\/a> La Ing. en relaci\u00f3n al Derecho. Importancia del derecho en la formaci\u00f3n del profesional. Nociones b\u00e1sicas de derecho. Sistema legal argentino. El C\u00f3digo Civil. Fuentes del derecho. Esquema Institucional Argentino. Sujetos de derecho. Personas. Colegios y consejos profesionales. Objeto de las relaciones jur\u00eddicas. Las cosas en el derecho. Patrimonio. Teor\u00eda general de las Obligaciones. Teor\u00eda general de contrato. Locaci\u00f3n de obra privada. Derechos Intelectuales. Sistema de la Ley 11.723. R\u00e9gimen de protecci\u00f3n y organismo de control. Derecho Real. Posesi\u00f3n. Derecho Real de Dominio. Derecho Real de Condominio. Nociones generales. Limitaciones y restricciones al dominio. El inter\u00e9s p\u00fablico y privado. Servidumbres. Servidumbres forzosas y administrativas. Expropiaci\u00f3n. Nociones generales. R\u00e9gimen legal. Derecho administrativo. Acto administrativo. Servicios p\u00fablicos. Contratos administrativos. Contrato de Obra P\u00fablica. Sistemas de selecci\u00f3n del contratista. Licitaci\u00f3n P\u00fablica. R\u00e9gimen legal nacional y provincial. Responsabilidad profesional. Derecho Laboral. R\u00e9gimen de la Ley de Contratos de Trabajo 20.774. Seguridad e higiene en el trabajo. Sistema de Riesgos del Trabajo. Derecho Ambiental. Nociones generales. Garant\u00edas constitucionales. R\u00e9gimen Protectorio. Organismos de control. Legislaci\u00f3n de Aguas. Derecho procesal. Prueba pericial. El arbitraje. Normas jur\u00eddicas que rigen el ejercicio profesional. Legislaci\u00f3n reguladora del ejercicio profesional, colegios y consejos profesionales. Responsabilidad. Honorarios.<\/p>\n<h3>MODULO X<\/h3>\n<p><a href=\"https:\/\/www.facet.unt.edu.ar\/ingindustrial\/wp-content\/uploads\/sites\/44\/2017\/06\/2012-Industrial-Optimizaci\u00f3n-de-sistemas-de-Gesti\u00f3n.pdf\"><span style=\"color: #0000ff\"><strong>OPTIMIZACI\u00d3N DE SISTEMAS DE GESTI\u00d3N:<\/strong><\/span><\/a> Gesti\u00f3n Estrat\u00e9gica. Gesti\u00f3n Log\u00edstica. Gesti\u00f3n de Recursos Humanos. Gesti\u00f3n del Conocimiento. Gesti\u00f3n del Cambio. Gesti\u00f3n de Negocios.<\/p>\n<p><a href=\"https:\/\/www.facet.unt.edu.ar\/ingindustrial\/wp-content\/uploads\/sites\/44\/2017\/06\/2012-Industrial-Gestion-de-la-Calidad.pdf\"><strong><span style=\"color: #0000ff\">GESTI\u00d3N DE LA CALIDAD:<\/span><\/strong><\/a> Introducci\u00f3n a la calidad. Entender las necesidades del cliente. Planeamiento de la calidad. Relaciones mutuamente beneficiosas con proveedores. Producci\u00f3n. Inspecci\u00f3n y ensayo. Metrolog\u00eda. Despacho y servicio post-venta. Gesti\u00f3n de recursos. Documentos y registros. Pol\u00edtica y objetivos de la calidad. Herramientas de calidad. Costos de la calidad. Auditoria de la calidad. Sistemas de gesti\u00f3n de la calidad.<\/p>\n<p><a href=\"https:\/\/www.facet.unt.edu.ar\/ingindustrial\/wp-content\/uploads\/sites\/44\/2017\/06\/2012-Industrial-Formulacion-y-Evaluaci\u00f3n-de-proyectos.pdf\"><span style=\"color: #0000ff\"><strong>FORMULACI\u00d3N Y EVALUACI\u00d3N DE PROYECTOS:<\/strong><\/span><\/a> Teor\u00eda de la firma o empresa. Teor\u00eda del capital. La evaluaci\u00f3n de proyectos de inversi\u00f3n. M\u00e9todos para la evaluaci\u00f3n econ\u00f3mica de proyectos. El procesamiento de la informaci\u00f3n en el mercado para el an\u00e1lisis de proyectos de inversi\u00f3n. La econom\u00eda argentina en el periodo 1950-2000.<\/p>\n","protected":false},"excerpt":{"rendered":"<p>Quinto A\u00f1o MODULO IX INSTALACIONES INDUSTRIALES: Generalidades sobre combusti\u00f3n y transmisi\u00f3n de calor. Combustibles, valorizaci\u00f3n seg\u00fan sus propiedades vinculadas con su uso en la industria. Descripci\u00f3n, criterios para selecci\u00f3n y recepci\u00f3n de los generadores de vapor y equipo anexos. Instalaciones para la producci\u00f3n de energ\u00eda el\u00e9ctrica y\/o t\u00e9rmica; instalaciones para conducci\u00f3n de fluidos (vapor, aire [&hellip;]<\/p>\n","protected":false},"author":101024,"featured_media":0,"parent":91,"menu_order":5,"comment_status":"closed","ping_status":"closed","template":"","meta":[],"_links":{"self":[{"href":"https:\/\/www.facet.unt.edu.ar\/ingindustrial\/wp-json\/wp\/v2\/pages\/168"}],"collection":[{"href":"https:\/\/www.facet.unt.edu.ar\/ingindustrial\/wp-json\/wp\/v2\/pages"}],"about":[{"href":"https:\/\/www.facet.unt.edu.ar\/ingindustrial\/wp-json\/wp\/v2\/types\/page"}],"author":[{"embeddable":true,"href":"https:\/\/www.facet.unt.edu.ar\/ingindustrial\/wp-json\/wp\/v2\/users\/101024"}],"replies":[{"embeddable":true,"href":"https:\/\/www.facet.unt.edu.ar\/ingindustrial\/wp-json\/wp\/v2\/comments?post=168"}],"version-history":[{"count":4,"href":"https:\/\/www.facet.unt.edu.ar\/ingindustrial\/wp-json\/wp\/v2\/pages\/168\/revisions"}],"predecessor-version":[{"id":264,"href":"https:\/\/www.facet.unt.edu.ar\/ingindustrial\/wp-json\/wp\/v2\/pages\/168\/revisions\/264"}],"up":[{"embeddable":true,"href":"https:\/\/www.facet.unt.edu.ar\/ingindustrial\/wp-json\/wp\/v2\/pages\/91"}],"wp:attachment":[{"href":"https:\/\/www.facet.unt.edu.ar\/ingindustrial\/wp-json\/wp\/v2\/media?parent=168"}],"curies":[{"name":"wp","href":"https:\/\/api.w.org\/{rel}","templated":true}]}}