{"id":288,"date":"2015-12-15T17:56:16","date_gmt":"2015-12-15T20:56:16","guid":{"rendered":"https:\/\/www.facet.unt.edu.ar\/ingmecanica\/?page_id=288"},"modified":"2025-07-25T12:00:54","modified_gmt":"2025-07-25T15:00:54","slug":"cuerpo-docente","status":"publish","type":"page","link":"https:\/\/www.facet.unt.edu.ar\/ingmecanica\/cuerpo-docente\/","title":{"rendered":"Cuerpo Docente del Departamento de Mec\u00e1nica"},"content":{"rendered":"<table width=\"676\">\n<tbody>\n<tr>\n<td style=\"text-align: center;\" width=\"28\">#<\/td>\n<td style=\"text-align: center;\" width=\"234\">APELLIDO Y NOMBRE<\/td>\n<td style=\"text-align: center;\" width=\"78\">CARGO<\/td>\n<td style=\"text-align: center;\" width=\"336\">ACTIVIDAD CURRICULAR<\/td>\n<\/tr>\n<tr>\n<td>1<\/td>\n<td>Acosta, Lucas Pedro<\/td>\n<td style=\"text-align: center;\">JTP<\/td>\n<td width=\"336\">Mec\u00e1nica de los Fluidos<br \/>\nOleohidr\u00e1ulica y Neum\u00e1tica<\/td>\n<\/tr>\n<tr>\n<td>2<\/td>\n<td>Ag\u00fcero, Carlos Gustavo<\/td>\n<td style=\"text-align: center;\">TITULAR<\/td>\n<td width=\"336\">Elementos y Proyectos de M\u00e1quinas<br \/>\nMec\u00e1nica y Mecanismos<\/td>\n<\/tr>\n<tr>\n<td>3<\/td>\n<td>Aguirre Grazio, David Jorge<\/td>\n<td style=\"text-align: center;\">JTP<\/td>\n<td>Sistemas de Control<\/td>\n<\/tr>\n<tr>\n<td>4<\/td>\n<td>Alves de Ruiz, Nancy<\/td>\n<td style=\"text-align: center;\">TILTULAR<\/td>\n<td width=\"336\">Organizaci\u00f3n Industrial<br \/>\nEconom\u00eda y Organizaci\u00f3n Industrial<br \/>\nOrganizaci\u00f3n Industrial y Gesti\u00f3n Ambiental<\/td>\n<\/tr>\n<tr>\n<td>5<\/td>\n<td>Bell\u00f3, Berta El\u00ed<\/td>\n<td style=\"text-align: center;\">ADJUNTO<\/td>\n<td width=\"336\">Econom\u00eda Industrial<br \/>\nFormulaci\u00f3n y Evaluaci\u00f3n de Proyectos<br \/>\nEconom\u00eda<br \/>\nEconom\u00eda y Organizaci\u00f3n Industrial<br \/>\nPrincipios de Econom\u00eda<\/td>\n<\/tr>\n<tr>\n<td>6<\/td>\n<td>Bercoff, Jos\u00e9 Javier<\/td>\n<td style=\"text-align: center;\">ASOCIADO<\/td>\n<td width=\"336\">Econom\u00eda Industrial<br \/>\nFormulaci\u00f3n y Evaluaci\u00f3n de Proyectos<br \/>\nEconom\u00eda<br \/>\nEconom\u00eda y Organizaci\u00f3n Industrial<br \/>\nPrincipios de Econom\u00eda<\/td>\n<\/tr>\n<tr>\n<td>7<\/td>\n<td>Borkosky, Daniel Enrique *<\/td>\n<td style=\"text-align: center;\">ADJUNTO<\/td>\n<td>Tecnolog\u00eda y Procesos de Producci\u00f3n<\/td>\n<\/tr>\n<tr>\n<td>8<\/td>\n<td>Bustos, Jorge Eduardo Mart\u00edn<\/td>\n<td style=\"text-align: center;\">TITULAR<\/td>\n<td width=\"336\">Motores de Combusti\u00f3n Interna<br \/>\nTaller de Motores de Combusti\u00f3n Interna<br \/>\nTermodin\u00e1mica y M\u00e1quinas T\u00e9rmicas<\/td>\n<\/tr>\n<tr>\n<td>9<\/td>\n<td>Chico, Federico Javier<\/td>\n<td style=\"text-align: center;\">ADJUNTO<\/td>\n<td width=\"336\">Mec\u00e1nica T\u00e9cnica II<br \/>\nM\u00e1quinas de Fuerza Motriz<br \/>\nMec\u00e1nica Aplicada<\/td>\n<\/tr>\n<tr>\n<td>10<\/td>\n<td>Chico, Sebasti\u00e1n<\/td>\n<td style=\"text-align: center;\">ADJUNTO<\/td>\n<td width=\"336\">Tecnolog\u00eda del Fr\u00edo<br \/>\nInstalaciones Industriales<\/td>\n<\/tr>\n<tr>\n<td>11<\/td>\n<td>Collado Ricardo<\/td>\n<td style=\"text-align: center;\">ADJUNTO<\/td>\n<td width=\"336\">Tecnolog\u00eda Mec\u00e1nica y de Fabricaci\u00f3n<br \/>\nTecnolog\u00eda y Procesos de Producci\u00f3n<br \/>\nPr\u00e1cticas de Taller I y II<\/td>\n<\/tr>\n<tr>\n<td>12<\/td>\n<td>D\u00edaz Romero, Guillermo Miguel<\/td>\n<td style=\"text-align: center;\">ASOCIADO<\/td>\n<td width=\"336\">Dibujo de M\u00e1quinas<br \/>\nEstabilidad III<br \/>\nVibraciones y Fundaci\u00f3n de M\u00e1quinas<\/td>\n<\/tr>\n<tr>\n<td>13<\/td>\n<td>El\u00edas, Rub\u00e9n Gustavo<\/td>\n<td style=\"text-align: center;\">JTP<\/td>\n<td width=\"336\">Mec\u00e1nica T\u00e9cnica II<br \/>\nM\u00e1quinas de Fuerza Motriz<br \/>\nMec\u00e1nica Aplicada<\/td>\n<\/tr>\n<tr>\n<td>14<\/td>\n<td>Flores, Mar\u00eda Jos\u00e9<\/td>\n<td style=\"text-align: center;\">JTP<\/td>\n<td>Dibujo de M\u00e1quinas<\/td>\n<\/tr>\n<tr>\n<td>15<\/td>\n<td>Franck Colombres, Federico Jos\u00e9<\/td>\n<td style=\"text-align: center;\">TITULAR<\/td>\n<td width=\"336\">Termodin\u00e1mica<br \/>\nTermodin\u00e1mica y M\u00e1quinas T\u00e9rmicas<\/td>\n<\/tr>\n<tr>\n<td>16<\/td>\n<td>Fr\u00edas, Jorge Ricardo *<\/td>\n<td style=\"text-align: center;\">ADJUNTO<\/td>\n<td width=\"336\">Mec\u00e1nica Aplicada<br \/>\nM\u00e1quinas de Fuerza Motriz<\/td>\n<\/tr>\n<tr>\n<td>17<\/td>\n<td>Golato, Marcos Antonio<\/td>\n<td style=\"text-align: center;\">TITULAR<\/td>\n<td>Sistemas de Control<\/td>\n<\/tr>\n<tr>\n<td>18<\/td>\n<td>G\u00f3mez, Rodolfo Miguel<\/td>\n<td style=\"text-align: center;\">JTP<\/td>\n<td width=\"336\">Tecnolog\u00eda del Fr\u00edo<br \/>\nInstalaciones Industriales<\/td>\n<\/tr>\n<tr>\n<td rowspan=\"2\">19<\/td>\n<td rowspan=\"2\">Gonz\u00e1lez, Dar\u00edo Alejandro<\/td>\n<td style=\"text-align: center;\">JTP<\/td>\n<td width=\"336\">Termodin\u00e1mica<br \/>\nTermodin\u00e1mica y M\u00e1quinas T\u00e9rmicas<\/td>\n<\/tr>\n<tr>\n<td style=\"text-align: center;\">ADG<\/td>\n<td width=\"336\">Mec\u00e1nica de los Fluidos<br \/>\nM\u00e1quinas Hidr\u00e1ulicas<\/td>\n<\/tr>\n<tr>\n<td>20<\/td>\n<td>Granillo, Jorge Guillermo<\/td>\n<td style=\"text-align: center;\">ASOCIADO<\/td>\n<td width=\"336\">M\u00e1quinas Elevadoras y de Transporte<br \/>\nConocimiento de los Materiales<\/td>\n<\/tr>\n<tr>\n<td>21<\/td>\n<td>Ibiris, Cynthia Mar\u00eda Laura<\/td>\n<td style=\"text-align: center;\">ASOCIADO<\/td>\n<td>Dibujo de M\u00e1quinas<\/td>\n<\/tr>\n<tr>\n<td>22<\/td>\n<td>Ju\u00e1rez, Javier Alejandro<\/td>\n<td style=\"text-align: center;\">ASOCIADO<\/td>\n<td width=\"336\">Turbom\u00e1quinas<br \/>\nGeneradores de Vapor e Instalaciones T\u00e9rmicas<br \/>\nInstalaciones Industriales<\/td>\n<\/tr>\n<tr>\n<td>23<\/td>\n<td>Lavilla, Jorge<\/td>\n<td style=\"text-align: center;\">JTP<\/td>\n<td width=\"336\">Pr\u00e1cticas de Taller I y II<\/td>\n<\/tr>\n<tr>\n<td>24<\/td>\n<td>L\u00f3pez, Jorge Lisandro<\/td>\n<td style=\"text-align: center;\">ADJUNTO<\/td>\n<td>Taller de Motores de Combusti\u00f3n Interna<\/td>\n<\/tr>\n<tr>\n<td>25<\/td>\n<td>Marchese, Augusto Ricardo<\/td>\n<td style=\"text-align: center;\">ADJUNTO<\/td>\n<td width=\"336\">Turbom\u00e1quinas<br \/>\nGeneradores de Vapor e Instalaciones T\u00e9rmicas<br \/>\nEnsayos de M\u00e1quinas e Instalaciones T\u00e9rmicas<\/td>\n<\/tr>\n<tr>\n<td>26<\/td>\n<td>Marchese, Juan Alberto<\/td>\n<td style=\"text-align: center;\">JTP<\/td>\n<td width=\"336\">Conocimiento de los Materiales<br \/>\nTecnolog\u00eda Mec\u00e1nica y de Fabricaci\u00f3n<br \/>\nTecnolog\u00eda y Procesos de Producci\u00f3n<br \/>\nPr\u00e1cticas de Taller I y II<\/td>\n<\/tr>\n<tr>\n<td>27<\/td>\n<td>Masaguer Aybar, Benjam\u00edn Domingo<\/td>\n<td style=\"text-align: center;\">ASOCIADO<\/td>\n<td>Ensayos de m\u00e1quinas e Instalaciones T\u00e9rmicas<\/td>\n<\/tr>\n<tr>\n<td>28<\/td>\n<td>M\u00e9ndez, Horacio Santiago<\/td>\n<td style=\"text-align: center;\">ADJUNTO<\/td>\n<td width=\"336\">Mediciones T\u00e9rmicas<br \/>\nTermodin\u00e1mica<\/td>\n<\/tr>\n<tr>\n<td>29<\/td>\n<td>Migliavacca, Julieta<\/td>\n<td style=\"text-align: center;\">ADJUNTO<\/td>\n<td width=\"336\">Organizaci\u00f3n Industrial<br \/>\nEconom\u00eda y Organizaci\u00f3n Industrial<br \/>\nOrganizaci\u00f3n Industrial y Gesti\u00f3n Ambiental<\/td>\n<\/tr>\n<tr>\n<td>30<\/td>\n<td>Molina Apud, Benjam\u00edn Miguel<\/td>\n<td style=\"text-align: center;\">JTP<\/td>\n<td width=\"336\">Organizaci\u00f3n Industrial<br \/>\nEconom\u00eda y Organizaci\u00f3n Industrial<br \/>\nOrganizaci\u00f3n Industrial y Gesti\u00f3n Ambiental<\/td>\n<\/tr>\n<tr>\n<td>31<\/td>\n<td>Moreno, Adri\u00e1n Eduardo<\/td>\n<td style=\"text-align: center;\">JTP<\/td>\n<td width=\"336\">Dibujo de M\u00e1quinas<br \/>\nMec\u00e1nica T\u00e9cnica II<\/td>\n<\/tr>\n<tr>\n<td>32<\/td>\n<td>Nougues, Jorge Pablo<\/td>\n<td style=\"text-align: center;\">TITULAR<\/td>\n<td width=\"336\">Econom\u00eda Industrial<br \/>\nFormulaci\u00f3n y Evaluaci\u00f3n de Proyectos<br \/>\nEconom\u00eda<br \/>\nEconom\u00eda y Organizaci\u00f3n Industrial<br \/>\nPrincipios de Econom\u00eda<\/td>\n<\/tr>\n<tr>\n<td>33<\/td>\n<td>Pastorino, Luis Esteban<\/td>\n<td style=\"text-align: center;\">JTP<\/td>\n<td width=\"336\">Mediciones T\u00e9rmicas<br \/>\nTermodin\u00e1mica<br \/>\nGeneradores e Instalaciones de Vapor<br \/>\nTurbom\u00e1quinas<\/td>\n<\/tr>\n<tr>\n<td>34<\/td>\n<td>Petrino, Pablo Esteban<\/td>\n<td style=\"text-align: center;\">JTP<\/td>\n<td width=\"336\">Elementos y Proyectos de M\u00e1quinas<br \/>\nMec\u00e1nica y Mecanismos<br \/>\nMec\u00e1nica Aplicada<br \/>\nM\u00e1quinas de Fuerza Motriz<\/td>\n<\/tr>\n<tr>\n<td>35<\/td>\n<td>Pinto, Daniel Nicol\u00e1s<\/td>\n<td style=\"text-align: center;\">JTP<\/td>\n<td width=\"336\">Econom\u00eda Industrial<br \/>\nFormulaci\u00f3n y Evaluaci\u00f3n de Proyectos<br \/>\nEconom\u00eda<br \/>\nEconom\u00eda y Organizaci\u00f3n Industrial<br \/>\nPrincipios de Econom\u00eda<\/td>\n<\/tr>\n<tr>\n<td>36<\/td>\n<td>Rotger, Jaime Daniel<\/td>\n<td style=\"text-align: center;\">ASOCIADO<\/td>\n<td width=\"336\">Conocimiento de los Materiales<br \/>\nTecnolog\u00eda Mec\u00e1nica y de Fabricaci\u00f3n<br \/>\nTecnolog\u00eda y Procesos de Producci\u00f3n<br \/>\nPr\u00e1cticas de Taller I y II<\/td>\n<\/tr>\n<tr>\n<td>37<\/td>\n<td>Santana S\u00e1nchez, Juan Carlos<\/td>\n<td style=\"text-align: center;\">ASOCIADO<\/td>\n<td width=\"336\">Mantenimiento Industrial<br \/>\nMec\u00e1nica T\u00e9cnica II<br \/>\nMec\u00e1nica Aplicada<br \/>\nM\u00e1quinas de Fuerza Motriz<\/td>\n<\/tr>\n<tr>\n<td rowspan=\"2\">38<\/td>\n<td rowspan=\"2\">Sarmiento, Jos\u00e9 Mar\u00eda<\/td>\n<td style=\"text-align: center;\">ADJUNTO<\/td>\n<td width=\"336\">Mec\u00e1nica de los Fluidos<br \/>\nOleohidr\u00e1ulica y Neum\u00e1tica<\/td>\n<\/tr>\n<tr>\n<td style=\"text-align: center;\">TITULAR<\/td>\n<td width=\"336\">M\u00e1quinas Hidr\u00e1ulicas<\/td>\n<\/tr>\n<tr>\n<td>39<\/td>\n<td>Sosa, Pablo<\/td>\n<td style=\"text-align: center;\">JTP<\/td>\n<td width=\"336\">Termodin\u00e1mica y M\u00e1quinas T\u00e9rmicas<br \/>\nInstalaciones Industriales<\/td>\n<\/tr>\n<tr>\n<td>40<\/td>\n<td>Torres, Carlos Esteban<\/td>\n<td style=\"text-align: center;\">JTP<\/td>\n<td width=\"336\">Estabilidad III<br \/>\nVibraciones y Fundaci\u00f3n de M\u00e1quinas<br \/>\nMotores de Combusti\u00f3n Interna<br \/>\nTaller de Motores de Combusti\u00f3n Interna<br \/>\nTermodin\u00e1mica y M\u00e1quinas T\u00e9rmicas<\/td>\n<\/tr>\n<tr>\n<td>41<\/td>\n<td>Villalba, Diego Daniel<\/td>\n<td style=\"text-align: center;\">JTP<\/td>\n<td width=\"336\">Tecnolog\u00eda del Fr\u00edo<br \/>\nM\u00e1quinas Elevadoras y de Transporte<br \/>\nMec\u00e1nica y Mecanismos<br \/>\nInstalaciones Industriales<\/td>\n<\/tr>\n<\/tbody>\n<\/table>\n<p>* Docentes que pertenecen al departamento pero que s\u00f3lo dictan materias en otras carreras.<\/p>\n","protected":false},"excerpt":{"rendered":"<p># APELLIDO Y NOMBRE CARGO ACTIVIDAD CURRICULAR 1 Acosta, Lucas Pedro JTP Mec\u00e1nica de los Fluidos Oleohidr\u00e1ulica y Neum\u00e1tica 2 Ag\u00fcero, Carlos Gustavo TITULAR Elementos y Proyectos de M\u00e1quinas Mec\u00e1nica y Mecanismos 3 Aguirre Grazio, David Jorge JTP Sistemas de Control 4 Alves de Ruiz, Nancy TILTULAR Organizaci\u00f3n Industrial Econom\u00eda y Organizaci\u00f3n Industrial Organizaci\u00f3n Industrial [&hellip;]<\/p>\n","protected":false},"author":101013,"featured_media":0,"parent":0,"menu_order":0,"comment_status":"closed","ping_status":"closed","template":"","meta":[],"_links":{"self":[{"href":"https:\/\/www.facet.unt.edu.ar\/ingmecanica\/wp-json\/wp\/v2\/pages\/288"}],"collection":[{"href":"https:\/\/www.facet.unt.edu.ar\/ingmecanica\/wp-json\/wp\/v2\/pages"}],"about":[{"href":"https:\/\/www.facet.unt.edu.ar\/ingmecanica\/wp-json\/wp\/v2\/types\/page"}],"author":[{"embeddable":true,"href":"https:\/\/www.facet.unt.edu.ar\/ingmecanica\/wp-json\/wp\/v2\/users\/101013"}],"replies":[{"embeddable":true,"href":"https:\/\/www.facet.unt.edu.ar\/ingmecanica\/wp-json\/wp\/v2\/comments?post=288"}],"version-history":[{"count":15,"href":"https:\/\/www.facet.unt.edu.ar\/ingmecanica\/wp-json\/wp\/v2\/pages\/288\/revisions"}],"predecessor-version":[{"id":743,"href":"https:\/\/www.facet.unt.edu.ar\/ingmecanica\/wp-json\/wp\/v2\/pages\/288\/revisions\/743"}],"wp:attachment":[{"href":"https:\/\/www.facet.unt.edu.ar\/ingmecanica\/wp-json\/wp\/v2\/media?parent=288"}],"curies":[{"name":"wp","href":"https:\/\/api.w.org\/{rel}","templated":true}]}}