{"id":398,"date":"2016-03-29T16:02:50","date_gmt":"2016-03-29T19:02:50","guid":{"rendered":"https:\/\/www.facet.unt.edu.ar\/ingmecanica\/?page_id=398"},"modified":"2016-04-11T09:37:55","modified_gmt":"2016-04-11T12:37:55","slug":"accesos-web-a-catedras","status":"publish","type":"page","link":"https:\/\/www.facet.unt.edu.ar\/ingmecanica\/accesos-web-a-catedras\/","title":{"rendered":"Accesos web a c\u00e1tedras"},"content":{"rendered":"<h3>C\u00e1tedras con P\u00e1ginas Web<\/h3>\n<ul>\n<li>Termodin\u00e1mica<span style=\"color: #999999\"> (en construcci\u00f3n)<\/span><\/li>\n<li>Tecnolog\u00eda del Fr\u00edo<span style=\"color: #999999\"> (en construcci\u00f3n)<\/span><\/li>\n<li><a href=\"http:\/\/catedras.facet.unt.edu.ar\/sistemasdecontrol\" target=\"_blank\">Sistemas de Control<\/a><\/li>\n<li>M\u00e1quinas Elevadoras y de Transporte<span style=\"color: #999999\"> (en construcci\u00f3n)<\/span><\/li>\n<li><a href=\"http:\/\/catedras.facet.unt.edu.ar\/organizacionindustrial\" target=\"_blank\">Organizaci\u00f3n Industrial<\/a><\/li>\n<li><a href=\"http:\/\/catedras.facet.unt.edu.ar\/idiomamodernoaleman\" target=\"_blank\">Idioma Moderno Alem\u00e1n<\/a><\/li>\n<\/ul>\n<h3>C\u00e1tedras con Aulas Virtuales<\/h3>\n<ul>\n<li><a href=\"http:\/\/www.facetvirtual.unt.edu.ar\/course\/view.php?id=51\" target=\"_blank\">Algebra y Geometr\u00eda Anal\u00edtica<\/a><\/li>\n<li><a href=\"http:\/\/www.facetvirtual.unt.edu.ar\/course\/view.php?id=52\" target=\"_blank\">Elementos de Algebra Lineal<\/a><\/li>\n<li><a href=\"http:\/\/www.facetvirtual.unt.edu.ar\/course\/view.php?id=107\" target=\"_blank\">Laboratorio de F\u00edsica II<\/a><\/li>\n<li><a href=\"http:\/\/www.facetvirtual.unt.edu.ar\/course\/view.php?id=40\" target=\"_blank\">F\u00edsica III<\/a><\/li>\n<li><a href=\"http:\/\/www.facetvirtual.unt.edu.ar\/course\/view.php?id=88\" target=\"_blank\">Laboratorio de F\u00edsica III<\/a><\/li>\n<li><a href=\"http:\/\/www.facetvirtual.unt.edu.ar\/course\/view.php?id=24\" target=\"_blank\">Probabilidad y Estad\u00edstica<\/a><\/li>\n<li><a href=\"http:\/\/www.facetvirtual.unt.edu.ar\/course\/view.php?id=8\" target=\"_blank\">Estabilidad I<\/a><\/li>\n<li><a href=\"http:\/\/www.facetvirtual.unt.edu.ar\/course\/view.php?id=159\" target=\"_blank\">Dise\u00f1o Asistido<\/a><\/li>\n<li><a href=\"http:\/\/www.facetvirtual.unt.edu.ar\/course\/view.php?id=83\" target=\"_blank\">Mediciones T\u00e9rmicas<\/a><\/li>\n<li><a href=\"http:\/\/www.facetvirtual.unt.edu.ar\/course\/view.php?id=62\" target=\"_blank\">M\u00e1quinas Elevadoras y de Transporte<\/a><\/li>\n<li><a href=\"http:\/\/www.facetvirtual.unt.edu.ar\/course\/view.php?id=21\" target=\"_blank\">Organizaci\u00f3n Industrial<\/a><\/li>\n<li><a href=\"http:\/\/www.facetvirtual.unt.edu.ar\/course\/view.php?id=25\" target=\"_blank\">Ingenier\u00eda Legal<\/a><\/li>\n<li><a href=\"http:\/\/www.facetvirtual.unt.edu.ar\/course\/view.php?id=82\" target=\"_blank\">Sistemas de Control<\/a><\/li>\n<li><a href=\"http:\/\/www.facetvirtual.unt.edu.ar\/course\/view.php?id=149\" target=\"_blank\">Econom\u00eda Industrial<\/a><\/li>\n<li><a href=\"http:\/\/www.facetvirtual.unt.edu.ar\/enrol\/index.php?id=63\" target=\"_blank\">Idioma Moderno Alem\u00e1n<\/a><\/li>\n<\/ul>\n","protected":false},"excerpt":{"rendered":"<p>C\u00e1tedras con P\u00e1ginas Web Termodin\u00e1mica (en construcci\u00f3n) Tecnolog\u00eda del Fr\u00edo (en construcci\u00f3n) Sistemas de Control M\u00e1quinas Elevadoras y de Transporte (en construcci\u00f3n) Organizaci\u00f3n Industrial Idioma Moderno Alem\u00e1n C\u00e1tedras con Aulas Virtuales Algebra y Geometr\u00eda Anal\u00edtica Elementos de Algebra Lineal Laboratorio de F\u00edsica II F\u00edsica III Laboratorio de F\u00edsica III Probabilidad y Estad\u00edstica Estabilidad I Dise\u00f1o [&hellip;]<\/p>\n","protected":false},"author":101013,"featured_media":0,"parent":0,"menu_order":0,"comment_status":"closed","ping_status":"closed","template":"","meta":[],"_links":{"self":[{"href":"https:\/\/www.facet.unt.edu.ar\/ingmecanica\/wp-json\/wp\/v2\/pages\/398"}],"collection":[{"href":"https:\/\/www.facet.unt.edu.ar\/ingmecanica\/wp-json\/wp\/v2\/pages"}],"about":[{"href":"https:\/\/www.facet.unt.edu.ar\/ingmecanica\/wp-json\/wp\/v2\/types\/page"}],"author":[{"embeddable":true,"href":"https:\/\/www.facet.unt.edu.ar\/ingmecanica\/wp-json\/wp\/v2\/users\/101013"}],"replies":[{"embeddable":true,"href":"https:\/\/www.facet.unt.edu.ar\/ingmecanica\/wp-json\/wp\/v2\/comments?post=398"}],"version-history":[{"count":4,"href":"https:\/\/www.facet.unt.edu.ar\/ingmecanica\/wp-json\/wp\/v2\/pages\/398\/revisions"}],"predecessor-version":[{"id":405,"href":"https:\/\/www.facet.unt.edu.ar\/ingmecanica\/wp-json\/wp\/v2\/pages\/398\/revisions\/405"}],"wp:attachment":[{"href":"https:\/\/www.facet.unt.edu.ar\/ingmecanica\/wp-json\/wp\/v2\/media?parent=398"}],"curies":[{"name":"wp","href":"https:\/\/api.w.org\/{rel}","templated":true}]}}