{"id":88,"date":"2015-11-30T20:44:53","date_gmt":"2015-11-30T23:44:53","guid":{"rendered":"https:\/\/www.facet.unt.edu.ar\/ingmecanica\/?page_id=88"},"modified":"2025-06-19T11:48:56","modified_gmt":"2025-06-19T14:48:56","slug":"autoridades","status":"publish","type":"page","link":"https:\/\/www.facet.unt.edu.ar\/ingmecanica\/autoridades\/","title":{"rendered":"Autoridades Departamentales"},"content":{"rendered":"<p><strong>Jefe del Departamento:<\/strong><\/p>\n<p>Titular: Ing. Juan Carlos SANTANA S\u00c1NCHEZ<\/p>\n<p><strong>Jefe Alterno del Departamento:<\/strong><\/p>\n<p>Titular: Ing. Jorge Eduardo Mart\u00edn BUSTOS<\/p>\n<p><strong>Comisi\u00f3n de Prioridades:<\/strong><\/p>\n<blockquote><p><strong>Representantes por los Profesores Titulares:<\/strong><\/p>\n<p style=\"padding-left: 30px;\">Titular: Ing. Jorge Eduardo Mart\u00edn BUSTOS<br \/>\nSuplente: (vacante)<\/p>\n<p><strong>Representantes por los Profesores Asociados:<\/strong><\/p>\n<p style=\"padding-left: 30px;\">Titular: Ing. Jaime Daniel ROTGER<br \/>\nSuplente: Ing. Javier Alejandro JU\u00c1REZ<\/p>\n<p><strong>Representantes por los Profesores Adjuntos:<\/strong><\/p>\n<p style=\"padding-left: 30px;\">Titular: Ing. Victorio Sebasti\u00e1n CHICO<br \/>\nSuplente: Ing. Ricardo Esteban COLLADO<\/p>\n<p><strong>Representantes por los Jefes de Trabajos Pr\u00e1cticos:<\/strong><\/p>\n<p style=\"padding-left: 30px;\">Titular: Ing. Diego Daniel VILLALBA<br \/>\nSuplente: (Vacante)<\/p>\n<p><strong>Representante por los Auxiliares Docentes Graduados:<\/strong><\/p>\n<p style=\"padding-left: 30px;\">Titular: (Vacante)<br \/>\nSuplente: (Vacante)<\/p>\n<\/blockquote>\n","protected":false},"excerpt":{"rendered":"<p>Jefe del Departamento: Titular: Ing. Juan Carlos SANTANA S\u00c1NCHEZ Jefe Alterno del Departamento: Titular: Ing. Jorge Eduardo Mart\u00edn BUSTOS Comisi\u00f3n de Prioridades: Representantes por los Profesores Titulares: Titular: Ing. Jorge Eduardo Mart\u00edn BUSTOS Suplente: (vacante) Representantes por los Profesores Asociados: Titular: Ing. Jaime Daniel ROTGER Suplente: Ing. Javier Alejandro JU\u00c1REZ Representantes por los Profesores Adjuntos: [&hellip;]<\/p>\n","protected":false},"author":101013,"featured_media":0,"parent":0,"menu_order":0,"comment_status":"closed","ping_status":"closed","template":"","meta":[],"_links":{"self":[{"href":"https:\/\/www.facet.unt.edu.ar\/ingmecanica\/wp-json\/wp\/v2\/pages\/88"}],"collection":[{"href":"https:\/\/www.facet.unt.edu.ar\/ingmecanica\/wp-json\/wp\/v2\/pages"}],"about":[{"href":"https:\/\/www.facet.unt.edu.ar\/ingmecanica\/wp-json\/wp\/v2\/types\/page"}],"author":[{"embeddable":true,"href":"https:\/\/www.facet.unt.edu.ar\/ingmecanica\/wp-json\/wp\/v2\/users\/101013"}],"replies":[{"embeddable":true,"href":"https:\/\/www.facet.unt.edu.ar\/ingmecanica\/wp-json\/wp\/v2\/comments?post=88"}],"version-history":[{"count":26,"href":"https:\/\/www.facet.unt.edu.ar\/ingmecanica\/wp-json\/wp\/v2\/pages\/88\/revisions"}],"predecessor-version":[{"id":738,"href":"https:\/\/www.facet.unt.edu.ar\/ingmecanica\/wp-json\/wp\/v2\/pages\/88\/revisions\/738"}],"wp:attachment":[{"href":"https:\/\/www.facet.unt.edu.ar\/ingmecanica\/wp-json\/wp\/v2\/media?parent=88"}],"curies":[{"name":"wp","href":"https:\/\/api.w.org\/{rel}","templated":true}]}}