{"id":558,"date":"2025-08-14T14:59:23","date_gmt":"2025-08-14T17:59:23","guid":{"rendered":"https:\/\/www.facet.unt.edu.ar\/ingreso\/?page_id=558"},"modified":"2025-08-14T15:03:18","modified_gmt":"2025-08-14T18:03:18","slug":"guia-para-estudiantes-extranjeros","status":"publish","type":"page","link":"https:\/\/www.facet.unt.edu.ar\/ingreso\/guia-para-estudiantes-extranjeros\/","title":{"rendered":"Gu\u00eda para Estudiantes Extranjeros"},"content":{"rendered":"<p style=\"text-align: justify;\">Los estudiantes extranjeros que aspiran a cursar estudios universitarios en el pa\u00eds podr\u00e1n preinscribirse e inscribirse directamente en la universidad de su elecci\u00f3n.<\/p>\n<p style=\"text-align: justify;\">Las instituciones universitarias argentinas son aut\u00f3nomas acad\u00e9mica e institucionalmente, por lo tanto para inscribirse en una universidad argentina, se debe consultar en la misma sobre el procedimiento de inscripci\u00f3n. La mayor\u00eda de las universidades tiene una preinscripci\u00f3n virtual, por lo que podr\u00e1 adelantar su tr\u00e1mite sin tener que necesariamente viajar a la Rep\u00fablica Argentina.<\/p>\n<p style=\"text-align: justify;\">Previamente al ingreso a una universidad argentina, deber\u00e1 obtener el reconocimiento de los estudios secundarios realizados en el extranjero. En la Rep\u00fablica Argentina, la Direcci\u00f3n de Validez Nacional de T\u00edtulos y Estudios del Ministerio de Educaci\u00f3n, Cultura, Ciencia y Tecnolog\u00eda de la Naci\u00f3n realiza los tr\u00e1mites de reconocimiento de t\u00edtulos secundarios extranjeros. El tr\u00e1mite var\u00eda dependiendo de si el pa\u00eds que emiti\u00f3 el t\u00edtulo secundario posee convenio con Argentina o no.<\/p>\n<p style=\"text-align: justify;\">Para obtener informaci\u00f3n sobre el sistema universitario argentino y la oferta acad\u00e9mica, as\u00ed como sobre los requisitos y tr\u00e1mites migratorios y de reconocimientos necesarios, podr\u00e1 acceder a los siguientes enlaces:<\/p>\n<ul style=\"text-align: justify;\">\n<li><a href=\"https:\/\/www.argentina.gob.ar\/tema\/extranjeros\/estudiar\">https:\/\/www.argentina.gob.ar\/tema\/extranjeros\/estudiar<\/a><\/li>\n<li><a href=\"http:\/\/estudiarenargentina.siu.edu.ar\/\">http:\/\/estudiarenargentina.siu.edu.ar\/<\/a><\/li>\n<\/ul>\n<p style=\"text-align: justify;\">Una vez finalizados los estudios universitarios en la Rep\u00fablica Argentina, el t\u00edtulo obtenido deber\u00e1 ser reconocido en su pa\u00eds de residencia a los efectos de poder ejercer su profesi\u00f3n. Dependiendo de si su pa\u00eds posee convenio de convalidaci\u00f3n de t\u00edtulos universitarios con Argentina o no, deber\u00e1 solicitar la convalidaci\u00f3n o la rev\u00e1lida ante las instituciones educativas de su pa\u00eds. Para obtener mayor informaci\u00f3n sobre los procedimientos y alcances de la convalidaci\u00f3n remitirse a:\u00a0<a href=\"http:\/\/dngusisco.siu.edu.ar\/\">http:\/\/dngusisco.siu.edu.ar\/<\/a><\/p>\n<p style=\"text-align: justify;\">\n<p style=\"text-align: justify;\"><strong>Ingreso a la Facultad de Ciencias Exactas y Tecnolog\u00eda (FACET) de la Universidad Nacional de Tucum\u00e1n (UNT)<\/strong><\/p>\n<p style=\"text-align: justify;\">Los requisitos de ingreso de car\u00e1cter general a las facultades de la UNT y los particulares para los alumnos extranjeros est\u00e1n contenidos en la\u00a0<a href=\"https:\/\/www.facet.unt.edu.ar\/ingreso\/wp-content\/uploads\/sites\/66\/2025\/08\/Res-HCS-2056-1989.pdf\" target=\"_blank\" rel=\"noopener\"><u>resoluci\u00f3n 2056\/1989<\/u><\/a>\u00a0del Honorable Consejo Superior de la UNT.<\/p>\n<p style=\"text-align: justify;\">Previo a ingresar a cursar sus estudios universitarios de grado y pregrado en la Facultad de Ciencias Exactas y Tecnolog\u00eda de la Universidad Nacional de Tucum\u00e1n deber\u00e1 cumplimentar los procedimientos y requisitos indicados en el sitio:\u00a0<a href=\"https:\/\/www.facet.unt.edu.ar\/ingreso-facet\/\" target=\"_blank\" rel=\"noopener\">https:\/\/www.facet.unt.edu.ar\/ingreso-facet\/<\/a><\/p>\n<p style=\"text-align: justify;\">Para realizar el tr\u00e1mite de inscripci\u00f3n final a la facultad, que se programa habitualmente para los meses de marzo o abril de cada a\u00f1o, el alumno extranjero deber\u00e1 presentar la siguiente documentaci\u00f3n:<\/p>\n<ul style=\"text-align: justify;\">\n<li>Solicitud de ingreso provista por la facultad.<\/li>\n<li>T\u00edtulo o certificado de estudios legalizado por las embajadas o consulados argentinos en el pa\u00eds de origen y por el Ministerio de Relaciones Exteriores y Culto de la Rep\u00fablica Argentina.<\/li>\n<li>Certificado expedido por el consulado argentino del pa\u00eds de origen aclarando si el mismo lo habilita para continuar estudios universitarios en ese pa\u00eds.<\/li>\n<li>Documento de identidad del pa\u00eds de origen (pasaporte).<\/li>\n<li>Partida o certificado de nacimiento legalizado en la forma establecida por la reglamentaci\u00f3n vigente.<\/li>\n<li>Certificado de buena conducta otorgado por las autoridades correspondientes del pa\u00eds de origen debidamente legalizado y posterior a su inscripci\u00f3n de la Polic\u00eda Federal o Provincial.<\/li>\n<li>Certificado de residencia en esta Provincia. El domicilio consignado tendr\u00e1 el car\u00e1cter de domicilio especial a los efectos legales y deber\u00e1 comunicarse bajo constancia de firma cada vez que se produzca cambio del mismo.<\/li>\n<li>Satisfacer las disposiciones contenidas en las leyes vigentes en materia de inmigraci\u00f3n (pasaporte con visa temporaria para estudiantes o definitiva), para poder seguir estudios en la universidad.<\/li>\n<li>4 fotos carnet 4x4cm.<\/li>\n<\/ul>\n<p style=\"text-align: justify;\">Deber\u00e1 adem\u00e1s cumplir con el siguiente requisito: aprobar equivalencias del Bachillerato Argentino, Historia y Geograf\u00eda Argentina, Instrucci\u00f3n C\u00edvica (en caso de haber convenios no se rinde: Chile, Paraguay, Per\u00fa, Mercosur, Espa\u00f1a, Francia, Italia, Ecuador, Colombia; Argentinos e hijos que realizaron el secundario en el exterior. Pa\u00edses lim\u00edtrofes con residencia permanente en la Argentina. Diplom\u00e1ticos Argentinos y FFAA en misi\u00f3n).<\/p>\n<p style=\"text-align: justify;\">La documentaci\u00f3n en idioma extranjero debe ser presentada con la correspondiente traducci\u00f3n efectuada por traductor oficial y legalizada.<\/p>\n<p style=\"text-align: justify;\">La Facultad aceptar\u00e1 constancias provisorias hasta la presentaci\u00f3n de la documentaci\u00f3n definitiva, pero con plazos perentorios. El no perfeccionamiento de la documentaci\u00f3n observada y la no presentaci\u00f3n de las certificaciones requeridas\u00a0 hasta el 30 de junio del correspondiente a\u00f1o del ingreso, determinar\u00e1 la cancelaci\u00f3n autom\u00e1tica de su inscripci\u00f3n. Los alumnos no podr\u00e1n rendir ninguna materia de su carrera sin antes cumplimentar con toda la documentaci\u00f3n y requisitos.<\/p>\n<p style=\"text-align: justify;\">Volver a la p\u00e1gina de ingreso a la FACET:\u00a0<a href=\"https:\/\/www.facet.unt.edu.ar\/ingreso-facet\/\">https:\/\/www.facet.unt.edu.ar\/ingreso-facet\/<\/a><\/p>\n","protected":false},"excerpt":{"rendered":"<p>Los estudiantes extranjeros que aspiran a cursar estudios universitarios en el pa\u00eds podr\u00e1n preinscribirse e inscribirse directamente en la universidad de su elecci\u00f3n. Las instituciones universitarias argentinas son aut\u00f3nomas acad\u00e9mica e institucionalmente, por lo tanto para inscribirse en una universidad argentina, se debe consultar en la misma sobre el procedimiento de inscripci\u00f3n. La mayor\u00eda de [&hellip;]<\/p>\n","protected":false},"author":101043,"featured_media":0,"parent":0,"menu_order":0,"comment_status":"closed","ping_status":"closed","template":"","meta":[],"_links":{"self":[{"href":"https:\/\/www.facet.unt.edu.ar\/ingreso\/wp-json\/wp\/v2\/pages\/558"}],"collection":[{"href":"https:\/\/www.facet.unt.edu.ar\/ingreso\/wp-json\/wp\/v2\/pages"}],"about":[{"href":"https:\/\/www.facet.unt.edu.ar\/ingreso\/wp-json\/wp\/v2\/types\/page"}],"author":[{"embeddable":true,"href":"https:\/\/www.facet.unt.edu.ar\/ingreso\/wp-json\/wp\/v2\/users\/101043"}],"replies":[{"embeddable":true,"href":"https:\/\/www.facet.unt.edu.ar\/ingreso\/wp-json\/wp\/v2\/comments?post=558"}],"version-history":[{"count":4,"href":"https:\/\/www.facet.unt.edu.ar\/ingreso\/wp-json\/wp\/v2\/pages\/558\/revisions"}],"predecessor-version":[{"id":563,"href":"https:\/\/www.facet.unt.edu.ar\/ingreso\/wp-json\/wp\/v2\/pages\/558\/revisions\/563"}],"wp:attachment":[{"href":"https:\/\/www.facet.unt.edu.ar\/ingreso\/wp-json\/wp\/v2\/media?parent=558"}],"curies":[{"name":"wp","href":"https:\/\/api.w.org\/{rel}","templated":true}]}}