{"id":669,"date":"2025-12-01T02:21:56","date_gmt":"2025-12-01T05:21:56","guid":{"rendered":"https:\/\/www.facet.unt.edu.ar\/ingreso\/?page_id=669"},"modified":"2026-02-10T13:05:50","modified_gmt":"2026-02-10T16:05:50","slug":"cursofebrero2026","status":"publish","type":"page","link":"https:\/\/www.facet.unt.edu.ar\/ingreso\/cursofebrero2026\/","title":{"rendered":"Curso de Nivelaci\u00f3n Febrero 2026"},"content":{"rendered":"<h3 data-start=\"216\" data-end=\"232\"><strong data-start=\"220\" data-end=\"232\">Duraci\u00f3n<\/strong><\/h3>\n<p data-start=\"233\" data-end=\"243\">4 semanas.<\/p>\n<h3 data-start=\"245\" data-end=\"273\"><strong data-start=\"249\" data-end=\"273\">Modalidad de Cursado<\/strong><\/h3>\n<ul data-start=\"274\" data-end=\"806\">\n<li data-start=\"274\" data-end=\"324\">\n<p data-start=\"276\" data-end=\"324\"><strong data-start=\"276\" data-end=\"324\">Clases dictadas por Docentes Universitarios.<\/strong><\/p>\n<\/li>\n<li data-start=\"325\" data-end=\"401\">\n<p data-start=\"327\" data-end=\"401\"><strong data-start=\"327\" data-end=\"345\">Carga horaria:<\/strong> 4 horas diarias, de lunes a viernes, durante 4 semanas.<\/p>\n<\/li>\n<li data-start=\"402\" data-end=\"510\">\n<p data-start=\"404\" data-end=\"510\"><strong data-start=\"404\" data-end=\"421\">Evaluaciones:<\/strong> 2 Parciales Presenciales de ejercicios pr\u00e1cticos (14\/02 y 28\/02), ambos con posibilidad de Recuperaci\u00f3n.<\/p>\n<\/li>\n<li data-start=\"511\" data-end=\"624\">\n<p data-start=\"513\" data-end=\"543\"><strong data-start=\"513\" data-end=\"541\">Condici\u00f3n de aprobaci\u00f3n:<\/strong><\/p>\n<ul data-start=\"546\" data-end=\"624\">\n<li data-start=\"546\" data-end=\"575\">\n<p data-start=\"548\" data-end=\"575\">75% de asistencia m\u00ednima.<\/p>\n<\/li>\n<li data-start=\"578\" data-end=\"624\">\n<p data-start=\"580\" data-end=\"624\">Cada parcial con nota <strong data-start=\"602\" data-end=\"623\">mayor o igual a 5<\/strong>.<\/p>\n<\/li>\n<\/ul>\n<\/li>\n<li data-start=\"625\" data-end=\"712\">\n<p data-start=\"627\" data-end=\"712\"><strong data-start=\"627\" data-end=\"644\">Consultor\u00edas:<\/strong> a cargo de estudiantes avanzados de distintas carreras de la FACET.<\/p>\n<\/li>\n<li data-start=\"713\" data-end=\"806\">\n<p data-start=\"715\" data-end=\"806\"><strong data-start=\"715\" data-end=\"738\">Plataforma Virtual:<\/strong> acceso a un Aula Virtual con material de estudio y clases grabadas.<\/p>\n<\/li>\n<\/ul>\n<h3 data-start=\"808\" data-end=\"821\"><strong data-start=\"812\" data-end=\"821\">Costo<\/strong><\/h3>\n<p data-start=\"822\" data-end=\"851\"><strong data-start=\"822\" data-end=\"833\">$65.000<\/strong> \u2014 Curso completo.<\/p>\n<hr data-start=\"853\" data-end=\"856\" \/>\n<h2 data-start=\"858\" data-end=\"878\"><strong data-start=\"861\" data-end=\"878\">Destinatarios<\/strong><\/h2>\n<p data-start=\"879\" data-end=\"898\">Pueden inscribirse:<\/p>\n<ul data-start=\"900\" data-end=\"1146\">\n<li data-start=\"900\" data-end=\"989\">\n<p data-start=\"902\" data-end=\"989\">Personas que hayan finalizado el nivel secundario (incluidos quienes adeuden materias).<\/p>\n<\/li>\n<li data-start=\"990\" data-end=\"1058\">\n<p data-start=\"992\" data-end=\"1058\">Estudiantes que est\u00e9n cursando el \u00faltimo a\u00f1o del nivel secundario.<\/p>\n<\/li>\n<li data-start=\"1059\" data-end=\"1146\">\n<p data-start=\"1061\" data-end=\"1146\">Aspirantes que no aprobaron ninguna de las instancias previas del Ingreso a la FACET.<\/p>\n<\/li>\n<\/ul>\n<hr data-start=\"1148\" data-end=\"1151\" \/>\n<h2 data-start=\"1153\" data-end=\"1176\"><strong data-start=\"1156\" data-end=\"1176\">Inicio del Curso<\/strong><\/h2>\n<p data-start=\"1177\" data-end=\"1292\"><strong data-start=\"1177\" data-end=\"1207\">Lunes 2 de Febrero de 2026<\/strong><br data-start=\"1207\" data-end=\"1210\" \/><strong data-start=\"1210\" data-end=\"1242\">Centro Universitario Herrera<\/strong><br data-start=\"1242\" data-end=\"1245\" \/>Av. Independencia 1800 \u2013 San Miguel de Tucum\u00e1n.<\/p>\n<hr data-start=\"1294\" data-end=\"1297\" \/>\n<h2 data-start=\"1299\" data-end=\"1354\"><strong data-start=\"1302\" data-end=\"1354\">Cuadernillos de Teor\u00eda y Pr\u00e1ctica<\/strong><\/h2>\n<p data-start=\"1355\" data-end=\"1391\">Disponibles\u00a0desde el <strong data-start=\"1376\" data-end=\"1390\">02\/02\/2026<\/strong>.<\/p>\n<p data-start=\"1393\" data-end=\"1473\"><strong data-start=\"1393\" data-end=\"1412\">Lugar de venta:<\/strong> Oficina \u00c1rea Ingreso (entre Anfiteatros B1 y B2) \u2013 Centro Herrera \u2013 Av. Independencia 1800, UNT<br data-start=\"1457\" data-end=\"1460\" \/><strong data-start=\"1460\" data-end=\"1473\">Horario:<\/strong>\u00a0Lunes a viernes, de 8:00 a 18:00 h.<\/p>\n<p data-start=\"1683\" data-end=\"1752\"><strong data-start=\"1683\" data-end=\"1710\">Costo de los ejemplares<\/strong> (sujeto a variaciones seg\u00fan impresi\u00f3n):<\/p>\n<ul data-start=\"1753\" data-end=\"1802\">\n<li data-start=\"1753\" data-end=\"1776\">\n<p data-start=\"1755\" data-end=\"1776\"><strong data-start=\"1755\" data-end=\"1766\">Teor\u00eda:<\/strong> $10.000<\/p>\n<\/li>\n<li data-start=\"1777\" data-end=\"1802\">\n<p data-start=\"1779\" data-end=\"1802\"><strong data-start=\"1779\" data-end=\"1792\">Pr\u00e1ctica:<\/strong> $10.000<\/p>\n<\/li>\n<\/ul>\n<hr data-start=\"1804\" data-end=\"1807\" \/>\n<h1 data-start=\"1809\" data-end=\"1833\"><strong data-start=\"1811\" data-end=\"1833\">INSCRIPCI\u00d3N ONLINE<\/strong><\/h1>\n<h3 data-start=\"1835\" data-end=\"1865\"><strong data-start=\"1839\" data-end=\"1865\">Per\u00edodo de Inscripci\u00f3n<\/strong><\/h3>\n<p data-start=\"1866\" data-end=\"1931\"><strong data-start=\"1866\" data-end=\"1931\">Desde el 1 de Diciembre de 2025 hasta el 30 de Enero de 2026.<\/strong><\/p>\n<hr data-start=\"1933\" data-end=\"1936\" \/>\n<h2 data-start=\"1938\" data-end=\"1980\"><span style=\"color: #ff0000;\"><strong data-start=\"1941\" data-end=\"1980\">PASOS PARA LA INSCRIPCI\u00d3N (2 pasos)<\/strong><\/span><\/h2>\n<h3 data-start=\"1982\" data-end=\"2033\"><span style=\"color: #ff0000;\"><strong data-start=\"1986\" data-end=\"2033\">\ud83d\udccc Paso 1 \u2013 Realizar el Pago de Inscripci\u00f3n<\/strong><\/span><\/h3>\n<p data-start=\"62\" data-end=\"251\">El pago deber\u00e1 realizarse a trav\u00e9s de la <strong data-start=\"130\" data-end=\"157\">Cooperadora de la FACET<\/strong>, utilizando la plataforma <strong data-start=\"184\" data-end=\"200\">Mercado Pago<\/strong>.<\/p>\n<p data-start=\"253\" data-end=\"291\"><strong data-start=\"253\" data-end=\"289\">Modalidades de pago disponibles:<\/strong><\/p>\n<ul data-start=\"292\" data-end=\"404\">\n<li data-start=\"292\" data-end=\"312\">\n<p data-start=\"294\" data-end=\"312\">Dinero en cuenta<\/p>\n<\/li>\n<li data-start=\"313\" data-end=\"335\">\n<p data-start=\"315\" data-end=\"335\">Tarjetas de d\u00e9bito<\/p>\n<\/li>\n<li data-start=\"336\" data-end=\"359\">\n<p data-start=\"338\" data-end=\"359\">Tarjetas de cr\u00e9dito<\/p>\n<\/li>\n<li data-start=\"360\" data-end=\"404\">\n<p data-start=\"362\" data-end=\"404\">Pago en efectivo en Rapipago o PagoF\u00e1cil<\/p>\n<\/li>\n<\/ul>\n<p>Puedes acceder a la plataforma de Mercado Pago mediante el siguiente enlace:<\/p>\n<p data-start=\"2406\" data-end=\"2503\"><script src=\"https:\/\/www.mercadopago.com.ar\/integrations\/v1\/web-payment-checkout.js\" data-preference-id=\"1016176592-94dab475-da0e-42eb-8d59-ac8bdaf2305d\" data-source=\"button\">\n<\/script><\/p>\n<p data-start=\"2505\" data-end=\"2673\"><strong data-start=\"2505\" data-end=\"2520\">IMPORTANTE:<\/strong><br data-start=\"2520\" data-end=\"2523\" \/>Si desist\u00eds de realizar el Curso, podr\u00e1s solicitar el reintegro <strong data-start=\"2586\" data-end=\"2614\">solo hasta el 30\/01\/2026<\/strong>, enviando un correo a: <strong data-start=\"2638\" data-end=\"2673\"><a class=\"decorated-link cursor-pointer\" rel=\"noopener\" data-start=\"2640\" data-end=\"2671\">ingresofacet@herrera.unt.edu.ar<\/a><\/strong><\/p>\n<hr data-start=\"2675\" data-end=\"2678\" \/>\n<h3 data-start=\"2680\" data-end=\"2738\"><span style=\"color: #ff0000;\"><strong data-start=\"2684\" data-end=\"2738\">\ud83d\udccc Paso 2 \u2013 Completar el Formulario de Inscripci\u00f3n<\/strong><\/span><\/h3>\n<p data-start=\"2740\" data-end=\"2759\">Deber\u00e1s adjuntar:<\/p>\n<ul data-start=\"2760\" data-end=\"2815\">\n<li data-start=\"2760\" data-end=\"2792\">\n<p data-start=\"2762\" data-end=\"2792\">Foto del <strong data-start=\"2771\" data-end=\"2789\">frente del DNI<\/strong>.<\/p>\n<\/li>\n<li data-start=\"2793\" data-end=\"2815\">\n<p data-start=\"2795\" data-end=\"2815\">Comprobante de pago.<\/p>\n<\/li>\n<\/ul>\n<h4 data-start=\"2817\" data-end=\"2900\"><strong data-start=\"2817\" data-end=\"2847\">Formulario de inscripci\u00f3n:<\/strong><br data-start=\"2847\" data-end=\"2850\" \/><a href=\"https:\/\/forms.gle\/NuNSy6wuiJ8ruseZ8\"><strong data-start=\"2850\" data-end=\"2900\">Link Formulario Inscripci\u00f3n Curso Febrero 2026<\/strong><\/a><\/h4>\n<hr data-start=\"2902\" data-end=\"2905\" \/>\n<h2 data-start=\"2907\" data-end=\"2941\"><strong data-start=\"2910\" data-end=\"2941\">Confirmaci\u00f3n de Inscripci\u00f3n<\/strong><\/h2>\n<p data-start=\"2942\" data-end=\"3097\">El <strong data-start=\"2945\" data-end=\"2975\">s\u00e1bado 31 de Enero de 2026<\/strong>, el \u00c1rea Ingreso enviar\u00e1 por correo electr\u00f3nico la <strong>bienvenida al curso<\/strong>, junto con <strong>la comisi\u00f3n asignada, el nombre del docente a cargo, el turno<\/strong> correspondiente <strong>y las instrucciones para iniciar<\/strong> las actividades.<\/p>\n<hr data-start=\"3099\" data-end=\"3102\" \/>\n<h2 data-start=\"3104\" data-end=\"3120\"><strong data-start=\"3107\" data-end=\"3120\">Consultas<\/strong><\/h2>\n<p data-start=\"3121\" data-end=\"3159\">\ud83d\udce7 <strong data-start=\"3124\" data-end=\"3159\"><a class=\"decorated-link cursor-pointer\" rel=\"noopener\" data-start=\"3126\" data-end=\"3157\">ingresofacet@herrera.unt.edu.ar<\/a><\/strong><\/p>\n<hr data-start=\"3161\" data-end=\"3164\" \/>\n<h2 data-start=\"3166\" data-end=\"3183\"><strong data-start=\"3169\" data-end=\"3183\">Importante<\/strong><\/h2>\n<p data-start=\"3184\" data-end=\"3359\">El cronograma puede sufrir modificaciones.<br data-start=\"3226\" data-end=\"3229\" \/>Las actualizaciones ser\u00e1n publicadas en la p\u00e1gina oficial del \u00c1rea Ingreso de la FACET:<br data-start=\"3316\" data-end=\"3319\" \/>\ud83d\udc49 <a class=\"decorated-link\" href=\"https:\/\/www.facet.unt.edu.ar\/ingreso\/\" target=\"_new\" rel=\"noopener\" data-start=\"3322\" data-end=\"3359\">https:\/\/www.facet.unt.edu.ar\/ingreso\/<\/a><\/p>\n","protected":false},"excerpt":{"rendered":"<p>Duraci\u00f3n 4 semanas. Modalidad de Cursado Clases dictadas por Docentes Universitarios. Carga horaria: 4 horas diarias, de lunes a viernes, durante 4 semanas. Evaluaciones: 2 Parciales Presenciales de ejercicios pr\u00e1cticos (14\/02 y 28\/02), ambos con posibilidad de Recuperaci\u00f3n. Condici\u00f3n de aprobaci\u00f3n: 75% de asistencia m\u00ednima. Cada parcial con nota mayor o igual a 5. Consultor\u00edas: [&hellip;]<\/p>\n","protected":false},"author":101043,"featured_media":0,"parent":0,"menu_order":0,"comment_status":"closed","ping_status":"closed","template":"","meta":[],"_links":{"self":[{"href":"https:\/\/www.facet.unt.edu.ar\/ingreso\/wp-json\/wp\/v2\/pages\/669"}],"collection":[{"href":"https:\/\/www.facet.unt.edu.ar\/ingreso\/wp-json\/wp\/v2\/pages"}],"about":[{"href":"https:\/\/www.facet.unt.edu.ar\/ingreso\/wp-json\/wp\/v2\/types\/page"}],"author":[{"embeddable":true,"href":"https:\/\/www.facet.unt.edu.ar\/ingreso\/wp-json\/wp\/v2\/users\/101043"}],"replies":[{"embeddable":true,"href":"https:\/\/www.facet.unt.edu.ar\/ingreso\/wp-json\/wp\/v2\/comments?post=669"}],"version-history":[{"count":19,"href":"https:\/\/www.facet.unt.edu.ar\/ingreso\/wp-json\/wp\/v2\/pages\/669\/revisions"}],"predecessor-version":[{"id":671,"href":"https:\/\/www.facet.unt.edu.ar\/ingreso\/wp-json\/wp\/v2\/pages\/669\/revisions\/671"}],"wp:attachment":[{"href":"https:\/\/www.facet.unt.edu.ar\/ingreso\/wp-json\/wp\/v2\/media?parent=669"}],"curies":[{"name":"wp","href":"https:\/\/api.w.org\/{rel}","templated":true}]}}