{"id":280,"date":"2024-11-18T15:01:07","date_gmt":"2024-11-18T18:01:07","guid":{"rendered":"https:\/\/www.facet.unt.edu.ar\/jornadas-ieec\/?page_id=280"},"modified":"2024-11-28T22:31:28","modified_gmt":"2024-11-29T01:31:28","slug":"informacion-para-autores-2024","status":"publish","type":"page","link":"https:\/\/www.facet.unt.edu.ar\/jornadas-ieec\/informacion-para-autores-2024\/","title":{"rendered":"Informaci\u00f3n para Autores 2024"},"content":{"rendered":"<p>Aquellos docentes e investigadores que desarrollan sus actividades en temas afines a las <a href=\"https:\/\/www.facet.unt.edu.ar\/jornadas-ieec\/tematicas\/\"><strong>\u00c1reas de inter\u00e9s<\/strong><\/a> de las Jornadas, est\u00e1n invitados a participar con sus trabajos individuales o en equipos, sobre los temas de sus actividades de investigaci\u00f3n, desarrollo, transferencia, formaci\u00f3n superior universitaria, y temas vinculados a la docencia, que hayan sido realizados durante el corriente a\u00f1o. En el libro de las Jornadas con ISBN se incluir\u00e1 la secci\u00f3n de Res\u00famenes.<\/p>\n<p>Para participar del evento, los autores de trabajos deber\u00e1n elaborar un Resumen Extendido utilizando la <strong><a href=\"https:\/\/www.facet.unt.edu.ar\/jornadas-ieec\/wp-content\/uploads\/sites\/64\/2018\/10\/Modelo-Resumen-JORNADAS-2024.doc\">plantilla Modelo Resumen<\/a><\/strong> (requisito obligatorio), dise\u00f1ada con el membrete, los m\u00e1rgenes, tipos y tama\u00f1os de caracteres requeridos para su\u00a0posterior publicaci\u00f3n.<\/p>\n<p>El Resumen debe ser enviado utilizando el formato pdf, con el nombre del autor principal o expositor &#8220;<em>Jornadas2024 Resumen_Nombre Autor.pdf<\/em>&#8220;, a trav\u00e9s de la p\u00e1gina de <strong><a href=\"https:\/\/www.facet.unt.edu.ar\/jornadas-ieec\/inscripcion-de-trabajos-para-la-jornadas-ieec-2024\/\">Inscripci\u00f3n de trabajos a las Jornadas IEEC 2024<\/a><\/strong> como archivo adjunto. Al momento de la inscripci\u00f3n, los autores deber\u00e1n indicar su modo de participaci\u00f3n:<\/p>\n<ol>\n<li>a) Resumen. El resumen aceptado, ser\u00e1 el documento final que integrar\u00e1 el libro de las jornadas.<\/li>\n<\/ol>\n<p>Independientemente del modo de participaci\u00f3n, la fecha l\u00edmite para la recepci\u00f3n de res\u00famenes ser\u00e1 hasta el d\u00eda\u00a0<strong>28 de Noviembre de 2024<\/strong>.<\/p>\n<p>Los res\u00famenes ser\u00e1n evaluados por el Comit\u00e9 Acad\u00e9mico y posteriormente se informar\u00e1 a los autores su aceptaci\u00f3n.<\/p>\n<p>Todos los trabajos aceptados ser\u00e1n incluidos en el Programa de Actividades de las Jornadas, donde se le asignar\u00e1 un horario para su exposici\u00f3n y ser\u00e1n publicados en un Libro de las Jornadas.<\/p>\n<p>Al concluir el evento se realizar\u00e1 una Sesi\u00f3n Plenaria, donde se comentar\u00e1n los resultados de las Jornadas.<\/p>\n<p data-wp-editing=\"1\"><a href=\"https:\/\/www.facet.unt.edu.ar\/jornadas-ieec\/wp-content\/uploads\/sites\/64\/2024\/11\/Modelo-Resumen-JORNADAS-2024.doc\"><img decoding=\"async\" loading=\"lazy\" class=\"alignnone wp-image-206\" src=\"https:\/\/www.facet.unt.edu.ar\/jornadas-ieec\/wp-content\/uploads\/sites\/64\/2018\/10\/word-doc-icon.png\" alt=\"\" width=\"109\" height=\"109\" srcset=\"https:\/\/www.facet.unt.edu.ar\/jornadas-ieec\/wp-content\/uploads\/sites\/64\/2018\/10\/word-doc-icon.png 256w, https:\/\/www.facet.unt.edu.ar\/jornadas-ieec\/wp-content\/uploads\/sites\/64\/2018\/10\/word-doc-icon-150x150.png 150w\" sizes=\"(max-width: 109px) 100vw, 109px\" \/>Modelo Resumen JORNADAS 2024<\/a><\/p>\n<p data-wp-editing=\"1\"><a href=\"https:\/\/docs.google.com\/forms\/d\/e\/1FAIpQLScGIU8oiYARM24TcUr8j0SSfH3kF2nuUbvDOyzAY_TJl3txMA\/viewform?usp=sharing\">Formulario de carga de Trabajos<\/a><\/p>\n","protected":false},"excerpt":{"rendered":"<p>Aquellos docentes e investigadores que desarrollan sus actividades en temas afines a las \u00c1reas de inter\u00e9s de las Jornadas, est\u00e1n invitados a participar con sus trabajos individuales o en equipos, sobre los temas de sus actividades de investigaci\u00f3n, desarrollo, transferencia, formaci\u00f3n superior universitaria, y temas vinculados a la docencia, que hayan sido realizados durante el [&hellip;]<\/p>\n","protected":false},"author":101041,"featured_media":0,"parent":0,"menu_order":0,"comment_status":"closed","ping_status":"closed","template":"","meta":[],"_links":{"self":[{"href":"https:\/\/www.facet.unt.edu.ar\/jornadas-ieec\/wp-json\/wp\/v2\/pages\/280"}],"collection":[{"href":"https:\/\/www.facet.unt.edu.ar\/jornadas-ieec\/wp-json\/wp\/v2\/pages"}],"about":[{"href":"https:\/\/www.facet.unt.edu.ar\/jornadas-ieec\/wp-json\/wp\/v2\/types\/page"}],"author":[{"embeddable":true,"href":"https:\/\/www.facet.unt.edu.ar\/jornadas-ieec\/wp-json\/wp\/v2\/users\/101041"}],"replies":[{"embeddable":true,"href":"https:\/\/www.facet.unt.edu.ar\/jornadas-ieec\/wp-json\/wp\/v2\/comments?post=280"}],"version-history":[{"count":4,"href":"https:\/\/www.facet.unt.edu.ar\/jornadas-ieec\/wp-json\/wp\/v2\/pages\/280\/revisions"}],"predecessor-version":[{"id":345,"href":"https:\/\/www.facet.unt.edu.ar\/jornadas-ieec\/wp-json\/wp\/v2\/pages\/280\/revisions\/345"}],"wp:attachment":[{"href":"https:\/\/www.facet.unt.edu.ar\/jornadas-ieec\/wp-json\/wp\/v2\/media?parent=280"}],"curies":[{"name":"wp","href":"https:\/\/api.w.org\/{rel}","templated":true}]}}

Información para Autores 2024

<p>Aquellos docentes e investigadores que desarrollan sus actividades en temas afines a las <a href="https://www.facet.unt.edu.ar/jornadas-ieec/tematicas/"><strong>Áreas de interés</strong></a> de las Jornadas, están invitados a participar con sus trabajos individuales o en equipos, sobre los temas de sus actividades de investigación, desarrollo, transferencia, formación superior universitaria, y temas vinculados a la docencia, que hayan sido realizados durante el corriente año. En el libro de las Jornadas con ISBN se incluirá la sección de Resúmenes.</p>
<p>Para participar del evento, los autores de trabajos deberán elaborar un Resumen Extendido utilizando la <strong><a href="https://www.facet.unt.edu.ar/jornadas-ieec/wp-content/uploads/sites/64/2018/10/Modelo-Resumen-JORNADAS-2024.doc">plantilla Modelo Resumen</a></strong> (requisito obligatorio), diseñada con el membrete, los márgenes, tipos y tamaños de caracteres requeridos para su posterior publicación.</p>
<p>El Resumen debe ser enviado utilizando el formato pdf, con el nombre del autor principal o expositor &#8220;<em>Jornadas2024 Resumen_Nombre Autor.pdf</em>&#8220;, a través de la página de <strong><a href="https://www.facet.unt.edu.ar/jornadas-ieec/inscripcion-de-trabajos-para-la-jornadas-ieec-2024/">Inscripción de trabajos a las Jornadas IEEC 2024</a></strong> como archivo adjunto. Al momento de la inscripción, los autores deberán indicar su modo de participación:</p>
<ol>
<li>a) Resumen. El resumen aceptado, será el documento final que integrará el libro de las jornadas.</li>
</ol>
<p>Independientemente del modo de participación, la fecha límite para la recepción de resúmenes será hasta el día <strong>28 de Noviembre de 2024</strong>.</p>
<p>Los resúmenes serán evaluados por el Comité Académico y posteriormente se informará a los autores su aceptación.</p>
<p>Todos los trabajos aceptados serán incluidos en el Programa de Actividades de las Jornadas, donde se le asignará un horario para su exposición y serán publicados en un Libro de las Jornadas.</p>
<p>Al concluir el evento se realizará una Sesión Plenaria, donde se comentarán los resultados de las Jornadas.</p>
<p data-wp-editing="1"><a href="https://www.facet.unt.edu.ar/jornadas-ieec/wp-content/uploads/sites/64/2024/11/Modelo-Resumen-JORNADAS-2024.doc"><img decoding="async" loading="lazy" class="alignnone wp-image-206" src="https://www.facet.unt.edu.ar/jornadas-ieec/wp-content/uploads/sites/64/2018/10/word-doc-icon.png" alt="" width="109" height="109" srcset="https://www.facet.unt.edu.ar/jornadas-ieec/wp-content/uploads/sites/64/2018/10/word-doc-icon.png 256w, https://www.facet.unt.edu.ar/jornadas-ieec/wp-content/uploads/sites/64/2018/10/word-doc-icon-150x150.png 150w" sizes="(max-width: 109px) 100vw, 109px" />Modelo Resumen JORNADAS 2024</a></p>
<p data-wp-editing="1"><a href="https://docs.google.com/forms/d/e/1FAIpQLScGIU8oiYARM24TcUr8j0SSfH3kF2nuUbvDOyzAY_TJl3txMA/viewform?usp=sharing">Formulario de carga de Trabajos</a></p>

<p>Aquellos docentes e investigadores que desarrollan sus actividades en temas afines a las Áreas de interés de las Jornadas, están invitados a participar con sus trabajos individuales o en equipos, sobre los temas de sus actividades de investigación, desarrollo, transferencia, formación superior universitaria, y temas vinculados a la docencia, que hayan sido realizados durante el [&hellip;]</p>
