{"id":114,"date":"2016-05-05T20:54:08","date_gmt":"2016-05-05T23:54:08","guid":{"rendered":"https:\/\/www.facet.unt.edu.ar\/lch\/?page_id=114"},"modified":"2016-05-12T15:16:24","modified_gmt":"2016-05-12T18:16:24","slug":"extension","status":"publish","type":"page","link":"https:\/\/www.facet.unt.edu.ar\/lch\/extension\/","title":{"rendered":"Extensi\u00f3n"},"content":{"rendered":"<h3>SERVICIOS DISPONIBLES<\/h3>\n<div>\n<h4>Asesoramiento<\/h4>\n<ul>\n<li style=\"text-align: justify\">El tratamiento de los aspectos de car\u00e1cter\u00a0global y estrat\u00e9gico de los Recursos H\u00eddricos.<\/li>\n<li style=\"text-align: justify\">Lo concerniente al uso, aprovechamiento y\u00a0conservaci\u00f3n de los Recursos H\u00eddricos y a los\u00a0servicios vinculados.<\/li>\n<li style=\"text-align: justify\">La formulaci\u00f3n de normas o gu\u00edas de criterios\u00a0aplicables al proyecto, explotaci\u00f3n, mantenimiento y\u00a0seguimiento de Proyectos y Obras Hidr\u00e1ulicas.<\/li>\n<\/ul>\n<h4>Capacitaci\u00f3n<\/h4>\n<ul>\n<li style=\"text-align: justify\">Forma y capacita especialistas en todas las\u00a0disciplinas vinculadas con el \u00e1mbito de su tem\u00e1tica,\u00a0dise\u00f1ando cursos adecuados a las necesidades de\u00a0empresas privadas y organismos estatales.<\/li>\n<li style=\"text-align: justify\">Planes, programas y proyectos educativos para la\u00a0protecci\u00f3n, conservaci\u00f3n, preservaci\u00f3n y uso\u00a0eficiente de los Recursos H\u00eddricos, tanto en el\u00a0sistema educativo formal como en el no formal.<\/li>\n<li style=\"text-align: justify\">Laboratorio docente de hidr\u00e1ulica.<\/li>\n<\/ul>\n<h4>Modelizaciones<\/h4>\n<ul>\n<li style=\"text-align: justify\">Modelos F\u00edsicos.<\/li>\n<li style=\"text-align: justify\">Modelos Matem\u00e1ticos.<\/li>\n<li style=\"text-align: justify\">Modelos de Gesti\u00f3n.<\/li>\n<li style=\"text-align: justify\">Modelos de Calidad.<\/li>\n<\/ul>\n<h4>Proyectos Especiales<\/h4>\n<ul>\n<li style=\"text-align: justify\">Planes Directores de Gesti\u00f3n Integrada de\u00a0Recursos H\u00eddricos a nivel de cuenca.<\/li>\n<li style=\"text-align: justify\">Sistemas de Informaci\u00f3n Geogr\u00e1fica aplicados a\u00a0los Recursos H\u00eddricos.<\/li>\n<\/ul>\n<h4>Investigaci\u00f3n<\/h4>\n<ul>\n<li style=\"text-align: justify\">Tecnolog\u00eda innovadora.<\/li>\n<li style=\"text-align: justify\">Nuevos desarrollos.<\/li>\n<\/ul>\n<p>&nbsp;<\/p>\n<h3>SERVICIOS REALIZADOS<\/h3>\n<ul>\n<li style=\"text-align: justify\">Aliviadero de superficie y obra de desviaci\u00f3n de la Presa de Embalse General Belgrano &#8211; Cabra Corral. Salta.<\/li>\n<li style=\"text-align: justify\">Aliviadero de Superficie del dique de Embalse de Itiyuro. Salta.<\/li>\n<li style=\"text-align: justify\">Dique derivador del Tipal. Jujuy.<\/li>\n<li style=\"text-align: justify\">Aliviadero de superficie del Dique Potrero del Clavillo. Tucum\u00e1n.<\/li>\n<li style=\"text-align: justify\">Modificaci\u00f3n y atenuaci\u00f3n de ondas supercr\u00edticas en transiciones y en canales.<\/li>\n<li style=\"text-align: justify\">Investigaciones sobre modelo hidr\u00e1ulico del Dique Derivador sobre el R\u00edo Grande &#8211; Jujuy.<\/li>\n<li style=\"text-align: justify\">Dise\u00f1o de un Nuevo Aliviadero para la Presa del Dique Itiyuro. Salta.<\/li>\n<li style=\"text-align: justify\">Estudios de Desatarquinamiento del Embalse de la Presa Itiyuro. Salta.<\/li>\n<li style=\"text-align: justify\">Investigaciones Experimentales Hidr\u00e1ulicas para aprovechamientos y correcciones en R\u00e9gimen Torrencial.<\/li>\n<li style=\"text-align: justify\">Dise\u00f1o de banco de calibraci\u00f3n de micromedidores de agua.<\/li>\n<\/ul>\n<\/div>\n<p>&nbsp;<\/p>\n","protected":false},"excerpt":{"rendered":"<p>SERVICIOS DISPONIBLES Asesoramiento El tratamiento de los aspectos de car\u00e1cter\u00a0global y estrat\u00e9gico de los Recursos H\u00eddricos. Lo concerniente al uso, aprovechamiento y\u00a0conservaci\u00f3n de los Recursos H\u00eddricos y a los\u00a0servicios vinculados. La formulaci\u00f3n de normas o gu\u00edas de criterios\u00a0aplicables al proyecto, explotaci\u00f3n, mantenimiento y\u00a0seguimiento de Proyectos y Obras Hidr\u00e1ulicas. Capacitaci\u00f3n Forma y capacita especialistas en todas [&hellip;]<\/p>\n","protected":false},"author":20,"featured_media":0,"parent":0,"menu_order":5,"comment_status":"closed","ping_status":"closed","template":"templates\/template-full-notitle.php","meta":[],"_links":{"self":[{"href":"https:\/\/www.facet.unt.edu.ar\/lch\/wp-json\/wp\/v2\/pages\/114"}],"collection":[{"href":"https:\/\/www.facet.unt.edu.ar\/lch\/wp-json\/wp\/v2\/pages"}],"about":[{"href":"https:\/\/www.facet.unt.edu.ar\/lch\/wp-json\/wp\/v2\/types\/page"}],"author":[{"embeddable":true,"href":"https:\/\/www.facet.unt.edu.ar\/lch\/wp-json\/wp\/v2\/users\/20"}],"replies":[{"embeddable":true,"href":"https:\/\/www.facet.unt.edu.ar\/lch\/wp-json\/wp\/v2\/comments?post=114"}],"version-history":[{"count":8,"href":"https:\/\/www.facet.unt.edu.ar\/lch\/wp-json\/wp\/v2\/pages\/114\/revisions"}],"predecessor-version":[{"id":193,"href":"https:\/\/www.facet.unt.edu.ar\/lch\/wp-json\/wp\/v2\/pages\/114\/revisions\/193"}],"wp:attachment":[{"href":"https:\/\/www.facet.unt.edu.ar\/lch\/wp-json\/wp\/v2\/media?parent=114"}],"curies":[{"name":"wp","href":"https:\/\/api.w.org\/{rel}","templated":true}]}}