{"id":157,"date":"2016-05-09T09:16:10","date_gmt":"2016-05-09T12:16:10","guid":{"rendered":"https:\/\/www.facet.unt.edu.ar\/lch\/?page_id=157"},"modified":"2016-05-17T18:06:56","modified_gmt":"2016-05-17T21:06:56","slug":"lab-docente","status":"publish","type":"page","link":"https:\/\/www.facet.unt.edu.ar\/lch\/laboratorios\/lab-docente\/","title":{"rendered":"Laboratorio Docente"},"content":{"rendered":"<div>\n<h2>Laboratorio Docente<\/h2>\n<p style=\"text-align: justify\">En este laboratorio los alumnos realizan trabajos experimentales utilizando un sistema formado por:<\/p>\n<p style=\"text-align: justify\"><img decoding=\"async\" loading=\"lazy\" class=\"aligncenter wp-image-293 size-large\" title=\"Equipo\" src=\"https:\/\/www.facet.unt.edu.ar\/lch\/wp-content\/uploads\/sites\/39\/2016\/05\/Canal-01-1024x576.jpg\" alt=\"Canal-01\" width=\"720\" height=\"405\" srcset=\"https:\/\/www.facet.unt.edu.ar\/lch\/wp-content\/uploads\/sites\/39\/2016\/05\/Canal-01-1024x576.jpg 1024w, https:\/\/www.facet.unt.edu.ar\/lch\/wp-content\/uploads\/sites\/39\/2016\/05\/Canal-01-300x169.jpg 300w, https:\/\/www.facet.unt.edu.ar\/lch\/wp-content\/uploads\/sites\/39\/2016\/05\/Canal-01-768x432.jpg 768w, https:\/\/www.facet.unt.edu.ar\/lch\/wp-content\/uploads\/sites\/39\/2016\/05\/Canal-01.jpg 1280w\" sizes=\"(max-width: 720px) 100vw, 720px\" \/><\/p>\n<ul>\n<li style=\"text-align: justify\">Canal vidriado, de ancho constante y sin pendiente.<\/li>\n<li style=\"text-align: justify\">Diversos dise\u00f1os de vertederos.<\/li>\n<li style=\"text-align: justify\">Compuertas: es un dispositivo hidr\u00e1ulico-mec\u00e1nico destinado a regular el pasaje de agua u otro fluido en una tuber\u00eda, en un canal, presas, esclusas, obras de derivaci\u00f3n u otra estructura hidr\u00e1ulica.<\/li>\n<li style=\"text-align: justify\">Dep\u00f3sito de agua: es el dep\u00f3sito donde cae el agua circulante por el canal y al mismo tiempo es el agua que toma la bomba para poner en circulaci\u00f3n del canal.<\/li>\n<li style=\"text-align: justify\">Bomba centrifuga: son siempre rotativas y son un tipo de bomba hidr\u00e1ulica que transforma la energ\u00eda mec\u00e1nica de un impulsor en energ\u00eda cin\u00e9tica o de presi\u00f3n de un fluido incompresible.<\/li>\n<li style=\"text-align: justify\">V\u00e1lvula exclusa: llave de paso de un determinado fluido la cual se puede cerrar o abrir mediante un volante que levanta una guillotina que permite el paso del l\u00edquido ya sea en menor o mayor cantidad adem\u00e1s la misma es de paso total asegurando el di\u00e1metro del ca\u00f1o.<\/li>\n<li style=\"text-align: justify\">Tuber\u00eda de alimentaci\u00f3n: Conducto que transporta el agua desde la bomba hacia el dep\u00f3sito 2.<\/li>\n<li style=\"text-align: justify\">Dep\u00f3sito de agua: es el dep\u00f3sito donde llega el agua de la tuber\u00eda de alimentaci\u00f3n y suministra el agua al canal vidriado.<\/li>\n<\/ul>\n<p>&nbsp;<\/p>\n<\/div>\n<h4>Medici\u00f3n de velocidad con molinete<\/h4>\n<div id=\"metaslider-id-307\" style=\"width: 100%; margin: 0 auto;\" class=\"ml-slider-3-27-5 metaslider metaslider-flex metaslider-307 ml-slider nav-hidden\">\n    <div id=\"metaslider_container_307\">\n        <div id=\"metaslider_307\">\n            <ul aria-live=\"polite\" class=\"slides\">\n                <li style=\"display: none; width: 100%;\" class=\"slide-294 ms-image\"><img src=\"https:\/\/www.facet.unt.edu.ar\/lch\/wp-content\/uploads\/sites\/39\/2016\/05\/Molinete-02-300x300.jpg\" height=\"300\" width=\"300\" alt=\"\" class=\"slider-307 slide-294\" \/><div class=\"caption-wrap\"><div class=\"caption\">Molinete<\/div><\/div><\/li>\n                <li style=\"display: none; width: 100%;\" class=\"slide-295 ms-image\"><img src=\"https:\/\/www.facet.unt.edu.ar\/lch\/wp-content\/uploads\/sites\/39\/2016\/05\/Molinete-03-300x300.jpg\" height=\"300\" width=\"300\" alt=\"\" class=\"slider-307 slide-295\" \/><div class=\"caption-wrap\"><div class=\"caption\">Molinete sumergido para obtener la velocidad del escurrimiento<\/div><\/div><\/li>\n            <\/ul>\n        <\/div>\n        \n    <\/div>\n<\/div>\n<p>&nbsp;<\/p>\n<h4>Pr\u00e1ctica durante clase<\/h4>\n<div id=\"metaslider-id-292\" style=\"width: 100%; margin: 0 auto;\" class=\"ml-slider-3-27-5 metaslider metaslider-flex metaslider-292 ml-slider nav-hidden nav-hidden\">\n    <div id=\"metaslider_container_292\">\n        <div id=\"metaslider_292\">\n            <ul aria-live=\"polite\" class=\"slides\">\n                <li style=\"display: none; width: 100%;\" class=\"slide-298 ms-image\"><img src=\"https:\/\/www.facet.unt.edu.ar\/lch\/wp-content\/uploads\/sites\/39\/2016\/05\/Vertedero-04-300x300.jpg\" height=\"300\" width=\"300\" alt=\"\" class=\"slider-292 slide-298\" \/><div class=\"caption-wrap\"><div class=\"caption\">Vertedero semi-circular<\/div><\/div><\/li>\n                <li style=\"display: none; width: 100%;\" class=\"slide-299 ms-image\"><img src=\"https:\/\/www.facet.unt.edu.ar\/lch\/wp-content\/uploads\/sites\/39\/2016\/05\/Vertedero-05-300x300.jpg\" height=\"300\" width=\"300\" alt=\"\" class=\"slider-292 slide-299\" \/><div class=\"caption-wrap\"><div class=\"caption\">Vertedero semi-circular inicio de circulaci\u00f3n de agua<\/div><\/div><\/li>\n                <li style=\"display: none; width: 100%;\" class=\"slide-300 ms-image\"><img src=\"https:\/\/www.facet.unt.edu.ar\/lch\/wp-content\/uploads\/sites\/39\/2016\/05\/Vertedero-06-300x300.jpg\" height=\"300\" width=\"300\" alt=\"\" class=\"slider-292 slide-300\" \/><div class=\"caption-wrap\"><div class=\"caption\">Vertedero semi-circular circulaci\u00f3n de agua en r\u00e9gimen<\/div><\/div><\/li>\n                <li style=\"display: none; width: 100%;\" class=\"slide-296 ms-image\"><img src=\"https:\/\/www.facet.unt.edu.ar\/lch\/wp-content\/uploads\/sites\/39\/2016\/05\/Orificio-07-300x300.jpg\" height=\"300\" width=\"300\" alt=\"\" class=\"slider-292 slide-296\" \/><div class=\"caption-wrap\"><div class=\"caption\">Descarga a trav\u00e9s de un orificio circular<\/div><\/div><\/li>\n                <li style=\"display: none; width: 100%;\" class=\"slide-301 ms-image\"><img src=\"https:\/\/www.facet.unt.edu.ar\/lch\/wp-content\/uploads\/sites\/39\/2016\/05\/Vertedero-09-300x300.jpg\" height=\"300\" width=\"300\" alt=\"\" class=\"slider-292 slide-301\" \/><div class=\"caption-wrap\"><div class=\"caption\">Orificio bajo compuerta con descarga libre y sumergida<\/div><\/div><\/li>\n                <li style=\"display: none; width: 100%;\" class=\"slide-297 ms-image\"><img src=\"https:\/\/www.facet.unt.edu.ar\/lch\/wp-content\/uploads\/sites\/39\/2016\/05\/Orificio-08-300x300.jpg\" height=\"300\" width=\"300\" alt=\"\" class=\"slider-292 slide-297\" \/><div class=\"caption-wrap\"><div class=\"caption\">Orificio bajo compuerta con descarga libre y sumergida<\/div><\/div><\/li>\n            <\/ul>\n        <\/div>\n        \n    <\/div>\n<\/div>\n","protected":false},"excerpt":{"rendered":"<p>Laboratorio Docente En este laboratorio los alumnos realizan trabajos experimentales utilizando un sistema formado por: Canal vidriado, de ancho constante y sin pendiente. Diversos dise\u00f1os de vertederos. Compuertas: es un dispositivo hidr\u00e1ulico-mec\u00e1nico destinado a regular el pasaje de agua u otro fluido en una tuber\u00eda, en un canal, presas, esclusas, obras de derivaci\u00f3n u otra [&hellip;]<\/p>\n","protected":false},"author":20,"featured_media":0,"parent":153,"menu_order":1,"comment_status":"closed","ping_status":"closed","template":"templates\/template-full-notitle.php","meta":[],"_links":{"self":[{"href":"https:\/\/www.facet.unt.edu.ar\/lch\/wp-json\/wp\/v2\/pages\/157"}],"collection":[{"href":"https:\/\/www.facet.unt.edu.ar\/lch\/wp-json\/wp\/v2\/pages"}],"about":[{"href":"https:\/\/www.facet.unt.edu.ar\/lch\/wp-json\/wp\/v2\/types\/page"}],"author":[{"embeddable":true,"href":"https:\/\/www.facet.unt.edu.ar\/lch\/wp-json\/wp\/v2\/users\/20"}],"replies":[{"embeddable":true,"href":"https:\/\/www.facet.unt.edu.ar\/lch\/wp-json\/wp\/v2\/comments?post=157"}],"version-history":[{"count":10,"href":"https:\/\/www.facet.unt.edu.ar\/lch\/wp-json\/wp\/v2\/pages\/157\/revisions"}],"predecessor-version":[{"id":308,"href":"https:\/\/www.facet.unt.edu.ar\/lch\/wp-json\/wp\/v2\/pages\/157\/revisions\/308"}],"up":[{"embeddable":true,"href":"https:\/\/www.facet.unt.edu.ar\/lch\/wp-json\/wp\/v2\/pages\/153"}],"wp:attachment":[{"href":"https:\/\/www.facet.unt.edu.ar\/lch\/wp-json\/wp\/v2\/media?parent=157"}],"curies":[{"name":"wp","href":"https:\/\/api.w.org\/{rel}","templated":true}]}}