{"id":347,"date":"2016-06-28T20:18:12","date_gmt":"2016-06-28T23:18:12","guid":{"rendered":"https:\/\/www.facet.unt.edu.ar\/lch\/?page_id=347"},"modified":"2016-06-28T20:43:26","modified_gmt":"2016-06-28T23:43:26","slug":"taller_01","status":"publish","type":"page","link":"https:\/\/www.facet.unt.edu.ar\/lch\/extension\/taller_01\/","title":{"rendered":"Taller_01"},"content":{"rendered":"<h2 style=\"text-align: center\"><strong><em>\u201cTaller para la formulaci\u00f3n de Bases de pol\u00edticas provinciales de gesti\u00f3n integrada de sequias\u201d<\/em><\/strong><\/h2>\n<p style=\"text-align: justify\">Las sequ\u00edas son uno de los riesgos naturales m\u00e1s complejos y menos comprendidos, afectando a m\u00e1s personas que cualquier otro. Hay evidencia que el cambio clim\u00e1tico representa un factor clave en la distribuci\u00f3n espacial y temporal de las causas hidrometeorol\u00f3gicas de las sequ\u00edas.<\/p>\n<p style=\"text-align: justify\">En los \u00faltimos a\u00f1os, en Argentina ha aumentado la frecuencia de los fen\u00f3menos hidrometeorol\u00f3gicos asociados al cambio clim\u00e1tico, lo que se ve agravado por malas pr\u00e1cticas de manejo de los recursos naturales, as\u00ed como la existencia de un desarrollo din\u00e1mico que no siempre considera elementos de sostenibilidad. Esto contribuye a una mayor vulnerabilidad de las poblaciones y sus medios de vida, as\u00ed como la intensificaci\u00f3n de la escasez de agua para las ciudades y el desarrollo de las actividades productivas.<\/p>\n<p style=\"text-align: justify\">Desde que la sequ\u00eda se ha vuelto m\u00e1s frecuente, el pa\u00eds se ha vuelto m\u00e1s consciente sobre este problema y se han logrado algunos avances en su abordaje. No obstante, estos esfuerzos son insuficientes y necesitan ser revisados y mejorados.<\/p>\n<p style=\"text-align: justify\">Es crucial contar con pol\u00edticas nacionales y marcos institucionales s\u00f3lidos para afrontar estos desaf\u00edos con una visi\u00f3n preventiva de reducci\u00f3n de riegos a largo plazo. Esto incluye medidas proactivas de gesti\u00f3n de riesgos adoptadas con anticipaci\u00f3n o en las primeras etapas de la sequ\u00eda para reducir los impactos del fen\u00f3meno, planes de preparaci\u00f3n para aumentar la capacidad de enfrentar la sequ\u00eda, el establecimiento de sistemas de monitoreo y alerta temprana para contar con informaci\u00f3n oportuna para los tomadores de decisiones, as\u00ed como procedimientos eficaces de evaluaci\u00f3n de impactos y programas eficaces de respuesta de emergencia para reducir los impactos de las sequ\u00edas.<\/p>\n<p style=\"text-align: justify\"><strong>Objetivo general del taller <\/strong><\/p>\n<p style=\"text-align: justify\">Sentar las bases para desarrollar un programa piloto de GWP Sudam\u00e9rica orientado a apoyar el desarrollo de pol\u00edticas provinciales\/nacionales de gesti\u00f3n integrada de sequ\u00edas y extrapolar las lecciones aprendidas a otras regiones de Argentina y de otros pa\u00edses latinoamericanos.<\/p>\n<p style=\"text-align: justify\"><strong>\u00a0<\/strong><\/p>\n<p style=\"text-align: justify\"><strong>Audiencia<\/strong><\/p>\n<p style=\"text-align: justify\">El taller est\u00e1 dirigido solamente a participantes seleccionados, provenientes de provincias del noroeste argentino afectadas por condiciones de sequ\u00edas y que est\u00e9n en posici\u00f3n de influenciar\/incidir en la toma de decisiones para impulsar el desarrollo de planes provinciales de gesti\u00f3n integrada de sequ\u00edas.<\/p>\n<p style=\"text-align: justify\">El mismo es organizado el Consejo H\u00eddrico Federal (COHIFE), el Foro Argentino del Agua (GWP), la Direcci\u00f3n de Recursos H\u00eddricos de Tucum\u00e1n y la Universidad Nacional de Tucum\u00e1n (UNT)<\/p>\n<p style=\"text-align: justify\">Los temas a tratar ser\u00e1n, entre otros: Situaci\u00f3n general de las sequ\u00edas en Argentina y en el NOA, Experiencias de gesti\u00f3n integrada de sequ\u00edas y casos exitosos de gesti\u00f3n de sequ\u00edas a nivel de cuenca y local (infraestructura dura y verde, usos del suelo, colecta de agua de lluvias, etc), bases para el monitoreo de sequ\u00edas, evaluaci\u00f3n de da\u00f1os y sistemas de alerta temprana, elementos clave de una Pol\u00edtica de Gesti\u00f3n Integrada\u00a0 de Sequ\u00edas, entre otros. Se realizar\u00e1n mesas de debate para elaboraci\u00f3n de propuestas de acci\u00f3n.<\/p>\n<p style=\"text-align: justify\">Se realizar\u00e1 los d\u00edas Jueves 30 de Junio y 1 de Julio de 2016 en el Centro Cultural Virla.<\/p>\n","protected":false},"excerpt":{"rendered":"<p>\u201cTaller para la formulaci\u00f3n de Bases de pol\u00edticas provinciales de gesti\u00f3n integrada de sequias\u201d Las sequ\u00edas son uno de los riesgos naturales m\u00e1s complejos y menos comprendidos, afectando a m\u00e1s personas que cualquier otro. Hay evidencia que el cambio clim\u00e1tico representa un factor clave en la distribuci\u00f3n espacial y temporal de las causas hidrometeorol\u00f3gicas de [&hellip;]<\/p>\n","protected":false},"author":20,"featured_media":0,"parent":114,"menu_order":0,"comment_status":"closed","ping_status":"closed","template":"templates\/template-full-notitle.php","meta":[],"_links":{"self":[{"href":"https:\/\/www.facet.unt.edu.ar\/lch\/wp-json\/wp\/v2\/pages\/347"}],"collection":[{"href":"https:\/\/www.facet.unt.edu.ar\/lch\/wp-json\/wp\/v2\/pages"}],"about":[{"href":"https:\/\/www.facet.unt.edu.ar\/lch\/wp-json\/wp\/v2\/types\/page"}],"author":[{"embeddable":true,"href":"https:\/\/www.facet.unt.edu.ar\/lch\/wp-json\/wp\/v2\/users\/20"}],"replies":[{"embeddable":true,"href":"https:\/\/www.facet.unt.edu.ar\/lch\/wp-json\/wp\/v2\/comments?post=347"}],"version-history":[{"count":2,"href":"https:\/\/www.facet.unt.edu.ar\/lch\/wp-json\/wp\/v2\/pages\/347\/revisions"}],"predecessor-version":[{"id":363,"href":"https:\/\/www.facet.unt.edu.ar\/lch\/wp-json\/wp\/v2\/pages\/347\/revisions\/363"}],"up":[{"embeddable":true,"href":"https:\/\/www.facet.unt.edu.ar\/lch\/wp-json\/wp\/v2\/pages\/114"}],"wp:attachment":[{"href":"https:\/\/www.facet.unt.edu.ar\/lch\/wp-json\/wp\/v2\/media?parent=347"}],"curies":[{"name":"wp","href":"https:\/\/api.w.org\/{rel}","templated":true}]}}