{"id":105,"date":"2015-03-17T14:43:27","date_gmt":"2015-03-17T17:43:27","guid":{"rendered":"https:\/\/www.facet.unt.edu.ar\/lem\/?page_id=105"},"modified":"2015-03-18T03:28:15","modified_gmt":"2015-03-18T06:28:15","slug":"extension","status":"publish","type":"page","link":"https:\/\/www.facet.unt.edu.ar\/lem\/extension\/","title":{"rendered":"Extensi\u00f3n"},"content":{"rendered":"<p class=\"Estilo1\" style=\"text-align: justify\" align=\"justify\">Los ensayos de materiales, asesoramiento y consultor\u00eda son servicios que el Laboratorio presta a las instituciones, organismos y empresas del \u00e1mbito provincial, nacional e internacional en el marco de sus actividades de extensi\u00f3n.<br \/>\nLos ensayos se realizan en conformidad con las normas IRAM y comprenden los materiales que se detallan a continuaci\u00f3n.<\/p>\n<ul>\n<li><a href=\"#ACEROS\">ACEROS<\/a><\/li>\n<li><a href=\"#AGREGADOS%20FINOS\">AGREGADOS FINOS<\/a><\/li>\n<li><a href=\"#AGREGADOS%20GRUESOS\">AGREGADOS GRUESOS<\/a><\/li>\n<li><a href=\"#CEMENTOS\">CEMENTOS<\/a><\/li>\n<li><a href=\"#HORMIGONES\">HORMIGONES<\/a><\/li>\n<li><a href=\"#MADERAS\">MADERAS<\/a><\/li>\n<li><a href=\"#ELEMENTOS%20CONSTRUCTIVOS\">ELEMENTOS CONSTRUCTIVOS<\/a><\/li>\n<\/ul>\n<hr \/>\n<p><span style=\"color: #ffffff\"><a id=\"ACEROS\" style=\"color: #ffffff\"><\/a>facu<\/span><\/p>\n<table style=\"width: 800px\">\n<tbody>\n<tr>\n<td style=\"width: 800px;height: 40px;vertical-align: middle;background-color: #343538\">\n<h3 style=\"padding-left: 30px\"><span style=\"color: #ffffff\">ACEROS<\/span><\/h3>\n<\/td>\n<\/tr>\n<tr>\n<td style=\"width: 800px;height: 40px;vertical-align: middle;padding-left: 60px\">Determinaci\u00f3n de fluencia, rotura, alargamiento.<\/td>\n<\/tr>\n<tr style=\"padding-left: 60px\">\n<td style=\"width: 800px;height: 40px;vertical-align: middle;padding-left: 60px\">Determinaci\u00f3n del l\u00edmite convencional de fluencia.<\/td>\n<\/tr>\n<tr style=\"padding-left: 60px\">\n<td style=\"width: 800px;height: 40px;vertical-align: middle;padding-left: 60px\">Determinaci\u00f3n del m\u00f3dulo de elasticidad.<\/td>\n<\/tr>\n<tr style=\"padding-left: 60px\">\n<td style=\"width: 800px;height: 40px;vertical-align: middle;padding-left: 60px\">Durezas Rockwell y Brinell.<\/td>\n<\/tr>\n<tr style=\"padding-left: 60px\">\n<td style=\"width: 800px;height: 40px;vertical-align: middle;padding-left: 60px\">Plegado.<\/td>\n<\/tr>\n<tr style=\"padding-left: 60px\">\n<td style=\"width: 800px;height: 40px;vertical-align: middle;padding-left: 60px\">Probetas de hierro soldadas.<\/td>\n<\/tr>\n<\/tbody>\n<\/table>\n<p><span style=\"color: #ffffff\"><a id=\"AGREGADOS FINOS\" style=\"color: #ffffff\"><\/a>facu<\/span><\/p>\n<table style=\"width: 800px\">\n<tbody>\n<tr>\n<td style=\"width: 800px;height: 40px;vertical-align: middle;background-color: #343538\">\n<h3 style=\"padding-left: 30px\"><span style=\"color: #ffffff\">AGREGADOS FINOS<\/span><\/h3>\n<\/td>\n<\/tr>\n<tr>\n<td style=\"width: 800px;height: 40px;vertical-align: middle;padding-left: 60px\">Absorci\u00f3n.<\/td>\n<\/tr>\n<tr style=\"padding-left: 60px\">\n<td style=\"width: 800px;height: 40px;vertical-align: middle;padding-left: 60px\">An\u00e1lisis granulom\u00e9trico y m\u00f3dulo de fineza.<\/td>\n<\/tr>\n<tr style=\"padding-left: 60px\">\n<td style=\"width: 800px;height: 40px;vertical-align: middle;padding-left: 60px\">Equivalente arena.<\/td>\n<\/tr>\n<tr style=\"padding-left: 60px\">\n<td style=\"width: 800px;height: 40px;vertical-align: middle;padding-left: 60px\">Material m\u00e1s fino que tamiz #200.<\/td>\n<\/tr>\n<tr style=\"padding-left: 60px\">\n<td style=\"width: 800px;height: 40px;vertical-align: middle;padding-left: 60px\">Materia org\u00e1nica.<\/td>\n<\/tr>\n<tr style=\"padding-left: 60px\">\n<td style=\"width: 800px;height: 40px;vertical-align: middle;padding-left: 60px\">Part\u00edculas carbonosas.<\/td>\n<\/tr>\n<tr style=\"padding-left: 60px\">\n<td style=\"width: 800px;height: 40px;vertical-align: middle;padding-left: 60px\">Peso espec\u00edfico.<\/td>\n<\/tr>\n<tr style=\"padding-left: 60px\">\n<td style=\"width: 800px;height: 40px;vertical-align: middle;padding-left: 60px\">Peso unitario suelto y compactado.<\/td>\n<\/tr>\n<tr style=\"padding-left: 60px\">\n<td style=\"width: 800px;height: 40px;vertical-align: middle;padding-left: 60px\">Reacci\u00f3n \u00e1lcali \u2013 s\u00edlice.<\/td>\n<\/tr>\n<tr style=\"padding-left: 60px\">\n<td style=\"width: 800px;height: 40px;vertical-align: middle;padding-left: 60px\">Terrones de arcilla.<\/td>\n<\/tr>\n<\/tbody>\n<\/table>\n<p><span style=\"color: #ffffff\"><a id=\"AGREGADOS GRUESOS\" style=\"color: #ffffff\"><\/a>facu<\/span><\/p>\n<table style=\"width: 800px\">\n<tbody>\n<tr>\n<td style=\"width: 800px;height: 40px;vertical-align: middle;background-color: #343538\">\n<h3 style=\"padding-left: 30px\"><span style=\"color: #ffffff\">AGREGADOS GRUESOS<\/span><\/h3>\n<\/td>\n<\/tr>\n<tr>\n<td style=\"width: 800px;height: 40px;vertical-align: middle;padding-left: 60px\">Absorci\u00f3n.<\/td>\n<\/tr>\n<tr style=\"padding-left: 60px\">\n<td style=\"width: 800px;height: 40px;vertical-align: middle;padding-left: 60px\">An\u00e1lisis granulom\u00e9trico y m\u00f3dulo de fineza.<\/td>\n<\/tr>\n<tr style=\"padding-left: 60px\">\n<td style=\"width: 800px;height: 40px;vertical-align: middle;padding-left: 60px\">Durabilidad por ataque de sulfato.<\/td>\n<\/tr>\n<tr style=\"padding-left: 60px\">\n<td style=\"width: 800px;height: 40px;vertical-align: middle;padding-left: 60px\">Material m\u00e1s fino que tamiz #200.<\/td>\n<\/tr>\n<tr style=\"padding-left: 60px\">\n<td style=\"width: 800px;height: 40px;vertical-align: middle;padding-left: 60px\">Part\u00edculas blandas.<\/td>\n<\/tr>\n<tr style=\"padding-left: 60px\">\n<td style=\"width: 800px;height: 40px;vertical-align: middle;padding-left: 60px\">Part\u00edculas carbonosas.<\/td>\n<\/tr>\n<tr style=\"padding-left: 60px\">\n<td style=\"width: 800px;height: 40px;vertical-align: middle;padding-left: 60px\">Peso espec\u00edfico.<\/td>\n<\/tr>\n<tr style=\"padding-left: 60px\">\n<td style=\"width: 800px;height: 40px;vertical-align: middle;padding-left: 60px\">Peso unitario suelto y compactado.<\/td>\n<\/tr>\n<tr style=\"padding-left: 60px\">\n<td style=\"width: 800px;height: 40px;vertical-align: middle;padding-left: 60px\">Reacci\u00f3n \u00e1lcali \u2013 s\u00edlice.<\/td>\n<\/tr>\n<\/tbody>\n<\/table>\n<p><span style=\"color: #ffffff\"><a id=\"CEMENTOS\" style=\"color: #ffffff\"><\/a>facu<\/span><\/p>\n<table style=\"width: 800px\">\n<tbody>\n<tr>\n<td style=\"width: 800px;height: 40px;vertical-align: middle;background-color: #343538\">\n<h3 style=\"padding-left: 30px\"><span style=\"color: #ffffff\">CEMENTOS<\/span><\/h3>\n<\/td>\n<\/tr>\n<tr>\n<td style=\"width: 800px;height: 40px;vertical-align: middle;padding-left: 60px\">Constancia de volumen (expansi\u00f3n en autoclave).<\/td>\n<\/tr>\n<tr style=\"padding-left: 60px\">\n<td style=\"width: 800px;height: 40px;vertical-align: middle;padding-left: 60px\">Pasta de consistencia normal, tiempo de fraguado.<\/td>\n<\/tr>\n<tr style=\"padding-left: 60px\">\n<td style=\"width: 800px;height: 40px;vertical-align: middle;padding-left: 60px\">Peso espec\u00edfico.<\/td>\n<\/tr>\n<tr style=\"padding-left: 60px\">\n<td style=\"width: 800px;height: 40px;vertical-align: middle;padding-left: 60px\">Resistencia de morteros a flexi\u00f3n y compresi\u00f3n.<\/td>\n<\/tr>\n<tr style=\"padding-left: 60px\">\n<td style=\"width: 800px;height: 40px;vertical-align: middle;padding-left: 60px\">Sutileza o finura.<\/td>\n<\/tr>\n<tr style=\"padding-left: 60px\">\n<td style=\"width: 800px;height: 40px;vertical-align: middle;padding-left: 60px\">Superficie espec\u00edfica.<\/td>\n<\/tr>\n<\/tbody>\n<\/table>\n<p><a id=\"HORMIGONES\"><\/a><span style=\"color: #ffffff\">facu<\/span><\/p>\n<table style=\"width: 800px\">\n<tbody>\n<tr>\n<td style=\"width: 800px;height: 40px;vertical-align: middle;background-color: #343538\">\n<h3 style=\"padding-left: 30px\"><span style=\"color: #ffffff\">HORMIGONES<\/span><\/h3>\n<\/td>\n<\/tr>\n<tr>\n<td style=\"width: 800px;height: 40px;vertical-align: middle;padding-left: 60px\">Compresi\u00f3n de probetas de hormig\u00f3n.<\/td>\n<\/tr>\n<tr style=\"padding-left: 60px\">\n<td style=\"width: 800px;height: 40px;vertical-align: middle;padding-left: 60px\">Compresi\u00f3n de testigos de hormig\u00f3n.<\/td>\n<\/tr>\n<tr style=\"padding-left: 60px\">\n<td style=\"width: 800px;height: 40px;vertical-align: middle;padding-left: 60px\">Determinaci\u00f3n del m\u00f3dulo de elasticidad est\u00e1tico.<\/td>\n<\/tr>\n<tr style=\"padding-left: 60px\">\n<td style=\"width: 800px;height: 40px;vertical-align: middle;padding-left: 60px\">Dosificaci\u00f3n b\u00e1sica con determ. de resistencia a 7 y 28 d\u00edas.<\/td>\n<\/tr>\n<tr style=\"padding-left: 60px\">\n<td style=\"width: 800px;height: 40px;vertical-align: middle;padding-left: 60px\">Dosificaci\u00f3n te\u00f3rica. Estudios completos.<\/td>\n<\/tr>\n<tr style=\"padding-left: 60px\">\n<td style=\"width: 800px;height: 40px;vertical-align: middle;padding-left: 60px\">Tracci\u00f3n por compresi\u00f3n diametral.<\/td>\n<\/tr>\n<tr style=\"padding-left: 60px\">\n<td style=\"width: 800px;height: 40px;vertical-align: middle;padding-left: 60px\">Velocidad del pulso ultras\u00f3nico (ensayo de ultrasonido).<\/td>\n<\/tr>\n<tr style=\"padding-left: 60px\">\n<td style=\"width: 800px;height: 40px;vertical-align: middle;padding-left: 60px\">Esclerometr\u00eda (determinaci\u00f3n del n\u00famero de rebote).<\/td>\n<\/tr>\n<\/tbody>\n<\/table>\n<p><span style=\"color: #ffffff\"><a id=\"MADERAS\" style=\"color: #ffffff\"><\/a>facu<\/span><\/p>\n<table style=\"width: 800px\">\n<tbody>\n<tr>\n<td style=\"width: 800px;height: 40px;vertical-align: middle;background-color: #343538\">\n<h3 style=\"padding-left: 30px\"><span style=\"color: #ffffff\">MADERAS<\/span><\/h3>\n<\/td>\n<\/tr>\n<tr>\n<td style=\"width: 800px;height: 40px;vertical-align: middle;padding-left: 60px\">Compresi\u00f3n (sobre probetas confeccionadas).<\/td>\n<\/tr>\n<tr style=\"padding-left: 60px\">\n<td style=\"width: 800px;height: 40px;vertical-align: middle;padding-left: 60px\">Flexi\u00f3n (sobre probetas confeccionadas).<\/td>\n<\/tr>\n<tr style=\"padding-left: 60px\">\n<td style=\"width: 800px;height: 40px;vertical-align: middle;padding-left: 60px\">Tracci\u00f3n (sobre probetas confeccionadas).<\/td>\n<\/tr>\n<tr style=\"padding-left: 60px\">\n<td style=\"width: 800px;height: 40px;vertical-align: middle;padding-left: 60px\">Determinaci\u00f3n de humedad.<\/td>\n<\/tr>\n<tr style=\"padding-left: 60px\">\n<td style=\"width: 800px;height: 40px;vertical-align: middle;padding-left: 60px\">Dureza Janka.<\/td>\n<\/tr>\n<tr style=\"padding-left: 60px\">\n<td style=\"width: 800px;height: 40px;vertical-align: middle;padding-left: 60px\">Medidas tablillas parquet.<\/td>\n<\/tr>\n<\/tbody>\n<\/table>\n<p><span style=\"color: #ffffff\">\u00a0\u00a0<a id=\"ELEMENTOS CONSTRUCTIVOS\" style=\"color: #ffffff\"><\/a>facu<\/span><\/p>\n<table style=\"width: 800px\">\n<tbody>\n<tr>\n<td style=\"width: 800px;height: 40px;vertical-align: middle;background-color: #343538\">\n<h3 style=\"padding-left: 30px\"><span style=\"color: #ffffff\">ELEMENTOS CONSTRUCTIVOS<\/span><\/h3>\n<\/td>\n<\/tr>\n<tr>\n<td style=\"width: 800px;height: 40px;vertical-align: middle;padding-left: 60px\">Ca\u00f1os de hormig\u00f3n. Ensayos de Flexi\u00f3n.<\/td>\n<\/tr>\n<tr style=\"padding-left: 60px\">\n<td style=\"width: 800px;height: 40px;vertical-align: middle;padding-left: 60px\">Ladrillos ceramicos. Ensayos de Comp., Flexi\u00f3n y Absorci\u00f3n.<\/td>\n<\/tr>\n<tr style=\"padding-left: 60px\">\n<td style=\"width: 800px;height: 40px;vertical-align: middle;padding-left: 60px\">Ladrillos y bloques huecos de hormig\u00f3n. Ensayo de Comp.<\/td>\n<\/tr>\n<tr style=\"padding-left: 60px\">\n<td style=\"width: 800px;height: 40px;vertical-align: middle;padding-left: 60px\">Ladrillos refractarios.<\/td>\n<\/tr>\n<tr style=\"padding-left: 60px\">\n<td style=\"width: 800px;height: 40px;vertical-align: middle;padding-left: 60px\">Ensayo de cadenas.<\/td>\n<\/tr>\n<tr style=\"padding-left: 60px\">\n<td style=\"width: 800px;height: 40px;vertical-align: middle;padding-left: 60px\">Contraste de aro dinamom\u00e9trico.<\/td>\n<\/tr>\n<tr style=\"padding-left: 60px\">\n<td style=\"width: 800px;height: 40px;vertical-align: middle;padding-left: 60px\">Contraste de prensa hidr\u00e1ulica en laboratorio y obra.<\/td>\n<\/tr>\n<tr style=\"padding-left: 60px\">\n<td style=\"width: 800px;height: 40px;vertical-align: middle;padding-left: 60px\">Desgaste Dorry (sin preparaci\u00f3n de muestras)<\/td>\n<\/tr>\n<\/tbody>\n<\/table>\n<p>&nbsp;<\/p>\n","protected":false},"excerpt":{"rendered":"<p>Los ensayos de materiales, asesoramiento y consultor\u00eda son servicios que el Laboratorio presta a las instituciones, organismos y empresas del \u00e1mbito provincial, nacional e internacional en el marco de sus actividades de extensi\u00f3n. Los ensayos se realizan en conformidad con las normas IRAM y comprenden los materiales que se detallan a continuaci\u00f3n. ACEROS AGREGADOS FINOS [&hellip;]<\/p>\n","protected":false},"author":20,"featured_media":0,"parent":0,"menu_order":5,"comment_status":"closed","ping_status":"closed","template":"templates\/template-full.php","meta":[],"_links":{"self":[{"href":"https:\/\/www.facet.unt.edu.ar\/lem\/wp-json\/wp\/v2\/pages\/105"}],"collection":[{"href":"https:\/\/www.facet.unt.edu.ar\/lem\/wp-json\/wp\/v2\/pages"}],"about":[{"href":"https:\/\/www.facet.unt.edu.ar\/lem\/wp-json\/wp\/v2\/types\/page"}],"author":[{"embeddable":true,"href":"https:\/\/www.facet.unt.edu.ar\/lem\/wp-json\/wp\/v2\/users\/20"}],"replies":[{"embeddable":true,"href":"https:\/\/www.facet.unt.edu.ar\/lem\/wp-json\/wp\/v2\/comments?post=105"}],"version-history":[{"count":7,"href":"https:\/\/www.facet.unt.edu.ar\/lem\/wp-json\/wp\/v2\/pages\/105\/revisions"}],"predecessor-version":[{"id":273,"href":"https:\/\/www.facet.unt.edu.ar\/lem\/wp-json\/wp\/v2\/pages\/105\/revisions\/273"}],"wp:attachment":[{"href":"https:\/\/www.facet.unt.edu.ar\/lem\/wp-json\/wp\/v2\/media?parent=105"}],"curies":[{"name":"wp","href":"https:\/\/api.w.org\/{rel}","templated":true}]}}