{"id":110,"date":"2015-03-17T14:47:59","date_gmt":"2015-03-17T17:47:59","guid":{"rendered":"https:\/\/www.facet.unt.edu.ar\/lem\/?page_id=110"},"modified":"2015-03-18T00:20:50","modified_gmt":"2015-03-18T03:20:50","slug":"hormigones-autocompactantes-con-recursos-naturales-del-noa","status":"publish","type":"page","link":"https:\/\/www.facet.unt.edu.ar\/lem\/investigacion\/proyectos\/hormigones-autocompactantes-con-recursos-naturales-del-noa\/","title":{"rendered":"Hormigones autocompactantes con recursos naturales del NOA"},"content":{"rendered":"<h3>Hormigones autocompactantes con recursos naturales del NOA<\/h3>\n<p>Directora: <strong>Ing. Silvia Palazzi<\/strong><\/p>\n<p style=\"text-align: justify\">El Hormig\u00f3n Autocompactante se define como un hormig\u00f3n que tiene una fluidez significativamente alta, con gran resistencia a la segregaci\u00f3n durante su transporte y colocaci\u00f3n, que puede ser vaciado dentro de encofrados estrechos y \u00e1reas densamente armadas sin aplicar vibraci\u00f3n. Este nuevo tipo de hormig\u00f3n fue desarrollado a fines de la d\u00e9cada de los ochenta en Jap\u00f3n y ha sido usado en la pr\u00e1ctica en diferentes tipos de estructuras, especialmente en grandes obras, aprovechando las ventajas que otorga una tecnolog\u00eda que evita la pesada faena de vibraci\u00f3n en la construcci\u00f3n con hormig\u00f3n. En Argentina, la tecnolog\u00eda del Hormig\u00f3n Autocompactante, junto con los aditivos qu\u00edmicos que se emplean en este hormig\u00f3n, comenz\u00f3 a introducirse a principios del 2000. Una alta fluidez, as\u00ed como una alta viscosidad en el Hormig\u00f3n Autocompactante se obtiene con un apropiado dise\u00f1o de la mezcla y empleando un aditivo de extrema capacidad de reducci\u00f3n de agua. Las propiedades del Hormig\u00f3n Autocompactante en estado endurecido son similares o superiores a las del hormig\u00f3n tradicional que ha sido vibrado. El Hormig\u00f3n Autocompactante se aplica en obras de todo tipo, ya sea para elementos prefabricados, pisos industriales, estanques, presas, t\u00faneles, muros y losas en edificios.<br \/>\nLos objetivos generales del Proyecto son obtener hormigones autocompactantes (HAC) con los recursos naturales de la provincia de Tucum\u00e1n -agregados de la Cuenca Sal\u00ed-Dulce, adiciones minerales activas, puzolanas de Taf\u00ed del Valle y deshechos industriales de perlita expandida -, distintos cementos P\u00f3rtland y aditivos superfluidificantes y\/o modificadores de la viscosidad. Dichos hormigones deber\u00e1n satisfacer diversos requisitos de resistencia y durabilidad que depender\u00e1n de los distintos elementos estructurales y de las condiciones de exposici\u00f3n de los mismos. En particular se estudiar\u00e1n las propiedades en estado fresco y endurecido a trav\u00e9s de los ensayos propuestos en la bibliograf\u00eda con miras a elaborar recomendaciones para una futura normalizaci\u00f3n, hoy inexistente en el pa\u00eds. Adem\u00e1s se analizar\u00e1n las medidas a adoptar para un buen desempe\u00f1o frente a la reacci\u00f3n \u00e1lcalis s\u00edlice en hormigones elaborados con estos agregados delet\u00e9ricos.<\/p>\n<p style=\"text-align: justify\">El equipo de trabajo del mencionado proyecto est\u00e1 conformado por docentes-investigadores de la Facultad de Ciencias Exactas y Tecnolog\u00eda de la UNT y un integrante por la Firma Loma Negra. Los integrantes de la FACEyT son Msc. Ing. Domingo Luis Am\u00edn, Ing. Hugo Daniel Anaya, Ing. Luis Enrique Leiva y la Ing. Silvia Palazzi, mientras que, por la Firma Loma Negra, lo es el Ing. Gast\u00f3n Luis Fornasier. La direcci\u00f3n del proyecto est\u00e1 a cargo Ing. Silvia Palazzi<\/p>\n","protected":false},"excerpt":{"rendered":"<p>Hormigones autocompactantes con recursos naturales del NOA Directora: Ing. Silvia Palazzi El Hormig\u00f3n Autocompactante se define como un hormig\u00f3n que tiene una fluidez significativamente alta, con gran resistencia a la segregaci\u00f3n durante su transporte y colocaci\u00f3n, que puede ser vaciado dentro de encofrados estrechos y \u00e1reas densamente armadas sin aplicar vibraci\u00f3n. Este nuevo tipo de [&hellip;]<\/p>\n","protected":false},"author":20,"featured_media":0,"parent":213,"menu_order":0,"comment_status":"closed","ping_status":"closed","template":"templates\/template-full-notitle.php","meta":[],"_links":{"self":[{"href":"https:\/\/www.facet.unt.edu.ar\/lem\/wp-json\/wp\/v2\/pages\/110"}],"collection":[{"href":"https:\/\/www.facet.unt.edu.ar\/lem\/wp-json\/wp\/v2\/pages"}],"about":[{"href":"https:\/\/www.facet.unt.edu.ar\/lem\/wp-json\/wp\/v2\/types\/page"}],"author":[{"embeddable":true,"href":"https:\/\/www.facet.unt.edu.ar\/lem\/wp-json\/wp\/v2\/users\/20"}],"replies":[{"embeddable":true,"href":"https:\/\/www.facet.unt.edu.ar\/lem\/wp-json\/wp\/v2\/comments?post=110"}],"version-history":[{"count":1,"href":"https:\/\/www.facet.unt.edu.ar\/lem\/wp-json\/wp\/v2\/pages\/110\/revisions"}],"predecessor-version":[{"id":111,"href":"https:\/\/www.facet.unt.edu.ar\/lem\/wp-json\/wp\/v2\/pages\/110\/revisions\/111"}],"up":[{"embeddable":true,"href":"https:\/\/www.facet.unt.edu.ar\/lem\/wp-json\/wp\/v2\/pages\/213"}],"wp:attachment":[{"href":"https:\/\/www.facet.unt.edu.ar\/lem\/wp-json\/wp\/v2\/media?parent=110"}],"curies":[{"name":"wp","href":"https:\/\/api.w.org\/{rel}","templated":true}]}}