{"id":294,"date":"2015-04-20T15:47:43","date_gmt":"2015-04-20T18:47:43","guid":{"rendered":"https:\/\/www.facet.unt.edu.ar\/lem\/?page_id=294"},"modified":"2024-03-04T07:32:13","modified_gmt":"2024-03-04T10:32:13","slug":"valoracion-de-residuos-industriales-producidos-en-tucuman-como-componentes-de-materiales-de-construccion-ciunt-26-e528","status":"publish","type":"page","link":"https:\/\/www.facet.unt.edu.ar\/lem\/investigacion\/proyectos\/valoracion-de-residuos-industriales-producidos-en-tucuman-como-componentes-de-materiales-de-construccion-ciunt-26-e528\/","title":{"rendered":"Valoraci\u00f3n de residuos industriales producidos en Tucum\u00e1n como componentes de materiales de construcci\u00f3n (CIUNT 26 E528)"},"content":{"rendered":"<h3>VALORACION DE RESIDUOS INDUSTRIALES PRODUCIDOS EN TUCUMAN COMO COMPONENTES DE MATERIALES DE CONSTRUCCION (CIUNT 26\/E528)<\/h3>\n<p><em>INDUSTRIAL WASTE ASSESSMENT OF TUCUMAN AS COMPONENTS OF BUILDING MATERIALS<\/em><br \/>\n<strong>Director:<\/strong> <a title=\"PALAZZI Silvia\" href=\"https:\/\/www.facet.unt.edu.ar\/lem\/integrantes\/palazzi-silvia\/\">PALAZZI, Silvia Beatriz<\/a><\/p>\n<p><strong>Periodo de Ejecuci\u00f3n:<\/strong> Inicio 01\/01\/2014 \u2013 Finalizaci\u00f3n 31\/12\/2017<\/p>\n<p><a href=\"#GRUPO%20DE INVESTIGACI\u00d3N\">Ver Grupo de investigaci\u00f3n<\/a><\/p>\n<h4>Resumen<\/h4>\n<p style=\"text-align: justify;\">La gesti\u00f3n de residuos por ser uno de los s\u00edntomas m\u00e1s evidentes de la falta de sustentabilidad de los estilos de vida occidentales como el nuestro, se est\u00e1 convirtiendo d\u00eda a d\u00eda en el \u201cv\u00eda crucis\u201d de la humanidad, y se prev\u00e9 que con los a\u00f1os adquiera mayor importancia debido al aumento incesante de la poblaci\u00f3n mundial. Es un problema de todos, por lo que es necesaria una mayor concientizaci\u00f3n y demanda medio ambiental por parte de la sociedad actual, que invite a plantear el desarrollo de un modelo de consumo m\u00e1s sostenible. Esto implica que se minimicen las actividades extractivas de las materias primas naturales, tan degradantes para el entorno, y a la vez se d? salida a aquellos subproductos que mediante la experiencia y el desarrollo de una acci\u00f3n cient\u00edfica coherente han acreditado ser v\u00e1lidos para determinadas aplicaciones. Es el caso de la inclusi\u00f3n de residuos industriales y agroindustriales como componentes para la elaboraci\u00f3n de materiales de construcci\u00f3n. La actividad industrial en Tucum\u00e1n no escapa a esta realidad. Actualmente la f\u00e1brica de perlita expandida, ubicada en La Banda del r\u00edo Sal\u00ed, genera alrededor de 2100 Kg de residuos por d\u00eda, que deben volver a la mina de origen en Salta, y como resulta evidente ello implica un enorme gasto de combustible, pues el transporte se hace en camiones. Por su parte la industria azucarera con sus 15 ingenios, producen 15.000.000 Tn de az\u00facar por a\u00f1o, de las cuales un 30% es bagazo que se usa como combustible alternativo y es el responsable de generaci\u00f3n de la ceniza de bagazo (CBC). Actualmente la CBC se mezcla con agua y se vierte al r\u00edo Sal\u00ed. Pruebas preliminares mostraron la naturaleza puzol\u00e1nica de ambos residuos y esto motiv\u00f3 el objetivo del presente proyecto que es estudiar la forma de aprovechar esa naturaleza puzol\u00e1nica de los residuos industriales procedente de la fabricaci\u00f3n de material filtrante de perlita expandida y de la ceniza del bagazo de la ca\u00f1a de az\u00facar para lograr su inclusi\u00f3n como materiales de aplicaci\u00f3n en obras de ingenier\u00eda civil con una visi\u00f3n t\u00e9cnica y ambientalmente sostenible. El estudio prev\u00e9 la utilizaci\u00f3n de estos dos residuos, por separado, en la elaboraci\u00f3n de morteros y hormigones y como agente estabilizador de suelos. En este \u00faltimo caso se intentar\u00e1 formar un cemento romano (RPE + cal hidratada) que reemplace el uso de cemento P\u00f3rtland para estabilizar suelos en la construcci\u00f3n de caminos.<\/p>\n<h4>Abstract<\/h4>\n<p style=\"text-align: justify;\">The waste management as one of the most obvious symptoms of the lack of sustainability of Western lifestyles like ours is becoming day by day in the \u201cordeal\u201d of humanity, and it is expected that over the years become more important due to the ever-increasing world population. It is everyone&#8217;s problem, so the need for greater environmental awareness and demand by the society, raise invite the development of a more sustainable consumption pattern. This implies that minimizes the extractive of natural raw materials, as degrading to the environment, while being disposed to those products that through experience and the development of a coherent scientific action have proven to be valid for some applications. This is the case for the inclusion of industrial and agro-industrial residues as components for the manufacture of building materials. Industrial activity in Tucum\u00e1n is no exception to this reality. Currently expanded perlite factory, located in La Banda del Rio Sali, generates about 2100 kg of waste per day, which must be returned to the mine of origin in Salta, and as is evident this involves an enormous expenditure of fuel, as the Transport in trucks. Meanwhile the sugar industry with its 15 mills produce 15 million tons of sugar per year, of which 30% is bagasse which is used as an alternative fuel and is responsible for generating bagasse ash (CBC). Currently the CBC is mixed with water and poured into the river Sali. Preliminary tests showed pozzolanic nature of both waste and this motivated the objective of this project is to study how to leverage the pozzolanic nature of industrial waste from the manufacture of expanded perlite filter material and ash cane bagasse sugar to achieve inclusion and application materials in civil engineering with a technical and environmentally sustainable. The study provides for the use of these two residues, separately, in preparing mortar and concrete and soil stabilization agent. In the latter case, try to form a Roman cement (RPE + hydrated lime) to replace the use of Portland cement for soil stabilization in road construction.<\/p>\n<p>&nbsp;<\/p>\n<p style=\"text-align: justify;\"><a id=\"GRUPO DE INVESTIGACI\u00d3N\"><\/a><span style=\"color: #ffffff;\">facu<\/span><\/p>\n<table>\n<tbody>\n<tr>\n<td style=\"width: 270px; height: 40px; background-color: #343538; text-align: left; vertical-align: middle;\" colspan=\"4\">\n<h3 style=\"padding-left: 30px;\"><span style=\"color: #ffffff;\">GRUPO DE INVESTIGACI\u00d3N<\/span><\/h3>\n<\/td>\n<\/tr>\n<tr>\n<td style=\"width: 1080px; height: 20px; border-color: #ffffff; text-align: center; vertical-align: middle;\" colspan=\"4\"><\/td>\n<\/tr>\n<tr>\n<td style=\"width: 270px; height: 40px; background-color: #343538; text-align: center; vertical-align: middle;\"><span style=\"color: #ffffff;\">Apellido y Nombre<\/span><\/td>\n<td style=\"width: 270px; height: 40px; background-color: #343538; text-align: center; vertical-align: middle;\"><span style=\"color: #ffffff;\">Rol<\/span><\/td>\n<td style=\"width: 270px; height: 40px; background-color: #343538; text-align: center; vertical-align: middle;\"><span style=\"color: #ffffff;\">Horas<\/span><\/td>\n<td style=\"width: 270px; height: 40px; background-color: #343538; text-align: center; vertical-align: middle;\"><span style=\"color: #ffffff;\">Lugar de trabajo<\/span><\/td>\n<\/tr>\n<tr>\n<td style=\"width: 270px; height: 40px; text-align: left; vertical-align: middle;\"><a href=\"https:\/\/www.facet.unt.edu.ar\/lem\/integrantes\/anaya-hugo-daniel\/\">ANAYA, Hugo Daniel<\/a><\/td>\n<td style=\"width: 270px; height: 40px; vertical-align: middle; text-align: center;\">Investigador<\/td>\n<td style=\"width: 270px; height: 40px; vertical-align: middle; text-align: center;\">20<\/td>\n<td style=\"width: 270px; height: 40px; vertical-align: middle; text-align: center;\">UNT-FACET-DCyOC-LEM<\/td>\n<\/tr>\n<tr>\n<td style=\"width: 270px; height: 40px; text-align: left; vertical-align: middle;\"><a title=\"CHANTA Sebasti\u00e1n\" href=\"https:\/\/www.facet.unt.edu.ar\/dcyoc\/docentes\/chanta-sebastian\/\" target=\"_blank\" rel=\"noopener\">CHANTA, Sebasti\u00e1n<\/a><\/td>\n<td style=\"width: 270px; height: 40px; vertical-align: middle; text-align: center;\">Becario-Tesista<\/td>\n<td style=\"width: 270px; height: 40px; vertical-align: middle; text-align: center;\">10<\/td>\n<td style=\"width: 270px; height: 40px; vertical-align: middle; text-align: center;\">UNT-FACET-DCyOC-LEM<\/td>\n<\/tr>\n<tr>\n<td style=\"width: 270px; height: 40px; text-align: left; vertical-align: middle;\"><a href=\"https:\/\/www.facet.unt.edu.ar\/lem\/integrantes\/palazzi-silvia\/\">PALAZZI, Silvia Beatriz<\/a><\/td>\n<td style=\"width: 270px; height: 40px; vertical-align: middle; text-align: center;\">Titular<\/td>\n<td style=\"width: 270px; height: 40px; vertical-align: middle; text-align: center;\">20<\/td>\n<td style=\"width: 270px; height: 40px; vertical-align: middle; text-align: center;\">UNT-FACET-DCyOC-LEM<\/td>\n<\/tr>\n<tr>\n<td style=\"width: 270px; height: 40px; text-align: left; vertical-align: middle;\"><a title=\"AM\u00cdN Domingo Luis\" href=\"https:\/\/www.facet.unt.edu.ar\/lem\/integrantes\/amin-domingo-luis\/\">AM\u00cdN, Domingo Lu\u00eds<\/a><\/td>\n<td style=\"width: 270px; height: 40px; vertical-align: middle; text-align: center;\">Investigador<\/td>\n<td style=\"width: 270px; height: 40px; vertical-align: middle; text-align: center;\">20<\/td>\n<td style=\"width: 270px; height: 40px; vertical-align: middle; text-align: center;\">UNT-FACET-DCyOC-LEM<\/td>\n<\/tr>\n<tr>\n<td style=\"width: 270px; height: 40px; text-align: left; vertical-align: middle;\"><a href=\"https:\/\/www.facet.unt.edu.ar\/lem\/integrantes\/arias-cristina\/\">AR\u00cdAS, Cristina del Valle<\/a><\/td>\n<td style=\"width: 270px; height: 40px; vertical-align: middle; text-align: center;\">Investigador<\/td>\n<td style=\"width: 270px; height: 40px; vertical-align: middle; text-align: center;\">10<\/td>\n<td style=\"width: 270px; height: 40px; vertical-align: middle; text-align: center;\">UNT-FACET-DCyOC-LEM<\/td>\n<\/tr>\n<tr>\n<td style=\"width: 270px; height: 40px; text-align: left; vertical-align: middle;\"><a href=\"https:\/\/www.facet.unt.edu.ar\/lem\/integrantes\/garcia-sergio\/\">GARC\u00cdA, Sergio<\/a><\/td>\n<td style=\"width: 270px; height: 40px; vertical-align: middle; text-align: center;\">Investigador<\/td>\n<td style=\"width: 270px; height: 40px; vertical-align: middle; text-align: center;\">10<\/td>\n<td style=\"width: 270px; height: 40px; vertical-align: middle; text-align: center;\">UNT-FACET-DCyOC-LEM<\/td>\n<\/tr>\n<\/tbody>\n<\/table>\n","protected":false},"excerpt":{"rendered":"<p>VALORACION DE RESIDUOS INDUSTRIALES PRODUCIDOS EN TUCUMAN COMO COMPONENTES DE MATERIALES DE CONSTRUCCION (CIUNT 26\/E528) INDUSTRIAL WASTE ASSESSMENT OF TUCUMAN AS COMPONENTS OF BUILDING MATERIALS Director: PALAZZI, Silvia Beatriz Periodo de Ejecuci\u00f3n: Inicio 01\/01\/2014 \u2013 Finalizaci\u00f3n 31\/12\/2017 Ver Grupo de investigaci\u00f3n Resumen La gesti\u00f3n de residuos por ser uno de los s\u00edntomas m\u00e1s evidentes de [&hellip;]<\/p>\n","protected":false},"author":20,"featured_media":0,"parent":213,"menu_order":1,"comment_status":"closed","ping_status":"closed","template":"templates\/template-full-notitle.php","meta":[],"_links":{"self":[{"href":"https:\/\/www.facet.unt.edu.ar\/lem\/wp-json\/wp\/v2\/pages\/294"}],"collection":[{"href":"https:\/\/www.facet.unt.edu.ar\/lem\/wp-json\/wp\/v2\/pages"}],"about":[{"href":"https:\/\/www.facet.unt.edu.ar\/lem\/wp-json\/wp\/v2\/types\/page"}],"author":[{"embeddable":true,"href":"https:\/\/www.facet.unt.edu.ar\/lem\/wp-json\/wp\/v2\/users\/20"}],"replies":[{"embeddable":true,"href":"https:\/\/www.facet.unt.edu.ar\/lem\/wp-json\/wp\/v2\/comments?post=294"}],"version-history":[{"count":4,"href":"https:\/\/www.facet.unt.edu.ar\/lem\/wp-json\/wp\/v2\/pages\/294\/revisions"}],"predecessor-version":[{"id":311,"href":"https:\/\/www.facet.unt.edu.ar\/lem\/wp-json\/wp\/v2\/pages\/294\/revisions\/311"}],"up":[{"embeddable":true,"href":"https:\/\/www.facet.unt.edu.ar\/lem\/wp-json\/wp\/v2\/pages\/213"}],"wp:attachment":[{"href":"https:\/\/www.facet.unt.edu.ar\/lem\/wp-json\/wp\/v2\/media?parent=294"}],"curies":[{"name":"wp","href":"https:\/\/api.w.org\/{rel}","templated":true}]}}

Valoración de residuos industriales producidos en Tucumán como componentes de materiales de construcción (CIUNT 26 E528)

<h3>VALORACION DE RESIDUOS INDUSTRIALES PRODUCIDOS EN TUCUMAN COMO COMPONENTES DE MATERIALES DE CONSTRUCCION (CIUNT 26/E528)</h3>
<p><em>INDUSTRIAL WASTE ASSESSMENT OF TUCUMAN AS COMPONENTS OF BUILDING MATERIALS</em><br />
<strong>Director:</strong> <a title="PALAZZI Silvia" href="https://www.facet.unt.edu.ar/lem/integrantes/palazzi-silvia/">PALAZZI, Silvia Beatriz</a></p>
<p><strong>Periodo de Ejecución:</strong> Inicio 01/01/2014 – Finalización 31/12/2017</p>
<p><a href="#GRUPO%20DE INVESTIGACIÓN">Ver Grupo de investigación</a></p>
<h4>Resumen</h4>
<p style="text-align: justify;">La gestión de residuos por ser uno de los síntomas más evidentes de la falta de sustentabilidad de los estilos de vida occidentales como el nuestro, se está convirtiendo día a día en el “vía crucis” de la humanidad, y se prevé que con los años adquiera mayor importancia debido al aumento incesante de la población mundial. Es un problema de todos, por lo que es necesaria una mayor concientización y demanda medio ambiental por parte de la sociedad actual, que invite a plantear el desarrollo de un modelo de consumo más sostenible. Esto implica que se minimicen las actividades extractivas de las materias primas naturales, tan degradantes para el entorno, y a la vez se d? salida a aquellos subproductos que mediante la experiencia y el desarrollo de una acción científica coherente han acreditado ser válidos para determinadas aplicaciones. Es el caso de la inclusión de residuos industriales y agroindustriales como componentes para la elaboración de materiales de construcción. La actividad industrial en Tucumán no escapa a esta realidad. Actualmente la fábrica de perlita expandida, ubicada en La Banda del río Salí, genera alrededor de 2100 Kg de residuos por día, que deben volver a la mina de origen en Salta, y como resulta evidente ello implica un enorme gasto de combustible, pues el transporte se hace en camiones. Por su parte la industria azucarera con sus 15 ingenios, producen 15.000.000 Tn de azúcar por año, de las cuales un 30% es bagazo que se usa como combustible alternativo y es el responsable de generación de la ceniza de bagazo (CBC). Actualmente la CBC se mezcla con agua y se vierte al río Salí. Pruebas preliminares mostraron la naturaleza puzolánica de ambos residuos y esto motivó el objetivo del presente proyecto que es estudiar la forma de aprovechar esa naturaleza puzolánica de los residuos industriales procedente de la fabricación de material filtrante de perlita expandida y de la ceniza del bagazo de la caña de azúcar para lograr su inclusión como materiales de aplicación en obras de ingeniería civil con una visión técnica y ambientalmente sostenible. El estudio prevé la utilización de estos dos residuos, por separado, en la elaboración de morteros y hormigones y como agente estabilizador de suelos. En este último caso se intentará formar un cemento romano (RPE + cal hidratada) que reemplace el uso de cemento Pórtland para estabilizar suelos en la construcción de caminos.</p>
<h4>Abstract</h4>
<p style="text-align: justify;">The waste management as one of the most obvious symptoms of the lack of sustainability of Western lifestyles like ours is becoming day by day in the “ordeal” of humanity, and it is expected that over the years become more important due to the ever-increasing world population. It is everyone&#8217;s problem, so the need for greater environmental awareness and demand by the society, raise invite the development of a more sustainable consumption pattern. This implies that minimizes the extractive of natural raw materials, as degrading to the environment, while being disposed to those products that through experience and the development of a coherent scientific action have proven to be valid for some applications. This is the case for the inclusion of industrial and agro-industrial residues as components for the manufacture of building materials. Industrial activity in Tucumán is no exception to this reality. Currently expanded perlite factory, located in La Banda del Rio Sali, generates about 2100 kg of waste per day, which must be returned to the mine of origin in Salta, and as is evident this involves an enormous expenditure of fuel, as the Transport in trucks. Meanwhile the sugar industry with its 15 mills produce 15 million tons of sugar per year, of which 30% is bagasse which is used as an alternative fuel and is responsible for generating bagasse ash (CBC). Currently the CBC is mixed with water and poured into the river Sali. Preliminary tests showed pozzolanic nature of both waste and this motivated the objective of this project is to study how to leverage the pozzolanic nature of industrial waste from the manufacture of expanded perlite filter material and ash cane bagasse sugar to achieve inclusion and application materials in civil engineering with a technical and environmentally sustainable. The study provides for the use of these two residues, separately, in preparing mortar and concrete and soil stabilization agent. In the latter case, try to form a Roman cement (RPE + hydrated lime) to replace the use of Portland cement for soil stabilization in road construction.</p>
<p>&nbsp;</p>
<p style="text-align: justify;"><a id="GRUPO DE INVESTIGACIÓN"></a><span style="color: #ffffff;">facu</span></p>
<table>
<tbody>
<tr>
<td style="width: 270px; height: 40px; background-color: #343538; text-align: left; vertical-align: middle;" colspan="4">
<h3 style="padding-left: 30px;"><span style="color: #ffffff;">GRUPO DE INVESTIGACIÓN</span></h3>
</td>
</tr>
<tr>
<td style="width: 1080px; height: 20px; border-color: #ffffff; text-align: center; vertical-align: middle;" colspan="4"></td>
</tr>
<tr>
<td style="width: 270px; height: 40px; background-color: #343538; text-align: center; vertical-align: middle;"><span style="color: #ffffff;">Apellido y Nombre</span></td>
<td style="width: 270px; height: 40px; background-color: #343538; text-align: center; vertical-align: middle;"><span style="color: #ffffff;">Rol</span></td>
<td style="width: 270px; height: 40px; background-color: #343538; text-align: center; vertical-align: middle;"><span style="color: #ffffff;">Horas</span></td>
<td style="width: 270px; height: 40px; background-color: #343538; text-align: center; vertical-align: middle;"><span style="color: #ffffff;">Lugar de trabajo</span></td>
</tr>
<tr>
<td style="width: 270px; height: 40px; text-align: left; vertical-align: middle;"><a href="https://www.facet.unt.edu.ar/lem/integrantes/anaya-hugo-daniel/">ANAYA, Hugo Daniel</a></td>
<td style="width: 270px; height: 40px; vertical-align: middle; text-align: center;">Investigador</td>
<td style="width: 270px; height: 40px; vertical-align: middle; text-align: center;">20</td>
<td style="width: 270px; height: 40px; vertical-align: middle; text-align: center;">UNT-FACET-DCyOC-LEM</td>
</tr>
<tr>
<td style="width: 270px; height: 40px; text-align: left; vertical-align: middle;"><a title="CHANTA Sebastián" href="https://www.facet.unt.edu.ar/dcyoc/docentes/chanta-sebastian/" target="_blank" rel="noopener">CHANTA, Sebastián</a></td>
<td style="width: 270px; height: 40px; vertical-align: middle; text-align: center;">Becario-Tesista</td>
<td style="width: 270px; height: 40px; vertical-align: middle; text-align: center;">10</td>
<td style="width: 270px; height: 40px; vertical-align: middle; text-align: center;">UNT-FACET-DCyOC-LEM</td>
</tr>
<tr>
<td style="width: 270px; height: 40px; text-align: left; vertical-align: middle;"><a href="https://www.facet.unt.edu.ar/lem/integrantes/palazzi-silvia/">PALAZZI, Silvia Beatriz</a></td>
<td style="width: 270px; height: 40px; vertical-align: middle; text-align: center;">Titular</td>
<td style="width: 270px; height: 40px; vertical-align: middle; text-align: center;">20</td>
<td style="width: 270px; height: 40px; vertical-align: middle; text-align: center;">UNT-FACET-DCyOC-LEM</td>
</tr>
<tr>
<td style="width: 270px; height: 40px; text-align: left; vertical-align: middle;"><a title="AMÍN Domingo Luis" href="https://www.facet.unt.edu.ar/lem/integrantes/amin-domingo-luis/">AMÍN, Domingo Luís</a></td>
<td style="width: 270px; height: 40px; vertical-align: middle; text-align: center;">Investigador</td>
<td style="width: 270px; height: 40px; vertical-align: middle; text-align: center;">20</td>
<td style="width: 270px; height: 40px; vertical-align: middle; text-align: center;">UNT-FACET-DCyOC-LEM</td>
</tr>
<tr>
<td style="width: 270px; height: 40px; text-align: left; vertical-align: middle;"><a href="https://www.facet.unt.edu.ar/lem/integrantes/arias-cristina/">ARÍAS, Cristina del Valle</a></td>
<td style="width: 270px; height: 40px; vertical-align: middle; text-align: center;">Investigador</td>
<td style="width: 270px; height: 40px; vertical-align: middle; text-align: center;">10</td>
<td style="width: 270px; height: 40px; vertical-align: middle; text-align: center;">UNT-FACET-DCyOC-LEM</td>
</tr>
<tr>
<td style="width: 270px; height: 40px; text-align: left; vertical-align: middle;"><a href="https://www.facet.unt.edu.ar/lem/integrantes/garcia-sergio/">GARCÍA, Sergio</a></td>
<td style="width: 270px; height: 40px; vertical-align: middle; text-align: center;">Investigador</td>
<td style="width: 270px; height: 40px; vertical-align: middle; text-align: center;">10</td>
<td style="width: 270px; height: 40px; vertical-align: middle; text-align: center;">UNT-FACET-DCyOC-LEM</td>
</tr>
</tbody>
</table>

<p>VALORACION DE RESIDUOS INDUSTRIALES PRODUCIDOS EN TUCUMAN COMO COMPONENTES DE MATERIALES DE CONSTRUCCION (CIUNT 26/E528) INDUSTRIAL WASTE ASSESSMENT OF TUCUMAN AS COMPONENTS OF BUILDING MATERIALS Director: PALAZZI, Silvia Beatriz Periodo de Ejecución: Inicio 01/01/2014 – Finalización 31/12/2017 Ver Grupo de investigación Resumen La gestión de residuos por ser uno de los síntomas más evidentes de [&hellip;]</p>
