{"id":87,"date":"2015-03-17T14:22:36","date_gmt":"2015-03-17T17:22:36","guid":{"rendered":"https:\/\/www.facet.unt.edu.ar\/lem\/?page_id=87"},"modified":"2015-04-20T15:53:50","modified_gmt":"2015-04-20T18:53:50","slug":"integrantes","status":"publish","type":"page","link":"https:\/\/www.facet.unt.edu.ar\/lem\/integrantes\/","title":{"rendered":"Integrantes"},"content":{"rendered":"<p>Los Docentes-Investigadores del L.E.M., comprometidos con la calidad acad\u00e9mica de la instituci\u00f3n desarrollan diversas actividades de gesti\u00f3n:<\/p>\n<ul>\n<li>La coordinaci\u00f3n de los proyectos finales de los alumnos de la Carrera de Ingenier\u00eda Civil.<\/li>\n<li>Las actualizaciones del plan de estudio de la Carrera.<\/li>\n<li>Las acreditaciones de la Carrera ante la CONEAU.<\/li>\n<li>La organizaci\u00f3n y coordinaci\u00f3n de cursos de grado y postgrado.<\/li>\n<li>La direcci\u00f3n acad\u00e9mica de la Carrera y sus comisiones.<\/li>\n<li>El Consejo Acad\u00e9mico de la Facultad<\/li>\n<\/ul>\n<hr \/>\n<p>&nbsp;<\/p>\n<table style=\"width: 900px\">\n<tbody>\n<tr>\n<td style=\"width: 900px;background-color: #343538\" colspan=\"3\">\n<h3><span style=\"color: #ffffff\">INTEGRANTES DEL LABORATORIO<\/span><\/h3>\n<\/td>\n<\/tr>\n<tr>\n<td style=\"width: 300px;border-color: #ffffff;vertical-align: middle\" colspan=\"3\"><span style=\"color: #ffffff\">\u00a00\u00a0\u00a0<\/span><\/td>\n<\/tr>\n<tr>\n<td style=\"width: 300px;vertical-align: middle;text-align: center;background-color: #343538\"><span style=\"color: #ffffff\">Docentes &#8211; Investigadores<\/span><\/td>\n<td style=\"width: 300px;vertical-align: middle;text-align: center;background-color: #343538\"><span style=\"color: #ffffff\">Cargos<\/span><\/td>\n<td style=\"width: 300px;vertical-align: middle;text-align: center;background-color: #343538\"><span style=\"color: #ffffff\">Correos<\/span><\/td>\n<\/tr>\n<tr>\n<td style=\"width: 300px;vertical-align: middle\"><a title=\"PALAZZI Silvia\" href=\"https:\/\/www.facet.unt.edu.ar\/lem\/integrantes\/palazzi-silvia\/\">PALAZZI, Silvia Beatriz<\/a> (Mg. Ing.)<\/td>\n<td style=\"width: 300px;vertical-align: middle;text-align: center\">Profesora Titular<\/td>\n<td style=\"width: 300px;vertical-align: middle\">spalazzi@herrera.unt.edu.ar<\/td>\n<\/tr>\n<tr>\n<td style=\"width: 300px;vertical-align: middle\"><a title=\"AM\u00cdN Domingo Luis\" href=\"https:\/\/www.facet.unt.edu.ar\/lem\/integrantes\/amin-domingo-luis\/\">AM\u00cdN, Domingo Lu\u00eds<\/a> (Mg. Ing.)<\/td>\n<td style=\"width: 300px;vertical-align: middle;text-align: center\">Profesor Asociado<\/td>\n<td style=\"width: 300px;vertical-align: middle\">damin@herrera.unt.edu.ar<\/td>\n<\/tr>\n<tr>\n<td style=\"width: 300px;vertical-align: middle\"><a title=\"ANAYA Hugo Daniel\" href=\"https:\/\/www.facet.unt.edu.ar\/lem\/integrantes\/anaya-hugo-daniel\/\">ANAYA, Hugo Daniel<\/a> (Mg. Ing.)<\/td>\n<td style=\"width: 300px;vertical-align: middle;text-align: center\">Profesor Adjunto<\/td>\n<td style=\"width: 300px;vertical-align: middle\">danaya@herrera.unt.edu.ar<\/td>\n<\/tr>\n<tr>\n<td style=\"width: 300px;vertical-align: middle\"><a title=\"LEIVA Lu\u00eds\" href=\"https:\/\/www.facet.unt.edu.ar\/lem\/integrantes\/leiva-luis\/\">LEIVA, Lu\u00eds Enrique<\/a> (Ing.)<\/td>\n<td style=\"width: 300px;vertical-align: middle;text-align: center\">Profesor Adjunto<\/td>\n<td style=\"width: 300px;vertical-align: middle\">luisleiva@arnet.com.ar<\/td>\n<\/tr>\n<tr>\n<td style=\"width: 300px;vertical-align: middle\"><a title=\"GARC\u00cdA Sergio\" href=\"https:\/\/www.facet.unt.edu.ar\/lem\/integrantes\/garcia-sergio\/\">GARC\u00cdA, Sergio<\/a> (Mg. Ing.)<\/td>\n<td style=\"width: 300px;vertical-align: middle;text-align: center\">Auxiliar Docente Graduado<\/td>\n<td style=\"width: 300px;vertical-align: middle\">ing_smgarcia@yahoo.com.ar<\/td>\n<\/tr>\n<tr>\n<td style=\"width: 300px;vertical-align: middle\"><a title=\"ARIAS Cristina\" href=\"https:\/\/www.facet.unt.edu.ar\/lem\/integrantes\/arias-cristina\/\">AR\u00cdAS, Cristina del Valle<\/a> (Ing.)<\/td>\n<td style=\"width: 300px;vertical-align: middle;text-align: center\">Auxiliar Docente Graduado<\/td>\n<td style=\"width: 300px;vertical-align: middle\">@herrera.unt.edu.ar<\/td>\n<\/tr>\n<tr>\n<td style=\"width: 300px;vertical-align: middle\"><a title=\"ISAS PEDRAZA Rodrigo\" href=\"https:\/\/www.facet.unt.edu.ar\/lem\/integrantes\/isas-pedraza-rodrigo\/\">ISAS PEDRAZA, Daniel Rodrigo<\/a> (Ing.)<\/td>\n<td style=\"width: 300px;vertical-align: middle;text-align: center\">Auxiliar Docente Graduado<\/td>\n<td style=\"width: 300px;vertical-align: middle\">disaspedraza@herrera.unt.edu.ar<\/td>\n<\/tr>\n<tr>\n<td style=\"width: 300px;vertical-align: middle\">GONZ\u00c1LEZ BILL\u00d3N, Ana Gabriela<\/td>\n<td style=\"width: 300px;vertical-align: middle;text-align: center\">Auxiliar Estudiantil<\/td>\n<td style=\"width: 300px;vertical-align: middle;text-align: center\">\u00a0&#8211;<\/td>\n<\/tr>\n<tr>\n<td style=\"width: 300px;vertical-align: middle\">MOLINA AILAN, Santiago<\/td>\n<td style=\"width: 300px;vertical-align: middle;text-align: center\">Auxiliar Estudiantil<\/td>\n<td style=\"width: 300px;vertical-align: middle;text-align: center\">&#8211;<\/td>\n<\/tr>\n<tr>\n<td style=\"width: 300px;border-color: #ffffff;vertical-align: middle\" colspan=\"3\"><\/td>\n<\/tr>\n<tr>\n<td style=\"width: 300px;vertical-align: middle;text-align: center;background-color: #343538\"><span style=\"color: #ffffff\">Personal T\u00e9cnico y Administrativo<\/span><\/td>\n<td style=\"width: 300px;vertical-align: middle;text-align: center;background-color: #343538\"><span style=\"color: #ffffff\">Cargos<\/span><\/td>\n<td style=\"width: 300px;vertical-align: middle;text-align: center;background-color: #343538\"><span style=\"color: #ffffff\">\u00a0<\/span><\/td>\n<\/tr>\n<tr>\n<td style=\"width: 300px;vertical-align: middle\">Jorge Alberto \u00c1vila<\/td>\n<td style=\"width: 300px;vertical-align: middle;text-align: center\">T\u00e9cnico<\/td>\n<td style=\"width: 300px;vertical-align: middle;text-align: center\">\u00a0&#8211;<\/td>\n<\/tr>\n<tr>\n<td style=\"width: 300px;vertical-align: middle\">Ana Cristina Mart\u00ednez<\/td>\n<td style=\"width: 300px;vertical-align: middle;text-align: center\">\u00a0Secretaria<\/td>\n<td style=\"width: 300px;vertical-align: middle;text-align: center\">\u00a0&#8211;<\/td>\n<\/tr>\n<tr>\n<td style=\"width: 300px;vertical-align: middle\">Juan Carlos Serrizuela<\/td>\n<td style=\"width: 300px;vertical-align: middle;text-align: center\">Maestranza<\/td>\n<td style=\"width: 300px;vertical-align: middle;text-align: center\">\u00a0&#8211;<\/td>\n<\/tr>\n<\/tbody>\n<\/table>\n<p>&nbsp;<\/p>\n<table style=\"width: 900px\">\n<tbody>\n<tr>\n<td style=\"width: 900px;vertical-align: middle;background-color: #343538\" colspan=\"3\">\n<h3><span style=\"color: #ffffff\">INTEGRANTES DEL CENTRO DE MADERAS<\/span><\/h3>\n<\/td>\n<\/tr>\n<tr>\n<td style=\"width: 300px;border-color: #ffffff;vertical-align: middle\" colspan=\"3\"><span style=\"color: #ffffff\">\u00a00\u00a0\u00a0<\/span><\/td>\n<\/tr>\n<tr>\n<td style=\"width: 300px;vertical-align: middle;text-align: center;background-color: #343538\"><span style=\"color: #ffffff\">Docentes-Investigadores<\/span><\/td>\n<td style=\"width: 300px;vertical-align: middle;text-align: center;background-color: #343538\"><span style=\"color: #ffffff\">Cargos<\/span><\/td>\n<td style=\"width: 300px;vertical-align: middle;text-align: center;background-color: #343538\"><span style=\"color: #ffffff\">Correos<\/span><\/td>\n<\/tr>\n<tr>\n<td style=\"width: 300px;vertical-align: middle\"><a title=\"AM\u00cdN Domingo Luis\" href=\"https:\/\/www.facet.unt.edu.ar\/lem\/integrantes\/amin-domingo-luis\/\">AM\u00cdN, Domingo Lu\u00eds<\/a> (Mg. Ing.)<\/td>\n<td style=\"width: 300px;vertical-align: middle;text-align: center\">Profesor Asociado<\/td>\n<td style=\"width: 300px;vertical-align: middle\">damin@herrera.unt.edu.ar<\/td>\n<\/tr>\n<tr>\n<td style=\"width: 300px;vertical-align: middle\"><a title=\"ANAYA Hugo Daniel\" href=\"https:\/\/www.facet.unt.edu.ar\/lem\/integrantes\/anaya-hugo-daniel\/\">ANAYA, Hugo Daniel<\/a> (Mg. Ing.)<\/td>\n<td style=\"width: 300px;vertical-align: middle;text-align: center\">Profesor Adjunto<\/td>\n<td style=\"width: 300px;vertical-align: middle\">danaya@herrera.unt.edu.ar<\/td>\n<\/tr>\n<tr>\n<td style=\"width: 300px;vertical-align: middle\">OMILL, Nora (Arq.)<\/td>\n<td style=\"width: 300px;vertical-align: middle;text-align: center\">Profesora Asociada<\/td>\n<td style=\"width: 300px;vertical-align: middle\">noraomill@arnet.com.ar<\/td>\n<\/tr>\n<tr>\n<td style=\"width: 300px;vertical-align: middle\"><a title=\"PALAZZI Silvia\" href=\"https:\/\/www.facet.unt.edu.ar\/lem\/integrantes\/palazzi-silvia\/\">PALAZZI, Silvia Beatriz<\/a> (Mg. Ing.)<\/td>\n<td style=\"width: 300px;vertical-align: middle;text-align: center\">Profesora Titular<\/td>\n<td style=\"width: 300px;vertical-align: middle\">spalazzi@herrera.unt.edu.ar<\/td>\n<\/tr>\n<tr>\n<td style=\"width: 300px;vertical-align: middle\">PLASENCIA, Marcela (Arq.)<\/td>\n<td style=\"width: 300px;vertical-align: middle;text-align: center\">Jefa de Trabajos Pr\u00e1cticos<\/td>\n<td style=\"width: 300px;vertical-align: middle\">mplasencia@herrera.unt.edu.ar<\/td>\n<\/tr>\n<tr>\n<td style=\"width: 300px;vertical-align: middle\">TOPPA, Luc\u00eda (MSc. Arq.)<\/td>\n<td style=\"width: 300px;vertical-align: middle;text-align: center\">Profesora Asociada<\/td>\n<td style=\"width: 300px;vertical-align: middle\">luciatoppa@gmail.com.ar<\/td>\n<\/tr>\n<\/tbody>\n<\/table>\n<p>* Docentes investigadores de la Fac. de Arquitectura y Urbanismo de la UNT.<\/p>\n","protected":false},"excerpt":{"rendered":"<p>Los Docentes-Investigadores del L.E.M., comprometidos con la calidad acad\u00e9mica de la instituci\u00f3n desarrollan diversas actividades de gesti\u00f3n: La coordinaci\u00f3n de los proyectos finales de los alumnos de la Carrera de Ingenier\u00eda Civil. Las actualizaciones del plan de estudio de la Carrera. Las acreditaciones de la Carrera ante la CONEAU. La organizaci\u00f3n y coordinaci\u00f3n de cursos [&hellip;]<\/p>\n","protected":false},"author":20,"featured_media":0,"parent":0,"menu_order":2,"comment_status":"closed","ping_status":"closed","template":"templates\/template-full-notitle.php","meta":[],"_links":{"self":[{"href":"https:\/\/www.facet.unt.edu.ar\/lem\/wp-json\/wp\/v2\/pages\/87"}],"collection":[{"href":"https:\/\/www.facet.unt.edu.ar\/lem\/wp-json\/wp\/v2\/pages"}],"about":[{"href":"https:\/\/www.facet.unt.edu.ar\/lem\/wp-json\/wp\/v2\/types\/page"}],"author":[{"embeddable":true,"href":"https:\/\/www.facet.unt.edu.ar\/lem\/wp-json\/wp\/v2\/users\/20"}],"replies":[{"embeddable":true,"href":"https:\/\/www.facet.unt.edu.ar\/lem\/wp-json\/wp\/v2\/comments?post=87"}],"version-history":[{"count":9,"href":"https:\/\/www.facet.unt.edu.ar\/lem\/wp-json\/wp\/v2\/pages\/87\/revisions"}],"predecessor-version":[{"id":298,"href":"https:\/\/www.facet.unt.edu.ar\/lem\/wp-json\/wp\/v2\/pages\/87\/revisions\/298"}],"wp:attachment":[{"href":"https:\/\/www.facet.unt.edu.ar\/lem\/wp-json\/wp\/v2\/media?parent=87"}],"curies":[{"name":"wp","href":"https:\/\/api.w.org\/{rel}","templated":true}]}}