{"id":89,"date":"2015-03-17T14:24:03","date_gmt":"2015-03-17T17:24:03","guid":{"rendered":"https:\/\/www.facet.unt.edu.ar\/lem\/?page_id=89"},"modified":"2015-03-17T14:24:03","modified_gmt":"2015-03-17T17:24:03","slug":"institucional","status":"publish","type":"page","link":"https:\/\/www.facet.unt.edu.ar\/lem\/institucional\/","title":{"rendered":"Institucional"},"content":{"rendered":"<p style=\"text-align: justify\">El <strong>Laboratorio de Ensayo de Materiales (LEM)<\/strong> integra el Departamento de Construcciones y Obras Civiles de la Facultad de Ciencias Exactas y Tecnolog\u00eda, dependiente de la Universidad Nacional de Tucum\u00e1n. Las actividades del Laboratorio se desenvuelven en el \u00e1mbito de la Ciencia y Tecnolog\u00eda de los Materiales, cumpliendo funciones en la docencia, investigaci\u00f3n y transferencia universitarias y prestando importantes servicios a la comunidad. El plantel que integra el personal del Laboratorio est\u00e1 conformado por un grupo de ingenieros experimentados que recibe apoyo de personal t\u00e9cnico y administrativo calificado.<\/p>\n<p style=\"text-align: justify\">Respecto a sus funciones docentes, el Laboratorio dicta dos asignaturas pertenecientes a las Carreras de Ingenier\u00eda Civil e Ingenier\u00eda Mec\u00e1nica respectivamente.<br \/>\nLleva adelante adem\u00e1s programas y proyectos de investigaci\u00f3n principalmente relacionados con materiales de construcci\u00f3n como el hormig\u00f3n, la madera y el acero. La planificaci\u00f3n y desarrollo de estos trabajos permite la formaci\u00f3n de recursos humanos para la investigaci\u00f3n cient\u00edfica y tecnol\u00f3gica y la concreci\u00f3n de los desarrollos tecnol\u00f3gicos.<br \/>\nLos servicios ofrecidos comprenden la consultor\u00eda y la realizaci\u00f3n de una amplia variedad de ensayos de laboratorio que se ejecutan de acuerdo a Normas, satisfaciendo las necesidades de los profesionales e instituciones p\u00fablicas y privadas del medio.<br \/>\nDentro del Laboratorio se ha constituido el <strong>Centro de Tecnolog\u00eda y Construcci\u00f3n con Madera (CT&amp;CM),<\/strong> formado por algunos de los miembros del LEM y arquitectos docentes-investigadores pertenecientes a la Facultad de Arquitectura y Urbanismo de la UNT.<\/p>\n<p style=\"text-align: justify\">Por otra parte el Laboratorio mantiene convenios de cooperaci\u00f3n con importantes instituciones, como el Laboratorio de Entrenamiento Multidisciplinario para la Investigaci\u00f3n Tecnol\u00f3gica (LEMIT), Loma Negra C.I.A.S.A., Vialidad de la Provincia de Tucum\u00e1n y la Sociedad Aguas del Tucum\u00e1n (SAT).<\/p>\n","protected":false},"excerpt":{"rendered":"<p>El Laboratorio de Ensayo de Materiales (LEM) integra el Departamento de Construcciones y Obras Civiles de la Facultad de Ciencias Exactas y Tecnolog\u00eda, dependiente de la Universidad Nacional de Tucum\u00e1n. Las actividades del Laboratorio se desenvuelven en el \u00e1mbito de la Ciencia y Tecnolog\u00eda de los Materiales, cumpliendo funciones en la docencia, investigaci\u00f3n y transferencia [&hellip;]<\/p>\n","protected":false},"author":20,"featured_media":0,"parent":0,"menu_order":1,"comment_status":"closed","ping_status":"closed","template":"templates\/template-full.php","meta":[],"_links":{"self":[{"href":"https:\/\/www.facet.unt.edu.ar\/lem\/wp-json\/wp\/v2\/pages\/89"}],"collection":[{"href":"https:\/\/www.facet.unt.edu.ar\/lem\/wp-json\/wp\/v2\/pages"}],"about":[{"href":"https:\/\/www.facet.unt.edu.ar\/lem\/wp-json\/wp\/v2\/types\/page"}],"author":[{"embeddable":true,"href":"https:\/\/www.facet.unt.edu.ar\/lem\/wp-json\/wp\/v2\/users\/20"}],"replies":[{"embeddable":true,"href":"https:\/\/www.facet.unt.edu.ar\/lem\/wp-json\/wp\/v2\/comments?post=89"}],"version-history":[{"count":1,"href":"https:\/\/www.facet.unt.edu.ar\/lem\/wp-json\/wp\/v2\/pages\/89\/revisions"}],"predecessor-version":[{"id":90,"href":"https:\/\/www.facet.unt.edu.ar\/lem\/wp-json\/wp\/v2\/pages\/89\/revisions\/90"}],"wp:attachment":[{"href":"https:\/\/www.facet.unt.edu.ar\/lem\/wp-json\/wp\/v2\/media?parent=89"}],"curies":[{"name":"wp","href":"https:\/\/api.w.org\/{rel}","templated":true}]}}