{"id":115,"date":"2025-04-07T22:39:03","date_gmt":"2025-04-08T01:39:03","guid":{"rendered":"https:\/\/www.facet.unt.edu.ar\/licenciaturamatematica\/?page_id=115"},"modified":"2025-04-15T14:27:35","modified_gmt":"2025-04-15T17:27:35","slug":"ciclo-de-seminarios-para-alumnos","status":"publish","type":"page","link":"https:\/\/www.facet.unt.edu.ar\/licenciaturamatematica\/ciclo-de-seminarios-para-alumnos\/","title":{"rendered":"Ciclo de Seminarios para Alumnos"},"content":{"rendered":"<div id=\"pl-115\"  class=\"panel-layout\" ><div id=\"pg-115-0\"  class=\"panel-grid panel-no-style\" ><div id=\"pgc-115-0-0\"  class=\"panel-grid-cell\" ><div id=\"panel-115-0-0-0\" class=\"so-panel widget widget_text panel-first-child\" data-index=\"0\" >\t\t\t<div class=\"textwidget\"><p>La pro\u00adpues\u00adta del Ciclo es pro\u00admo\u00adver la ac\u00adti\u00advi\u00addad aca\u00add\u00e9\u00admi\u00adca de in\u00adter\u00adcam\u00adbio de sa\u00adbe\u00adres entre los alum\u00adnos, es\u00adta\u00adble\u00adcer un \u00e1m\u00adbi\u00adto de en\u00adcuen\u00adtro entre los alum\u00adnos y de los alum\u00adnos con los gra\u00addua\u00addos, fa\u00admi\u00adlia\u00adri\u00adzan\u00addo a los fu\u00adtu\u00adros li\u00adcen\u00adcia\u00addos con esta me\u00adto\u00addo\u00adlo\u00adg\u00eda que brin\u00adda re\u00adci\u00adpro\u00adci\u00addad entre el que ex\u00adpo\u00adne y el que es\u00adcu\u00adcha.<\/p>\n<p>Entre los temas a desa\u00adrro\u00adllar a cargo de los alum\u00adnos po\u00adde\u00admos des\u00adta\u00adcar: ex\u00adpo\u00adner el desa\u00adrro\u00adllo lo\u00adgra\u00addo en su te\u00adsi\u00adna pre\u00advio a su de\u00adfen\u00adsa, com\u00adpar\u00adtir ex\u00adpe\u00adrien\u00adcias en la par\u00adti\u00adci\u00adpa\u00adci\u00f3n de even\u00adtos, co\u00admen\u00adtar los co\u00adno\u00adci\u00admien\u00adtos ad\u00adqui\u00adri\u00addos en ma\u00adte\u00adrias op\u00adta\u00adti\u00advas a fin de orien\u00adtar a los fu\u00adtu\u00adros alum\u00adnos de las mis\u00admas, in\u00advi\u00adtar es\u00adtu\u00addian\u00adtes de otras ca\u00adrre\u00adras para que mues\u00adtren las apli\u00adca\u00adcio\u00adnes de los temas de ma\u00adte\u00adm\u00e1\u00adti\u00adca.<\/p>\n<p>Actualmente se encuentra a cargo de la actividad M.Sc. Isabel Giannini, para m\u00e1s informaci\u00f3n sobre como participar comunicarse v\u00eda mail a igiannini@herrera.unt.edu.ar<\/p>\n<p>Esta actividad fue declarada de inter\u00e9s acad\u00e9mico por la facultad. <a href=\"https:\/\/www.facet.unt.edu.ar\/licenciaturamatematica\/wp-content\/uploads\/sites\/88\/2025\/04\/2018_Res_0868_18-Interes-Academico-para-Seminarios.pdf\" target=\"_blank\" rel=\"noopener\">Resoluci\u00f3n 0868\/18<\/a><\/p>\n<\/div>\n\t\t<\/div><div id=\"panel-115-0-0-1\" class=\"so-panel widget widget_sow-button\" data-index=\"1\" ><div\n\t\t\t\n\t\t\tclass=\"so-widget-sow-button so-widget-sow-button-flat-eaa51a902caf-115\"\n\t\t\t\n\t\t><div class=\"ow-button-base ow-button-align-center\">\n\t<a href=\"https:\/\/www.facet.unt.edu.ar\/licenciaturamatematica\/seminarios-2025\/\" class=\"ow-icon-placement-left ow-button-hover\" target=\"_blank\" rel=\"noopener noreferrer\" \t\t>\n\t\t<span>\n\t\t\t\n\t\t\tSeminarios 2025\t\t<\/span>\n\t<\/a>\n<\/div>\n<\/div><\/div><div id=\"panel-115-0-0-2\" class=\"so-panel widget widget_sow-button panel-last-child\" data-index=\"2\" ><div\n\t\t\t\n\t\t\tclass=\"so-widget-sow-button so-widget-sow-button-flat-eaa51a902caf-115\"\n\t\t\t\n\t\t><div class=\"ow-button-base ow-button-align-center\">\n\t<a href=\"https:\/\/www.facet.unt.edu.ar\/licenciaturamatematica\/ciclos-de-seminarios-anteriores\/\" class=\"ow-icon-placement-left ow-button-hover\" target=\"_blank\" rel=\"noopener noreferrer\" \t\t>\n\t\t<span>\n\t\t\t\n\t\t\tCiclos anteriores\t\t<\/span>\n\t<\/a>\n<\/div>\n<\/div><\/div><\/div><\/div><\/div>","protected":false},"excerpt":{"rendered":"<p>La pro\u00adpues\u00adta del Ciclo es pro\u00admo\u00adver la ac\u00adti\u00advi\u00addad aca\u00add\u00e9\u00admi\u00adca de in\u00adter\u00adcam\u00adbio de sa\u00adbe\u00adres entre los alum\u00adnos, es\u00adta\u00adble\u00adcer un \u00e1m\u00adbi\u00adto de en\u00adcuen\u00adtro entre los alum\u00adnos y de los alum\u00adnos con los gra\u00addua\u00addos, fa\u00admi\u00adlia\u00adri\u00adzan\u00addo a los fu\u00adtu\u00adros li\u00adcen\u00adcia\u00addos con esta me\u00adto\u00addo\u00adlo\u00adg\u00eda que brin\u00adda re\u00adci\u00adpro\u00adci\u00addad entre el que ex\u00adpo\u00adne y el que es\u00adcu\u00adcha. Entre los temas a desa\u00adrro\u00adllar [&hellip;]<\/p>\n","protected":false},"author":123496,"featured_media":0,"parent":0,"menu_order":0,"comment_status":"closed","ping_status":"closed","template":"","meta":[],"_links":{"self":[{"href":"https:\/\/www.facet.unt.edu.ar\/licenciaturamatematica\/wp-json\/wp\/v2\/pages\/115"}],"collection":[{"href":"https:\/\/www.facet.unt.edu.ar\/licenciaturamatematica\/wp-json\/wp\/v2\/pages"}],"about":[{"href":"https:\/\/www.facet.unt.edu.ar\/licenciaturamatematica\/wp-json\/wp\/v2\/types\/page"}],"author":[{"embeddable":true,"href":"https:\/\/www.facet.unt.edu.ar\/licenciaturamatematica\/wp-json\/wp\/v2\/users\/123496"}],"replies":[{"embeddable":true,"href":"https:\/\/www.facet.unt.edu.ar\/licenciaturamatematica\/wp-json\/wp\/v2\/comments?post=115"}],"version-history":[{"count":9,"href":"https:\/\/www.facet.unt.edu.ar\/licenciaturamatematica\/wp-json\/wp\/v2\/pages\/115\/revisions"}],"predecessor-version":[{"id":454,"href":"https:\/\/www.facet.unt.edu.ar\/licenciaturamatematica\/wp-json\/wp\/v2\/pages\/115\/revisions\/454"}],"wp:attachment":[{"href":"https:\/\/www.facet.unt.edu.ar\/licenciaturamatematica\/wp-json\/wp\/v2\/media?parent=115"}],"curies":[{"name":"wp","href":"https:\/\/api.w.org\/{rel}","templated":true}]}}