{"id":153,"date":"2023-04-09T06:31:15","date_gmt":"2023-04-09T09:31:15","guid":{"rendered":"https:\/\/www.facet.unt.edu.ar\/licenciaturamatematica\/?page_id=153"},"modified":"2023-05-19T09:59:13","modified_gmt":"2023-05-19T12:59:13","slug":"asignaturas-optativas","status":"publish","type":"page","link":"https:\/\/www.facet.unt.edu.ar\/licenciaturamatematica\/asignaturas-optativas\/","title":{"rendered":"Asignaturas Optativas"},"content":{"rendered":"<p>15_T81) ALGEBRA LINEAL APLICADA Y MANEJO DE DATOS<\/p>\n<p>(15_T96) ALGEBRA LINEAL AVANZADA<\/p>\n<p>(15_T95) ALGEBRA TENSORIAL<\/p>\n<p>(15_TTL) \u00c1LGEBRA TENSORIAL, CON USO DE LA COMPUTADORA<\/p>\n<p>(15_ALG) <a href=\"https:\/\/drive.google.com\/file\/d\/1-_F4C6L-qLAEoKAkrTloZLrKEBnISebP\/view?usp=share_link\" target=\"_blank\" rel=\"noopener\">ALGORITMIA<\/a>\u00a0 \u00a0Profesora: Mg. Lic.\u00a0Griselda\u00a0Mar\u00eda\u00a0Luccioni<\/p>\n<p>(15_T61) ALGORITMOS Y ESTRUCTURA DE DATOS<\/p>\n<p>(15_TT8) C\u00c1LCULO V<\/p>\n<p>(15_T60) COMPUTACI\u00d3N II<\/p>\n<p>(15_LES) ESTAD\u00cdSTICA<\/p>\n<p>(15_T64) ESTADISTICA APLICADA<\/p>\n<p>(15_TEM) ESTAD\u00cdSTICA MATEM\u00c1TICA<\/p>\n<p>(15_T65) ESTRUCTURAS ALGEBRAICAS<\/p>\n<p>(15_TIE) INFERENCIA ESTAD\u00cdSTICA<\/p>\n<p>(15_TPA) INFERENCIA ESTAD\u00cdSTICA CON PC<\/p>\n<p>(15_TAH) INTRODUCCI\u00d3N AL \u00c1LGEBRA HOMOL\u00d3GICA<\/p>\n<p>(15_T97) INTRODUCCION A LAS VARIEDADES DIFERENCIABLES<\/p>\n<p>(15_TLM) MATEMATICA IV -MATEMATICA APLICADA A LA QU\u00cdMICA<\/p>\n<p>(15_T80) ESTRUCTURAS ALGEBRAICAS (GRUPOS)(15_TRL) REGRESI\u00d3N LINEAL<\/p>\n<p>(15_T62) REGRESI\u00d3N NO PARAM\u00c9TRICA<\/p>\n<p>(15_T79) SISTEMAS DIN\u00c1MICOS DISCRETOS<\/p>\n<p>(15_T77) SISTEMAS DIN\u00c1MICOS NO LINEALES<\/p>\n<p>(15_T63) TEOR\u00cdA DE PROBABILIDADES Y PROCESOS ESTOC\u00c1STICOS<\/p>\n<p>(15_TSA) TEOR\u00cdA DE SPLINES Y APROXIMACI\u00d3N<\/p>\n<p>(15_TAL) T\u00d3PICOS DE \u00c1LGEBRA DE LIE CON MAPLE<\/p>\n<p>(15_T75) TOPICOS DE TOPOLOG\u00cdA GENERAL Y ALGEBRAICA<\/p>\n","protected":false},"excerpt":{"rendered":"<p>15_T81) ALGEBRA LINEAL APLICADA Y MANEJO DE DATOS (15_T96) ALGEBRA LINEAL AVANZADA (15_T95) ALGEBRA TENSORIAL (15_TTL) \u00c1LGEBRA TENSORIAL, CON USO DE LA COMPUTADORA (15_ALG) ALGORITMIA\u00a0 \u00a0Profesora: Mg. Lic.\u00a0Griselda\u00a0Mar\u00eda\u00a0Luccioni (15_T61) ALGORITMOS Y ESTRUCTURA DE DATOS (15_TT8) C\u00c1LCULO V (15_T60) COMPUTACI\u00d3N II (15_LES) ESTAD\u00cdSTICA (15_T64) ESTADISTICA APLICADA (15_TEM) ESTAD\u00cdSTICA MATEM\u00c1TICA (15_T65) ESTRUCTURAS ALGEBRAICAS (15_TIE) INFERENCIA ESTAD\u00cdSTICA (15_TPA) [&hellip;]<\/p>\n","protected":false},"author":123496,"featured_media":0,"parent":0,"menu_order":0,"comment_status":"closed","ping_status":"closed","template":"","meta":[],"_links":{"self":[{"href":"https:\/\/www.facet.unt.edu.ar\/licenciaturamatematica\/wp-json\/wp\/v2\/pages\/153"}],"collection":[{"href":"https:\/\/www.facet.unt.edu.ar\/licenciaturamatematica\/wp-json\/wp\/v2\/pages"}],"about":[{"href":"https:\/\/www.facet.unt.edu.ar\/licenciaturamatematica\/wp-json\/wp\/v2\/types\/page"}],"author":[{"embeddable":true,"href":"https:\/\/www.facet.unt.edu.ar\/licenciaturamatematica\/wp-json\/wp\/v2\/users\/123496"}],"replies":[{"embeddable":true,"href":"https:\/\/www.facet.unt.edu.ar\/licenciaturamatematica\/wp-json\/wp\/v2\/comments?post=153"}],"version-history":[{"count":7,"href":"https:\/\/www.facet.unt.edu.ar\/licenciaturamatematica\/wp-json\/wp\/v2\/pages\/153\/revisions"}],"predecessor-version":[{"id":306,"href":"https:\/\/www.facet.unt.edu.ar\/licenciaturamatematica\/wp-json\/wp\/v2\/pages\/153\/revisions\/306"}],"wp:attachment":[{"href":"https:\/\/www.facet.unt.edu.ar\/licenciaturamatematica\/wp-json\/wp\/v2\/media?parent=153"}],"curies":[{"name":"wp","href":"https:\/\/api.w.org\/{rel}","templated":true}]}}