{"id":401,"date":"2025-04-07T23:18:54","date_gmt":"2025-04-08T02:18:54","guid":{"rendered":"https:\/\/www.facet.unt.edu.ar\/licenciaturamatematica\/?page_id=401"},"modified":"2025-04-15T20:38:16","modified_gmt":"2025-04-15T23:38:16","slug":"seminarios-2025","status":"publish","type":"page","link":"https:\/\/www.facet.unt.edu.ar\/licenciaturamatematica\/seminarios-2025\/","title":{"rendered":"Seminarios 2025"},"content":{"rendered":"<div id=\"pl-401\"  class=\"panel-layout\" ><div id=\"pg-401-0\"  class=\"panel-grid panel-no-style\" ><div id=\"pgc-401-0-0\"  class=\"panel-grid-cell\" ><div id=\"panel-401-0-0-0\" class=\"so-panel widget widget_siteorigin-panels-postloop panel-first-child panel-last-child\" data-index=\"0\" >\n\t\t\n\t\t\n<article id=\"post-532\" class=\"post-532 post type-post status-publish format-standard hentry category-9 category-seminario category-uncategorized\">\n\n\t\n\t<div class=\"entry-main\">\n\n\t\t\n\t\t<header class=\"entry-header\">\n\t\t\t\n\t\t\t<h1 class=\"entry-title\"><a href=\"https:\/\/www.facet.unt.edu.ar\/licenciaturamatematica\/2025\/06\/25\/seminario-jugando-con-riesgo-las-cadenas-de-markov-y-la-ruina-del-jugador\/\" title=\"Enlace permanente a Seminario:  &#8220;Jugando con riesgo. Las cadenas de Markov y la ruina del jugador.&#8221;\" rel=\"bookmark\">Seminario:  &#8220;Jugando con riesgo. Las cadenas de Markov y la ruina del jugador.&#8221;<\/a><\/h1>\n\n\t\t\t\t\t\t\t<div class=\"entry-meta\">\n\t\t\t\t\tPublicado el <a href=\"https:\/\/www.facet.unt.edu.ar\/licenciaturamatematica\/2025\/06\/25\/seminario-jugando-con-riesgo-las-cadenas-de-markov-y-la-ruina-del-jugador\/\" title=\"15:47\" rel=\"bookmark\"><time class=\"entry-date\" datetime=\"2025-06-25T15:47:51-03:00\">25 junio, 2025<\/time><\/a><time class=\"updated\" datetime=\"2025-06-25T15:47:52-03:00\">25 junio, 2025<\/time> <span class=\"byline\"> por <span class=\"author vcard\"><a class=\"url fn n\" href=\"https:\/\/www.facet.unt.edu.ar\/licenciaturamatematica\/author\/nbarguelles\/\" title=\"Ver todos los art\u00edculos de nbarguelles\" rel=\"author\">nbarguelles<\/a><\/span><\/span> \t\t\t\t<\/div><!-- .entry-meta -->\n\t\t\t\n\t\t<\/header><!-- .entry-header -->\n\n\t\t\t\t\t<div class=\"entry-content\">\n\t\t\t\t<div id=\"pl-532\"  class=\"panel-layout\" ><div id=\"pg-532-0\"  class=\"panel-grid panel-no-style\" ><div id=\"pgc-532-0-0\"  class=\"panel-grid-cell\" ><div id=\"panel-532-0-0-0\" class=\"so-panel widget widget_sow-slider panel-first-child panel-last-child\" data-index=\"0\" ><div\n\t\t\t\n\t\t\tclass=\"so-widget-sow-slider so-widget-sow-slider-default-53fd0f98de19-532\"\n\t\t\t\n\t\t><div class=\"sow-slider-base\" style=\"display: none\"><ul\n\t\t\t\t\tclass=\"sow-slider-images\"\n\t\t\t\t\tdata-settings=\"{&quot;pagination&quot;:true,&quot;speed&quot;:800,&quot;timeout&quot;:8000,&quot;paused&quot;:false,&quot;pause_on_hover&quot;:false,&quot;swipe&quot;:true,&quot;nav_always_show_desktop&quot;:&quot;&quot;,&quot;nav_always_show_mobile&quot;:&quot;&quot;,&quot;breakpoint&quot;:&quot;780px&quot;,&quot;unmute&quot;:false,&quot;anchor&quot;:null}\"\n\t\t\t\t\t\t\t\t\t\tdata-anchor-id=\"\"\n\t\t\t\t>\t\t<li class=\"sow-slider-image\" style=\"visibility: visible;\" >\n\t\t\t\t\t\t<div class=\"sow-slider-image-container\">\n\t\t\t\t<div class=\"sow-slider-image-wrapper\" style=\"max-width: 1080px\">\n\t\t\t\t\t\t\t\t\t\t<div class=\"sow-slider-image-foreground-wrapper\">\n\t\t\t\t\t\t<img width=\"1080\" height=\"1080\" src=\"https:\/\/www.facet.unt.edu.ar\/licenciaturamatematica\/wp-content\/uploads\/sites\/88\/2025\/06\/Seminario-Nahuel.png\" class=\"sow-slider-foreground-image skip-lazy\" alt=\"\" decoding=\"async\" loading=\"eager\" style=\"\" \/>\t\t\t\t\t<\/div>\n\t\t\t\t\t\t\t\t\t<\/div>\n\t\t\t<\/div>\n\t\t\t\t\t<\/li>\n\t\t<\/ul>\t\t\t\t<ol class=\"sow-slider-pagination\">\n\t\t\t\t\t\t\t\t\t\t\t<li><a href=\"#\" data-goto=\"0\" aria-label=\"mostrar diapositiva 1\"><\/a><\/li>\n\t\t\t\t\t\t\t\t\t<\/ol>\n\n\t\t\t\t<div class=\"sow-slide-nav sow-slide-nav-next\">\n\t\t\t\t\t<a href=\"#\" data-goto=\"next\" aria-label=\"diapositiva siguiente\" data-action=\"next\">\n\t\t\t\t\t\t<em class=\"sow-sld-icon-thin-right\"><\/em>\n\t\t\t\t\t<\/a>\n\t\t\t\t<\/div>\n\n\t\t\t\t<div class=\"sow-slide-nav sow-slide-nav-prev\">\n\t\t\t\t\t<a href=\"#\" data-goto=\"previous\" aria-label=\"diapositiva anterior\" data-action=\"prev\">\n\t\t\t\t\t\t<em class=\"sow-sld-icon-thin-left\"><\/em>\n\t\t\t\t\t<\/a>\n\t\t\t\t<\/div>\n\t\t\t\t<\/div><\/div><\/div><\/div><div id=\"pgc-532-0-1\"  class=\"panel-grid-cell\" ><div id=\"panel-532-0-1-0\" class=\"so-panel widget widget_text panel-first-child panel-last-child\" data-index=\"1\" >\t\t\t<div class=\"textwidget\"><p>Los invitamos al seminario de la Licenciatura en Matem\u00e1tica titulado <strong>&#8221; Jugando con riesgo. Las cadenas de Markov y la ruina del jugador.&#8221;<\/strong> Se llevar\u00e1 a cabo el d\u00eda viernes 27 de junio a las 12:00 hs en el Aula 2-4-7 de nuestra facultad. Estar\u00e1 a cargo de Nahuel Fern\u00e1ndez alumno de la carrera Licenciatura en Matem\u00e1tica (FACET).<\/p>\n<p><strong>Resumen:<\/strong> <span class=\"OYPEnA font-feature-liga-off font-feature-clig-off font-feature-calt-off text-decoration-none text-strikethrough-none\">Este trabajo introduce el concepto de cadenas de M\u00e1rkov como una herramienta matem\u00e1tica para modelar procesos estoc\u00e1sticos donde el estado futuro depende \u00fanicamente del estado presente y no del historial completo.\u00a0<\/span><span class=\"OYPEnA font-feature-liga-off font-feature-clig-off font-feature-calt-off text-decoration-none text-strikethrough-none\">Se desarrollan conceptos fundamentales como &#8220;proceso estoc\u00e1stico&#8221; y &#8220;matriz estoc\u00e1stica&#8221;, transiciones, estados absorbentes y peri\u00f3dicos. Las cadenas de M\u00e1rkov se presentan as\u00ed como una herramienta para analizar sistemas estoc\u00e1sticos de naturaleza discreta.<\/span><\/p>\n<p class=\"cvGsUA direction-ltr align-start para-style-body\"><span class=\"OYPEnA font-feature-liga-off font-feature-clig-off font-feature-calt-off text-decoration-none text-strikethrough-none\">Como aplicaci\u00f3n principal, se desarrolla el cl\u00e1sico problema de la ruina del jugador, en el cual un apostador participa en una serie de apuestas con una probabilidad fija de ganar o perder en cada jugada. Se modela este proceso como una cadena de M\u00e1rkov con estados absorbentes, permitiendo calcular la probabilidad de ruina en funci\u00f3n del capital inicial y las probabilidades de \u00e9xito y fracaso. A trav\u00e9s de ejemplos y simulaciones, se analiza c\u00f3mo las condiciones iniciales afectan el destino del jugador, ofreciendo una visi\u00f3n clara de c\u00f3mo el azar y la estructura del modelo determinan los resultados posibles.<\/span><\/p>\n<\/div>\n\t\t<\/div><\/div><\/div><\/div>\t\t\t\t\t\t\t\t\t\t\t\t\t\t\t<\/div><!-- .entry-content -->\n\t\t\n\t\t\n\t<\/div>\n\n<\/article><!-- #post-532 -->\n\n\t\n\t\t\n<article id=\"post-407\" class=\"post-407 post type-post status-publish format-standard hentry category-9 category-seminario\">\n\n\t\n\t<div class=\"entry-main\">\n\n\t\t\n\t\t<header class=\"entry-header\">\n\t\t\t\n\t\t\t<h1 class=\"entry-title\"><a href=\"https:\/\/www.facet.unt.edu.ar\/licenciaturamatematica\/2025\/04\/07\/seminario-taller-la-insercion-profesional-herramientas-para-armar-tu-cv-y-potenciar-tu-perfil\/\" title=\"Enlace permanente a Seminario Taller &#8220;LA INSERCI\u00d3N PROFESIONAL: HERRAMIENTAS PARA ARMAR TU CV Y POTENCIAR TU PERFIL\u201d\" rel=\"bookmark\">Seminario Taller &#8220;LA INSERCI\u00d3N PROFESIONAL: HERRAMIENTAS PARA ARMAR TU CV Y POTENCIAR TU PERFIL\u201d<\/a><\/h1>\n\n\t\t\t\t\t\t\t<div class=\"entry-meta\">\n\t\t\t\t\tPublicado el <a href=\"https:\/\/www.facet.unt.edu.ar\/licenciaturamatematica\/2025\/04\/07\/seminario-taller-la-insercion-profesional-herramientas-para-armar-tu-cv-y-potenciar-tu-perfil\/\" title=\"23:17\" rel=\"bookmark\"><time class=\"entry-date\" datetime=\"2025-04-07T23:17:43-03:00\">7 abril, 2025<\/time><\/a><time class=\"updated\" datetime=\"2025-04-07T23:17:54-03:00\">7 abril, 2025<\/time> <span class=\"byline\"> por <span class=\"author vcard\"><a class=\"url fn n\" href=\"https:\/\/www.facet.unt.edu.ar\/licenciaturamatematica\/author\/nbarguelles\/\" title=\"Ver todos los art\u00edculos de nbarguelles\" rel=\"author\">nbarguelles<\/a><\/span><\/span> \t\t\t\t<\/div><!-- .entry-meta -->\n\t\t\t\n\t\t<\/header><!-- .entry-header -->\n\n\t\t\t\t\t<div class=\"entry-content\">\n\t\t\t\t<div id=\"pl-407\"  class=\"panel-layout\" ><div id=\"pg-407-0\"  class=\"panel-grid panel-no-style\" ><div id=\"pgc-407-0-0\"  class=\"panel-grid-cell\" ><div id=\"panel-407-0-0-0\" class=\"so-panel widget widget_sow-slider panel-first-child panel-last-child\" data-index=\"0\" ><div\n\t\t\t\n\t\t\tclass=\"so-widget-sow-slider so-widget-sow-slider-default-53fd0f98de19-407\"\n\t\t\t\n\t\t><div class=\"sow-slider-base\" style=\"display: none\"><ul\n\t\t\t\t\tclass=\"sow-slider-images\"\n\t\t\t\t\tdata-settings=\"{&quot;pagination&quot;:true,&quot;speed&quot;:800,&quot;timeout&quot;:8000,&quot;paused&quot;:false,&quot;pause_on_hover&quot;:false,&quot;swipe&quot;:true,&quot;nav_always_show_desktop&quot;:&quot;&quot;,&quot;nav_always_show_mobile&quot;:&quot;&quot;,&quot;breakpoint&quot;:&quot;780px&quot;,&quot;unmute&quot;:false,&quot;anchor&quot;:null}\"\n\t\t\t\t\t\t\t\t\t\tdata-anchor-id=\"\"\n\t\t\t\t>\t\t<li class=\"sow-slider-image\" style=\"visibility: visible;\" >\n\t\t\t\t\t\t<div class=\"sow-slider-image-container\">\n\t\t\t\t<div class=\"sow-slider-image-wrapper\" style=\"max-width: 1080px\">\n\t\t\t\t\t\t\t\t\t\t<div class=\"sow-slider-image-foreground-wrapper\">\n\t\t\t\t\t\t<img width=\"1080\" height=\"1080\" src=\"https:\/\/www.facet.unt.edu.ar\/licenciaturamatematica\/wp-content\/uploads\/sites\/88\/2025\/04\/1_7.png\" class=\"sow-slider-foreground-image skip-lazy\" alt=\"\" decoding=\"async\" loading=\"eager\" style=\"\" \/>\t\t\t\t\t<\/div>\n\t\t\t\t\t\t\t\t\t<\/div>\n\t\t\t<\/div>\n\t\t\t\t\t<\/li>\n\t\t\t\t<li class=\"sow-slider-image\" style=\"visibility: hidden;\" >\n\t\t\t\t\t\t<div class=\"sow-slider-image-container\">\n\t\t\t\t<div class=\"sow-slider-image-wrapper\" style=\"max-width: 1080px\">\n\t\t\t\t\t\t\t\t\t\t<div class=\"sow-slider-image-foreground-wrapper\">\n\t\t\t\t\t\t<img width=\"1080\" height=\"1080\" src=\"https:\/\/www.facet.unt.edu.ar\/licenciaturamatematica\/wp-content\/uploads\/sites\/88\/2025\/04\/2_8.png\" class=\"sow-slider-foreground-image skip-lazy\" alt=\"\" decoding=\"async\" loading=\"eager\" style=\"\" \/>\t\t\t\t\t<\/div>\n\t\t\t\t\t\t\t\t\t<\/div>\n\t\t\t<\/div>\n\t\t\t\t\t<\/li>\n\t\t<\/ul>\t\t\t\t<ol class=\"sow-slider-pagination\">\n\t\t\t\t\t\t\t\t\t\t\t<li><a href=\"#\" data-goto=\"0\" aria-label=\"mostrar diapositiva 1\"><\/a><\/li>\n\t\t\t\t\t\t\t\t\t\t\t<li><a href=\"#\" data-goto=\"1\" aria-label=\"mostrar diapositiva 2\"><\/a><\/li>\n\t\t\t\t\t\t\t\t\t<\/ol>\n\n\t\t\t\t<div class=\"sow-slide-nav sow-slide-nav-next\">\n\t\t\t\t\t<a href=\"#\" data-goto=\"next\" aria-label=\"diapositiva siguiente\" data-action=\"next\">\n\t\t\t\t\t\t<em class=\"sow-sld-icon-thin-right\"><\/em>\n\t\t\t\t\t<\/a>\n\t\t\t\t<\/div>\n\n\t\t\t\t<div class=\"sow-slide-nav sow-slide-nav-prev\">\n\t\t\t\t\t<a href=\"#\" data-goto=\"previous\" aria-label=\"diapositiva anterior\" data-action=\"prev\">\n\t\t\t\t\t\t<em class=\"sow-sld-icon-thin-left\"><\/em>\n\t\t\t\t\t<\/a>\n\t\t\t\t<\/div>\n\t\t\t\t<\/div><\/div><\/div><\/div><div id=\"pgc-407-0-1\"  class=\"panel-grid-cell\" ><div id=\"panel-407-0-1-0\" class=\"so-panel widget widget_text panel-first-child panel-last-child\" data-index=\"1\" >\t\t\t<div class=\"textwidget\"><p>Se llev\u00f3 a cabo el primer seminario de la Licenciatura en Matem\u00e1tica del ciclo 2025. Tuvo lugar el d\u00eda viernes 4 de abril en el Laboratorio A ubicado en el primer piso del Block 3 de nuestra facultad. Este primer encuentro consisti\u00f3 de un taller destinado al armado de CV para el ambiente acad\u00e9mico (teniendo en cuenta que comenz\u00f3 el llamado para ayudant\u00edas estudiantiles).<\/p>\n<p>El seminario estuvo a cargo de la Psic\u00f3loga Ver\u00f3nica Lobos, la Profesora Florencia Arga\u00f1araz y el equipo de Tutores Estudiantiles de la facultad. Para m\u00e1s informaci\u00f3n sobre el taller se pueden comunicar con tutor\u00eda a trav\u00e9s del mail <span class=\"C9DxTc \">\u00a0<\/span><a class=\"XqQF9c\" href=\"mailto:tutoriaestudiantilfacet@herrera.unt.edu.ar\" target=\"_blank\" rel=\"noopener\"><span class=\"C9DxTc aw5Odc \">tutoriaestudiantilfacet@herrera.unt.edu.ar<\/span><\/a><\/p>\n<\/div>\n\t\t<\/div><\/div><\/div><\/div>\t\t\t\t\t\t\t\t\t\t\t\t\t\t\t<\/div><!-- .entry-content -->\n\t\t\n\t\t\n\t<\/div>\n\n<\/article><!-- #post-407 -->\n\n\t\n\t\n<\/div><\/div><\/div><\/div>","protected":false},"excerpt":{"rendered":"<p>Se llev\u00f3 a cabo el primer seminario de la Licenciatura en Matem\u00e1tica del ciclo 2025. Tuvo lugar el d\u00eda viernes 4 de abril en el Laboratorio A ubicado en el primer piso del Block 3 de nuestra facultad. Este primer encuentro consisti\u00f3 de un taller destinado al armado de CV para el ambiente acad\u00e9mico (teniendo [&hellip;]<\/p>\n","protected":false},"author":123524,"featured_media":0,"parent":0,"menu_order":0,"comment_status":"closed","ping_status":"closed","template":"","meta":[],"_links":{"self":[{"href":"https:\/\/www.facet.unt.edu.ar\/licenciaturamatematica\/wp-json\/wp\/v2\/pages\/401"}],"collection":[{"href":"https:\/\/www.facet.unt.edu.ar\/licenciaturamatematica\/wp-json\/wp\/v2\/pages"}],"about":[{"href":"https:\/\/www.facet.unt.edu.ar\/licenciaturamatematica\/wp-json\/wp\/v2\/types\/page"}],"author":[{"embeddable":true,"href":"https:\/\/www.facet.unt.edu.ar\/licenciaturamatematica\/wp-json\/wp\/v2\/users\/123524"}],"replies":[{"embeddable":true,"href":"https:\/\/www.facet.unt.edu.ar\/licenciaturamatematica\/wp-json\/wp\/v2\/comments?post=401"}],"version-history":[{"count":7,"href":"https:\/\/www.facet.unt.edu.ar\/licenciaturamatematica\/wp-json\/wp\/v2\/pages\/401\/revisions"}],"predecessor-version":[{"id":463,"href":"https:\/\/www.facet.unt.edu.ar\/licenciaturamatematica\/wp-json\/wp\/v2\/pages\/401\/revisions\/463"}],"wp:attachment":[{"href":"https:\/\/www.facet.unt.edu.ar\/licenciaturamatematica\/wp-json\/wp\/v2\/media?parent=401"}],"curies":[{"name":"wp","href":"https:\/\/api.w.org\/{rel}","templated":true}]}}