{"id":128,"date":"2014-06-12T17:13:10","date_gmt":"2014-06-12T20:13:10","guid":{"rendered":"https:\/\/www.facet.unt.edu.ar\/licinformatica\/?page_id=128"},"modified":"2014-06-12T17:13:10","modified_gmt":"2014-06-12T20:13:10","slug":"vision","status":"publish","type":"page","link":"https:\/\/www.facet.unt.edu.ar\/licinformatica\/vision\/","title":{"rendered":"Visi\u00f3n"},"content":{"rendered":"<p>La Universidad Nacional de Tucum\u00e1n asume como tarea indelegable el proveer la formaci\u00f3n necesaria en todas las disciplinas intentando ser un referente en la Regi\u00f3n Noroeste del Pa\u00eds. Dados los vertiginosos avances de las disciplinas de Inform\u00e1tica y Computaci\u00f3n en el mundo se crea la carrera de Licenciatura en Inform\u00e1tica prepar\u00e1ndose para enfrentar los desaf\u00edos y oportunidades que estos cambios implican para la Sociedad.<\/p>\n<p>La visi\u00f3n de la Carrera Licenciatura en Inform\u00e1tica, es convertirse en una carrera l\u00edder en el NOA en la formaci\u00f3n de profesionales comprometidos con la sociedad. En ese sentido, se proyecta como un conjunto de conocimientos, t\u00e9cnicas, procedimientos y metodolog\u00edas; de modo tal de fomentar la investigaci\u00f3n cient\u00edfico-tecnol\u00f3gica, desarrollar habilidades que posibiliten la aplicaci\u00f3n de la inform\u00e1tica al servicio de otras \u00e1reas del conocimiento, profesiones y de nuestra realidad nacional, provincial y de intercambio institucional.<\/p>\n","protected":false},"excerpt":{"rendered":"<p>La Universidad Nacional de Tucum\u00e1n asume como tarea indelegable el proveer la formaci\u00f3n necesaria en todas las disciplinas intentando ser un referente en la Regi\u00f3n Noroeste del Pa\u00eds. Dados los vertiginosos avances de las disciplinas de Inform\u00e1tica y Computaci\u00f3n en el mundo se crea la carrera de Licenciatura en Inform\u00e1tica prepar\u00e1ndose para enfrentar los desaf\u00edos [&hellip;]<\/p>\n","protected":false},"author":14,"featured_media":0,"parent":0,"menu_order":0,"comment_status":"closed","ping_status":"closed","template":"","meta":[],"_links":{"self":[{"href":"https:\/\/www.facet.unt.edu.ar\/licinformatica\/wp-json\/wp\/v2\/pages\/128"}],"collection":[{"href":"https:\/\/www.facet.unt.edu.ar\/licinformatica\/wp-json\/wp\/v2\/pages"}],"about":[{"href":"https:\/\/www.facet.unt.edu.ar\/licinformatica\/wp-json\/wp\/v2\/types\/page"}],"author":[{"embeddable":true,"href":"https:\/\/www.facet.unt.edu.ar\/licinformatica\/wp-json\/wp\/v2\/users\/14"}],"replies":[{"embeddable":true,"href":"https:\/\/www.facet.unt.edu.ar\/licinformatica\/wp-json\/wp\/v2\/comments?post=128"}],"version-history":[{"count":1,"href":"https:\/\/www.facet.unt.edu.ar\/licinformatica\/wp-json\/wp\/v2\/pages\/128\/revisions"}],"predecessor-version":[{"id":129,"href":"https:\/\/www.facet.unt.edu.ar\/licinformatica\/wp-json\/wp\/v2\/pages\/128\/revisions\/129"}],"wp:attachment":[{"href":"https:\/\/www.facet.unt.edu.ar\/licinformatica\/wp-json\/wp\/v2\/media?parent=128"}],"curies":[{"name":"wp","href":"https:\/\/api.w.org\/{rel}","templated":true}]}}